{"id":29584,"date":"2026-04-17T00:16:10","date_gmt":"2026-04-17T00:16:10","guid":{"rendered":"https:\/\/singuli.wpress.me\/index.php\/proizvod\/revlon-multistyler-uredaj-za-susenje-i-oblikovanje\/"},"modified":"2026-04-20T12:32:59","modified_gmt":"2026-04-20T12:32:59","slug":"revlon-multistyler-uredaj-za-susenje-i-oblikovanje","status":"publish","type":"product","link":"https:\/\/singuli.wpress.me\/index.php\/proizvod\/revlon-multistyler-uredaj-za-susenje-i-oblikovanje\/","title":{"rendered":"REVLON Multistyler, ure\u0111aj za su\u0161enje i oblikovanje"},"content":{"rendered":"<p><span style=\"font-weight: bold\">Su\u0161enje, kovr\u010danje i oblikovanje u jednom koraku<\/span><br \/>\nUz pomo\u0107 novog One-Step Blow-Dry Multi Styler, koji dolazi iz iste obitelji kao i popularni One-Step Volumiser, mo\u017eete posti\u0107i frizure kakve biste dobili u salonu, a to sve u pola vremena. Ovaj Multi Styler dolazi s 3 razli\u010dita nastavka i osmi\u0161ljen je za maksimalnu fleksibilnost, omogu\u0107avaju\u0107i vam da stvorite elegantne frizure, bilo da su u pitanju kovr\u010de ili feniranje, a sve to u samo jednom koraku. Zahvaljuju\u0107i 50% manjoj izlo\u017eenosti toplini, Multi Styler nje\u017eno tretira va\u0161u kosu dok je su\u0161i, uvija i oblikuje bez izlaganja ekstremnoj toplini, rezultiraju\u0107i sjajnim i zdravim frizurama u rekordnom vremenu.<\/p>\n<p><span style=\"font-weight: bold\">3 funkcije u 1 ure\u0111aju<\/span><br \/>\n\u2022 Jedinstveni \u010de\u0161alj s koncentratorom za su\u0161enje i pripremu prije oblikovanja<br \/>\n\u2022 64-mm jedinstvena ovalna \u010detka za zagla\u0111ivanje kose i podizanje kod korijena<br \/>\n\u2022 32-mm valjak za kovr\u010danje s 360\u00b0 protokom zraka za prekrasne labave kovr\u010de<\/p>\n<p><span style=\"font-weight: bold\">Tehnologija One-Step<\/span><br \/>\n\u2022 Osu\u0161ite kosu i oblikujte frizuru u upola manje vremena &#8211; za \u010de\u0161\u0107e oblikovanje s manje o\u0161te\u0107enja<br \/>\n\u2022 \u0160irok raspon frizura &#8211; oblikujte najrazli\u010ditije frizure za sve tipove i duljine kose<br \/>\n\u2022 Kerami\u010dki turmalinski ionski premaz &#8211; zagla\u0111uje kosu i smanjuje stati\u010dki elektricitet<br \/>\n\u2022 Elegantna dr\u0161ka za pouzdano dr\u017eanje i kontrolu<br \/>\n\u2022 4 postavke topline za prilago\u0111avanje temperature<\/p>\n<p><span style=\"font-weight: bold\">Ostale zna\u010dajke:<\/span><br \/>\n\u2022 Ergonomska dr\u0161ka<br \/>\n\u2022 Lagan <br \/>\n\u2022 Hladni vrh na valjku za kovr\u010danje i \u010detki<\/p>\n","protected":false},"excerpt":{"rendered":"<p>Su\u0161enje, kovr\u010danje i oblikovanje u jednom koraku<br \/>\n3 razli\u010dita nastavka<br \/>\nTehnologija One-Step<\/p>\n","protected":false},"featured_media":29585,"template":"","meta":{"_seopress_robots_primary_cat":"","_seopress_titles_title":"","_seopress_titles_desc":"","_seopress_robots_index":"","iawp_total_views":0},"product_brand":[155],"product_cat":[322,268,321],"product_tag":[],"class_list":{"0":"post-29584","1":"product","2":"type-product","3":"status-publish","4":"has-post-thumbnail","6":"product_brand-revlon","7":"product_cat-cetke-za-kosu-321","8":"product_cat-kozmetika-2","9":"product_cat-njega-za-zene-268","11":"first","12":"instock","13":"shipping-taxable","14":"purchasable","15":"product-type-simple"},"_links":{"self":[{"href":"https:\/\/singuli.wpress.me\/index.php\/wp-json\/wp\/v2\/product\/29584","targetHints":{"allow":["GET"]}}],"collection":[{"href":"https:\/\/singuli.wpress.me\/index.php\/wp-json\/wp\/v2\/product"}],"about":[{"href":"https:\/\/singuli.wpress.me\/index.php\/wp-json\/wp\/v2\/types\/product"}],"version-history":[{"count":0,"href":"https:\/\/singuli.wpress.me\/index.php\/wp-json\/wp\/v2\/product\/29584\/revisions"}],"wp:featuredmedia":[{"embeddable":true,"href":"https:\/\/singuli.wpress.me\/index.php\/wp-json\/wp\/v2\/media\/29585"}],"wp:attachment":[{"href":"https:\/\/singuli.wpress.me\/index.php\/wp-json\/wp\/v2\/media?parent=29584"}],"wp:term":[{"taxonomy":"product_brand","embeddable":true,"href":"https:\/\/singuli.wpress.me\/index.php\/wp-json\/wp\/v2\/product_brand?post=29584"},{"taxonomy":"product_cat","embeddable":true,"href":"https:\/\/singuli.wpress.me\/index.php\/wp-json\/wp\/v2\/product_cat?post=29584"},{"taxonomy":"product_tag","embeddable":true,"href":"https:\/\/singuli.wpress.me\/index.php\/wp-json\/wp\/v2\/product_tag?post=29584"}],"curies":[{"name":"wp","href":"https:\/\/api.w.org\/{rel}","templated":true}]}}