{"id":29606,"date":"2026-04-17T00:16:33","date_gmt":"2026-04-17T00:16:33","guid":{"rendered":"https:\/\/singuli.wpress.me\/index.php\/proizvod\/di-5-sekundi-drustvena-igra\/"},"modified":"2026-04-20T12:32:59","modified_gmt":"2026-04-20T12:32:59","slug":"di-5-sekundi-drustvena-igra","status":"publish","type":"product","link":"https:\/\/singuli.wpress.me\/index.php\/proizvod\/di-5-sekundi-drustvena-igra\/","title":{"rendered":"DI 5 sekundi, dru\u0161tvena igra"},"content":{"rendered":"<p>Trebalo bi biti lako nabrojati 3 pasmine pasa, ALI, mo\u017ee\u0161 li to napraviti kada ti mjera\u010d vremena odbrojava 5 sekundi, a suparnici &#8220;bulje&#8221; u tebe i \u010dekaju da se iznervira\u0161? <\/p>\n<p>Vrijeme ovdje nije na tvojoj strani, zato brzo misli i jo\u0161 br\u017ee reci \u0161to ti je na umu, riskiraju\u0107i da \u0107e\u0161 dati urnebesno smije\u0161an odgovor, u toj borbi s vremenom!<\/p>\n<p><span style=\"font-weight: bold;color: #4472C4\">Igra za o\u0161tre umove i brze jezike!<\/span><span style=\"color: #4472C4\"><\/p>\n<p>Igra je namijenjena za<\/span><span style=\"font-weight: bold;color: #4472C4\"> 3 i vi\u0161e igra\u010da<\/span><span style=\"color: #4472C4\">. <\/p>\n<p>Dob: <\/span><span style=\"font-weight: bold;color: #4472C4\">10+<\/span><\/p>\n","protected":false},"excerpt":{"rendered":"<p>Igra za o\u0161tre umove i brze jezike<br \/>\nIgra je namijenjena za 3 ili vi\u0161e igra\u010da<br \/>\nDob: 10+ god<\/p>\n","protected":false},"featured_media":29607,"template":"","meta":{"_seopress_robots_primary_cat":"","_seopress_titles_title":"","_seopress_titles_desc":"","_seopress_robots_index":"","iawp_total_views":0},"product_brand":[332],"product_cat":[290,221],"product_tag":[],"class_list":{"0":"post-29606","1":"product","2":"type-product","3":"status-publish","4":"has-post-thumbnail","6":"product_brand-di","7":"product_cat-drustvene-igre-221","8":"product_cat-igracke","10":"first","11":"outofstock","12":"shipping-taxable","13":"purchasable","14":"product-type-simple"},"_links":{"self":[{"href":"https:\/\/singuli.wpress.me\/index.php\/wp-json\/wp\/v2\/product\/29606","targetHints":{"allow":["GET"]}}],"collection":[{"href":"https:\/\/singuli.wpress.me\/index.php\/wp-json\/wp\/v2\/product"}],"about":[{"href":"https:\/\/singuli.wpress.me\/index.php\/wp-json\/wp\/v2\/types\/product"}],"version-history":[{"count":0,"href":"https:\/\/singuli.wpress.me\/index.php\/wp-json\/wp\/v2\/product\/29606\/revisions"}],"wp:featuredmedia":[{"embeddable":true,"href":"https:\/\/singuli.wpress.me\/index.php\/wp-json\/wp\/v2\/media\/29607"}],"wp:attachment":[{"href":"https:\/\/singuli.wpress.me\/index.php\/wp-json\/wp\/v2\/media?parent=29606"}],"wp:term":[{"taxonomy":"product_brand","embeddable":true,"href":"https:\/\/singuli.wpress.me\/index.php\/wp-json\/wp\/v2\/product_brand?post=29606"},{"taxonomy":"product_cat","embeddable":true,"href":"https:\/\/singuli.wpress.me\/index.php\/wp-json\/wp\/v2\/product_cat?post=29606"},{"taxonomy":"product_tag","embeddable":true,"href":"https:\/\/singuli.wpress.me\/index.php\/wp-json\/wp\/v2\/product_tag?post=29606"}],"curies":[{"name":"wp","href":"https:\/\/api.w.org\/{rel}","templated":true}]}}