{"id":29616,"date":"2026-04-17T00:16:38","date_gmt":"2026-04-17T00:16:38","guid":{"rendered":"https:\/\/singuli.wpress.me\/index.php\/proizvod\/x-shot-hyper-gel-pistolj-mali\/"},"modified":"2026-04-21T00:26:30","modified_gmt":"2026-04-21T00:26:30","slug":"x-shot-hyper-gel-pistolj-mali","status":"publish","type":"product","link":"https:\/\/singuli.wpress.me\/index.php\/proizvod\/x-shot-hyper-gel-pistolj-mali\/","title":{"rendered":"X-SHOT Hyper Gel, pi\u0161tolj, mali"},"content":{"rendered":"<p>Vrijeme je za pravo uzbu\u0111enje uz X-Shot Hyper Gel! X-Shot Hyper Gel Pi\u0161tolj dolazi s prakti\u010dnim ru\u010dnim mehanizmom za punjenje i mo\u017ee izbaciti Hyper Gel kuglice do 30 m udaljenosti. Spremnik mo\u017ee primiti do 100 kuglica, a kad potro\u0161ite svoje gel kuglice, samo okrenite svoj pi\u0161tolj kako biste ponovno napunili spremnik s \u010dak 400 kuglica. S ovim setom dobivate 5000 Hyper Gel kuglica i za\u0161titne nao\u010dale. Samo dodajte vodu i spremni ste za najuzbudljiviju bitku s Gel Blasterom!<\/p>\n<p>Sadr\u017ei:<br \/>\n1x X-Shot Hyper Gel Pi\u0161tolj<br \/>\n5,000x Hyper Gel Metaka <br \/>\n1x Za\u0161titne nao\u010dale<br \/>\nDob 14+<\/p>\n","protected":false},"excerpt":{"rendered":"<p>Mo\u017ee izbaciti Hyper Gel kuglice do 30 m udaljenosti<br \/>\nSpremnik mo\u017ee primiti do 100 kuglica<br \/>\nDob: 14+ god<\/p>\n","protected":false},"featured_media":29617,"template":"","meta":{"_seopress_robots_primary_cat":"","_seopress_titles_title":"","_seopress_titles_desc":"","_seopress_robots_index":"","iawp_total_views":0},"product_brand":[338],"product_cat":[221,263],"product_tag":[],"class_list":{"0":"post-29616","1":"product","2":"type-product","3":"status-publish","4":"has-post-thumbnail","6":"product_brand-x-shot","7":"product_cat-igracke","8":"product_cat-tematske-igracke-221","10":"first","11":"instock","12":"shipping-taxable","13":"purchasable","14":"product-type-simple"},"_links":{"self":[{"href":"https:\/\/singuli.wpress.me\/index.php\/wp-json\/wp\/v2\/product\/29616","targetHints":{"allow":["GET"]}}],"collection":[{"href":"https:\/\/singuli.wpress.me\/index.php\/wp-json\/wp\/v2\/product"}],"about":[{"href":"https:\/\/singuli.wpress.me\/index.php\/wp-json\/wp\/v2\/types\/product"}],"version-history":[{"count":0,"href":"https:\/\/singuli.wpress.me\/index.php\/wp-json\/wp\/v2\/product\/29616\/revisions"}],"wp:featuredmedia":[{"embeddable":true,"href":"https:\/\/singuli.wpress.me\/index.php\/wp-json\/wp\/v2\/media\/29617"}],"wp:attachment":[{"href":"https:\/\/singuli.wpress.me\/index.php\/wp-json\/wp\/v2\/media?parent=29616"}],"wp:term":[{"taxonomy":"product_brand","embeddable":true,"href":"https:\/\/singuli.wpress.me\/index.php\/wp-json\/wp\/v2\/product_brand?post=29616"},{"taxonomy":"product_cat","embeddable":true,"href":"https:\/\/singuli.wpress.me\/index.php\/wp-json\/wp\/v2\/product_cat?post=29616"},{"taxonomy":"product_tag","embeddable":true,"href":"https:\/\/singuli.wpress.me\/index.php\/wp-json\/wp\/v2\/product_tag?post=29616"}],"curies":[{"name":"wp","href":"https:\/\/api.w.org\/{rel}","templated":true}]}}