{"id":29675,"date":"2026-04-17T00:17:13","date_gmt":"2026-04-17T00:17:13","guid":{"rendered":"https:\/\/singuli.wpress.me\/index.php\/proizvod\/x-shot-skins-pistolj-sa-spuzvastim-mecima-flux\/"},"modified":"2026-04-20T12:32:59","modified_gmt":"2026-04-20T12:32:59","slug":"x-shot-skins-pistolj-sa-spuzvastim-mecima-flux","status":"publish","type":"product","link":"https:\/\/singuli.wpress.me\/index.php\/proizvod\/x-shot-skins-pistolj-sa-spuzvastim-mecima-flux\/","title":{"rendered":"X-SHOT Skins, pi\u0161tolj, sa spu\u017evastim mecima &#8211; Flux"},"content":{"rendered":"<p>Odaberite izgled svog X-Shota! X-Shot Skins je prvi blaster kod kojega sami birate dizajn. X-Shot Skins Flux dolazi u 6 jedinstvenih skinova za odabir i prikupljanje (svaki se prodaje zasebno). Odaberite druga\u010dije, odaberite X-Shot skinove.<\/p>\n<p>X-Shot Skins Flux mo\u017ee uni\u0161titi va\u0161e neprijatelje na udaljenosti do 27 metara i trza se nakon svakog hica.<br \/>\nX-Shot skins uklju\u010duju nove i pobolj\u0161ane strelice tehnologije Air Pocket za dulji, br\u017ei i precizniji pogodak.<br \/>\nSet sadr\u017ei: 1x X-Shot Skins Flux Blaster i 8 pjenastih strelica s tehnologijom Air Pocket.<\/p>\n<p>Dob: 8+ godina<\/p>\n","protected":false},"excerpt":{"rendered":"<p>Pru\u017ea iznimnu preciznost na udaljenosti do 27 m<br \/>\nUklju\u010duju nove i pobolj\u0161ane strelice tehnologije Air Pocket<br \/>\nDob: 8+ god<\/p>\n","protected":false},"featured_media":29676,"template":"","meta":{"_seopress_robots_primary_cat":"","_seopress_titles_title":"","_seopress_titles_desc":"","_seopress_robots_index":"","iawp_total_views":0},"product_brand":[338],"product_cat":[221,263],"product_tag":[],"class_list":{"0":"post-29675","1":"product","2":"type-product","3":"status-publish","4":"has-post-thumbnail","6":"product_brand-x-shot","7":"product_cat-igracke","8":"product_cat-tematske-igracke-221","10":"first","11":"instock","12":"shipping-taxable","13":"purchasable","14":"product-type-simple"},"_links":{"self":[{"href":"https:\/\/singuli.wpress.me\/index.php\/wp-json\/wp\/v2\/product\/29675","targetHints":{"allow":["GET"]}}],"collection":[{"href":"https:\/\/singuli.wpress.me\/index.php\/wp-json\/wp\/v2\/product"}],"about":[{"href":"https:\/\/singuli.wpress.me\/index.php\/wp-json\/wp\/v2\/types\/product"}],"version-history":[{"count":0,"href":"https:\/\/singuli.wpress.me\/index.php\/wp-json\/wp\/v2\/product\/29675\/revisions"}],"wp:featuredmedia":[{"embeddable":true,"href":"https:\/\/singuli.wpress.me\/index.php\/wp-json\/wp\/v2\/media\/29676"}],"wp:attachment":[{"href":"https:\/\/singuli.wpress.me\/index.php\/wp-json\/wp\/v2\/media?parent=29675"}],"wp:term":[{"taxonomy":"product_brand","embeddable":true,"href":"https:\/\/singuli.wpress.me\/index.php\/wp-json\/wp\/v2\/product_brand?post=29675"},{"taxonomy":"product_cat","embeddable":true,"href":"https:\/\/singuli.wpress.me\/index.php\/wp-json\/wp\/v2\/product_cat?post=29675"},{"taxonomy":"product_tag","embeddable":true,"href":"https:\/\/singuli.wpress.me\/index.php\/wp-json\/wp\/v2\/product_tag?post=29675"}],"curies":[{"name":"wp","href":"https:\/\/api.w.org\/{rel}","templated":true}]}}