{"id":29860,"date":"2026-04-17T00:18:56","date_gmt":"2026-04-17T00:18:56","guid":{"rendered":"https:\/\/singuli.wpress.me\/index.php\/proizvod\/iggy-ziggy-didakticki-glazbeni-autobus-s-ksilofonom-za-bebe\/"},"modified":"2026-04-21T00:26:31","modified_gmt":"2026-04-21T00:26:31","slug":"iggy-ziggy-didakticki-glazbeni-autobus-s-ksilofonom-za-bebe","status":"publish","type":"product","link":"https:\/\/singuli.wpress.me\/index.php\/proizvod\/iggy-ziggy-didakticki-glazbeni-autobus-s-ksilofonom-za-bebe\/","title":{"rendered":"IGGY ZIGGY, didakti\u010dki glazbeni autobus, s ksilofonom za bebe"},"content":{"rendered":"<p><span style=\"font-weight: bold;color: #4472C4\">Predstavljamo vam izvanredan Didakti\u010dki Glazbeni Autobus s Ksilofonom &#8211; prava kombinacija \u010darolije i obilja zabave! <\/span><span style=\"color: #4472C4\"><br \/>\nOvaj autobus osvaja svojim \u0161armantnim dizajnom, a nudi i bogat niz funkcija koje \u0107e inspirirati i zabaviti va\u0161eg malog istra\u017eiva\u010da.<br \/>\nNa prednjem dijelu autobusa smjestio se ksilofon koji izvodi prekrasne zvuke svaki put kad ga pritisnete. Tako\u0111er, tu je i okretni broj\u010danik s funkcijom spremanja, dodaju\u0107i dubinu igri. Vrata autobusa se otvaraju za dodatni element stvarnosti u igri.<br \/>\nNo, to nije sve! <br \/>\nOva \u010darobna igra\u010dka sadr\u017ei i udaraljku koja simulira zvuk motora, donose\u0107i jo\u0161 vi\u0161e raznolikosti u igru. <br \/>\nVa\u0161e dijete \u0107e s odu\u0161evljenjem istra\u017eivati svijet ovog \u0161armantnog autobusa dok u\u010di i zabavlja se.<\/p>\n<p><\/span><span style=\"font-weight: bold;color: #4472C4\">Dob: +18mj<\/span><\/p>\n","protected":false},"excerpt":{"rendered":"<p>Nudi i bogat niz funkcija koje \u0107e inspirirati i zabaviti va\u0161eg malog istra\u017eiva\u010da<br \/>\nSimulira zvuk motora<br \/>\nDob: 18+m<\/p>\n","protected":false},"featured_media":29861,"template":"","meta":{"_seopress_robots_primary_cat":"","_seopress_titles_title":"","_seopress_titles_desc":"","_seopress_robots_index":"","iawp_total_views":0},"product_brand":[358],"product_cat":[221,291],"product_tag":[],"class_list":{"0":"post-29860","1":"product","2":"type-product","3":"status-publish","4":"has-post-thumbnail","6":"product_brand-iggy-ziggy","7":"product_cat-igracke","8":"product_cat-igracke-za-djecu-221","10":"first","11":"instock","12":"shipping-taxable","13":"purchasable","14":"product-type-simple"},"_links":{"self":[{"href":"https:\/\/singuli.wpress.me\/index.php\/wp-json\/wp\/v2\/product\/29860","targetHints":{"allow":["GET"]}}],"collection":[{"href":"https:\/\/singuli.wpress.me\/index.php\/wp-json\/wp\/v2\/product"}],"about":[{"href":"https:\/\/singuli.wpress.me\/index.php\/wp-json\/wp\/v2\/types\/product"}],"version-history":[{"count":0,"href":"https:\/\/singuli.wpress.me\/index.php\/wp-json\/wp\/v2\/product\/29860\/revisions"}],"wp:featuredmedia":[{"embeddable":true,"href":"https:\/\/singuli.wpress.me\/index.php\/wp-json\/wp\/v2\/media\/29861"}],"wp:attachment":[{"href":"https:\/\/singuli.wpress.me\/index.php\/wp-json\/wp\/v2\/media?parent=29860"}],"wp:term":[{"taxonomy":"product_brand","embeddable":true,"href":"https:\/\/singuli.wpress.me\/index.php\/wp-json\/wp\/v2\/product_brand?post=29860"},{"taxonomy":"product_cat","embeddable":true,"href":"https:\/\/singuli.wpress.me\/index.php\/wp-json\/wp\/v2\/product_cat?post=29860"},{"taxonomy":"product_tag","embeddable":true,"href":"https:\/\/singuli.wpress.me\/index.php\/wp-json\/wp\/v2\/product_tag?post=29860"}],"curies":[{"name":"wp","href":"https:\/\/api.w.org\/{rel}","templated":true}]}}