{"id":29876,"date":"2026-04-17T00:19:08","date_gmt":"2026-04-17T00:19:08","guid":{"rendered":"https:\/\/singuli.wpress.me\/index.php\/proizvod\/di-match-it-drustvena-igra\/"},"modified":"2026-04-20T12:32:59","modified_gmt":"2026-04-20T12:32:59","slug":"di-match-it-drustvena-igra","status":"publish","type":"product","link":"https:\/\/singuli.wpress.me\/index.php\/proizvod\/di-match-it-drustvena-igra\/","title":{"rendered":"DI Match It!, dru\u0161tvena igra"},"content":{"rendered":"<p><span style=\"font-weight: bold;color: #4472C4\">MATCH IT! &#8211; uzbudljiva igra za cijelu obitelj!<\/span><span style=\"color: #4472C4\"><\/p>\n<p>Budite brzi, izo\u0161trite vid i postanite master memorije i zapa\u017eanja!<\/p>\n<p>Match it! nije samo jedna igra, ve\u0107 koncept koji pru\u017ea mogu\u0107nost da odigrate \u010dak 7 izazova! Sve \u0161to vam je potrebno je dobra ekipa, ravna povr\u0161ina, Match it! karte i dobro raspolo\u017eenje!<\/p>\n<p><\/span><span style=\"font-weight: bold;color: #4472C4\">Sadr\u017eaj<\/span><span style=\"color: #4472C4\"><br \/>\n&#8211; 40 okruglih karata sa ukupno 55 simbola<\/p>\n<p><\/span><span style=\"font-weight: bold;color: #4472C4\">Uputstvo za upotrebu<br \/>\n<\/span><span style=\"color: #4472C4\">&#8211; Dob: 5+<br \/>\n&#8211; Namijenjeno za: 2-6 igra\u010da<\/span><\/p>\n","protected":false},"excerpt":{"rendered":"<p>Sadr\u017ei 40 karata<br \/>\nIgra je namijenjena za 2-6 igra\u010da<br \/>\nDob: 5+ god<\/p>\n","protected":false},"featured_media":29877,"template":"","meta":{"_seopress_robots_primary_cat":"","_seopress_titles_title":"","_seopress_titles_desc":"","_seopress_robots_index":"","iawp_total_views":0},"product_brand":[332],"product_cat":[290,221],"product_tag":[],"class_list":{"0":"post-29876","1":"product","2":"type-product","3":"status-publish","4":"has-post-thumbnail","6":"product_brand-di","7":"product_cat-drustvene-igre-221","8":"product_cat-igracke","10":"first","11":"outofstock","12":"shipping-taxable","13":"purchasable","14":"product-type-simple"},"_links":{"self":[{"href":"https:\/\/singuli.wpress.me\/index.php\/wp-json\/wp\/v2\/product\/29876","targetHints":{"allow":["GET"]}}],"collection":[{"href":"https:\/\/singuli.wpress.me\/index.php\/wp-json\/wp\/v2\/product"}],"about":[{"href":"https:\/\/singuli.wpress.me\/index.php\/wp-json\/wp\/v2\/types\/product"}],"version-history":[{"count":0,"href":"https:\/\/singuli.wpress.me\/index.php\/wp-json\/wp\/v2\/product\/29876\/revisions"}],"wp:featuredmedia":[{"embeddable":true,"href":"https:\/\/singuli.wpress.me\/index.php\/wp-json\/wp\/v2\/media\/29877"}],"wp:attachment":[{"href":"https:\/\/singuli.wpress.me\/index.php\/wp-json\/wp\/v2\/media?parent=29876"}],"wp:term":[{"taxonomy":"product_brand","embeddable":true,"href":"https:\/\/singuli.wpress.me\/index.php\/wp-json\/wp\/v2\/product_brand?post=29876"},{"taxonomy":"product_cat","embeddable":true,"href":"https:\/\/singuli.wpress.me\/index.php\/wp-json\/wp\/v2\/product_cat?post=29876"},{"taxonomy":"product_tag","embeddable":true,"href":"https:\/\/singuli.wpress.me\/index.php\/wp-json\/wp\/v2\/product_tag?post=29876"}],"curies":[{"name":"wp","href":"https:\/\/api.w.org\/{rel}","templated":true}]}}