{"id":29881,"date":"2026-04-17T00:19:10","date_gmt":"2026-04-17T00:19:10","guid":{"rendered":"https:\/\/singuli.wpress.me\/index.php\/proizvod\/di-5-sekundi-drustvena-igra-junior\/"},"modified":"2026-04-21T00:26:31","modified_gmt":"2026-04-21T00:26:31","slug":"di-5-sekundi-drustvena-igra-junior","status":"publish","type":"product","link":"https:\/\/singuli.wpress.me\/index.php\/proizvod\/di-5-sekundi-drustvena-igra-junior\/","title":{"rendered":"DI 5 sekundi, dru\u0161tvena igra, Junior"},"content":{"rendered":"<p>Trebalo bi biti lako navesti 3 okusa sladoleda, ALI mo\u017ee\u0161 li to napraviti dok ti mjera\u010d vremena odbrojava 5 sekundi, a suparnici bulje u tebe? <\/p>\n<p>Reci brzo i glasno prvo \u0161to ti padne napamet&#8230; jer ba\u0161 to mo\u017ee biti jako smije\u0161no, a svi se mi volimo smijati! <\/p>\n<p>U ovoj igri je sve luda zabava, samo budite brzi, jasni i jako glasni!<\/p>\n<p>Igra je namijenjena za 3 i vi\u0161e igra\u010da. <\/p>\n<p>Dob: 6+<\/p>\n","protected":false},"excerpt":{"rendered":"<p>Poma\u017ee razvoju brzog razmi\u0161ljanja<br \/>\nIgra je namijenjena za 3 ili vi\u0161e igra\u010da<br \/>\nDob: 6+ god<\/p>\n","protected":false},"featured_media":29882,"template":"","meta":{"_seopress_robots_primary_cat":"","_seopress_titles_title":"","_seopress_titles_desc":"","_seopress_robots_index":"","iawp_total_views":0},"product_brand":[332],"product_cat":[290,221],"product_tag":[],"class_list":{"0":"post-29881","1":"product","2":"type-product","3":"status-publish","4":"has-post-thumbnail","6":"product_brand-di","7":"product_cat-drustvene-igre-221","8":"product_cat-igracke","10":"first","11":"outofstock","12":"shipping-taxable","13":"purchasable","14":"product-type-simple"},"_links":{"self":[{"href":"https:\/\/singuli.wpress.me\/index.php\/wp-json\/wp\/v2\/product\/29881","targetHints":{"allow":["GET"]}}],"collection":[{"href":"https:\/\/singuli.wpress.me\/index.php\/wp-json\/wp\/v2\/product"}],"about":[{"href":"https:\/\/singuli.wpress.me\/index.php\/wp-json\/wp\/v2\/types\/product"}],"version-history":[{"count":0,"href":"https:\/\/singuli.wpress.me\/index.php\/wp-json\/wp\/v2\/product\/29881\/revisions"}],"wp:featuredmedia":[{"embeddable":true,"href":"https:\/\/singuli.wpress.me\/index.php\/wp-json\/wp\/v2\/media\/29882"}],"wp:attachment":[{"href":"https:\/\/singuli.wpress.me\/index.php\/wp-json\/wp\/v2\/media?parent=29881"}],"wp:term":[{"taxonomy":"product_brand","embeddable":true,"href":"https:\/\/singuli.wpress.me\/index.php\/wp-json\/wp\/v2\/product_brand?post=29881"},{"taxonomy":"product_cat","embeddable":true,"href":"https:\/\/singuli.wpress.me\/index.php\/wp-json\/wp\/v2\/product_cat?post=29881"},{"taxonomy":"product_tag","embeddable":true,"href":"https:\/\/singuli.wpress.me\/index.php\/wp-json\/wp\/v2\/product_tag?post=29881"}],"curies":[{"name":"wp","href":"https:\/\/api.w.org\/{rel}","templated":true}]}}