{"id":29917,"date":"2026-04-17T00:19:30","date_gmt":"2026-04-17T00:19:30","guid":{"rendered":"https:\/\/singuli.wpress.me\/index.php\/proizvod\/marionette-gitara\/"},"modified":"2026-04-20T12:33:00","modified_gmt":"2026-04-20T12:33:00","slug":"marionette-gitara","status":"publish","type":"product","link":"https:\/\/singuli.wpress.me\/index.php\/proizvod\/marionette-gitara\/","title":{"rendered":"MARIONETTE, gitara"},"content":{"rendered":"<p>Gitara je izra\u0111ena od plastike u boji prirodnog drveta i crnim rubom. <br \/>\nNa njoj se nalaze 4 &#8216;prave&#8217; \u017eice koje mo\u017eete zategnuti za realisti\u010dan osje\u0107aj i donekle u\u0161timati igra\u010dku. <br \/>\nDimenzija 57 cm. <br \/>\n<span style=\"font-weight: bold;color: #4472C4\">Dob: 3+<\/span><\/p>\n","protected":false},"excerpt":{"rendered":"<p>Izra\u0111ena od plastike u boji prirodnog drveta i s crnim rubom<br \/>\nDimenzije: 57x18x5 cm<br \/>\nDob: 3+ god<\/p>\n","protected":false},"featured_media":29918,"template":"","meta":{"_seopress_robots_primary_cat":"","_seopress_titles_title":"","_seopress_titles_desc":"","_seopress_robots_index":"","iawp_total_views":0},"product_brand":[363],"product_cat":[221,291],"product_tag":[],"class_list":{"0":"post-29917","1":"product","2":"type-product","3":"status-publish","4":"has-post-thumbnail","6":"product_brand-marionette","7":"product_cat-igracke","8":"product_cat-igracke-za-djecu-221","10":"first","11":"outofstock","12":"shipping-taxable","13":"purchasable","14":"product-type-simple"},"_links":{"self":[{"href":"https:\/\/singuli.wpress.me\/index.php\/wp-json\/wp\/v2\/product\/29917","targetHints":{"allow":["GET"]}}],"collection":[{"href":"https:\/\/singuli.wpress.me\/index.php\/wp-json\/wp\/v2\/product"}],"about":[{"href":"https:\/\/singuli.wpress.me\/index.php\/wp-json\/wp\/v2\/types\/product"}],"version-history":[{"count":0,"href":"https:\/\/singuli.wpress.me\/index.php\/wp-json\/wp\/v2\/product\/29917\/revisions"}],"wp:featuredmedia":[{"embeddable":true,"href":"https:\/\/singuli.wpress.me\/index.php\/wp-json\/wp\/v2\/media\/29918"}],"wp:attachment":[{"href":"https:\/\/singuli.wpress.me\/index.php\/wp-json\/wp\/v2\/media?parent=29917"}],"wp:term":[{"taxonomy":"product_brand","embeddable":true,"href":"https:\/\/singuli.wpress.me\/index.php\/wp-json\/wp\/v2\/product_brand?post=29917"},{"taxonomy":"product_cat","embeddable":true,"href":"https:\/\/singuli.wpress.me\/index.php\/wp-json\/wp\/v2\/product_cat?post=29917"},{"taxonomy":"product_tag","embeddable":true,"href":"https:\/\/singuli.wpress.me\/index.php\/wp-json\/wp\/v2\/product_tag?post=29917"}],"curies":[{"name":"wp","href":"https:\/\/api.w.org\/{rel}","templated":true}]}}