{"id":29919,"date":"2026-04-17T00:19:31","date_gmt":"2026-04-17T00:19:31","guid":{"rendered":"https:\/\/singuli.wpress.me\/index.php\/proizvod\/matrax-stolni-nogomet-veliki\/"},"modified":"2026-04-20T12:33:00","modified_gmt":"2026-04-20T12:33:00","slug":"matrax-stolni-nogomet-veliki","status":"publish","type":"product","link":"https:\/\/singuli.wpress.me\/index.php\/proizvod\/matrax-stolni-nogomet-veliki\/","title":{"rendered":"MATRAX, stolni nogomet, veliki"},"content":{"rendered":"<p>Legende nikada ne umiru!<br \/>\nOva nogometna igra World Champions, jo\u0161 uvijek je nezamjenjiva igra\u010dka dana\u0161njoj djeci. <\/p>\n<p>Va\u0161oj djeci pru\u017ea priliku da se zabavljaju i u\u017eivaju u ugodnom vremenu provedenom u ku\u0107i, a mogu je igrati i dva igra\u010da. <\/p>\n<p>Proizvedeno od visokokvalitetnih sirovina uz kori\u0161tenje bezopasnih boja, modernog i sigurnog dizajna, \u0161to omogu\u0107uju\u0107e sigurnu i bezbri\u017enu igru. <\/p>\n<p>Dob: 3+<\/p>\n","protected":false},"excerpt":{"rendered":"<p>Proizvedeno iz sigurnih i bezopasnih sirovina<br \/>\nMogu igrati i dva igra\u010da<br \/>\nDob: 3+ god<\/p>\n","protected":false},"featured_media":29920,"template":"","meta":{"_seopress_robots_primary_cat":"","_seopress_titles_title":"","_seopress_titles_desc":"","_seopress_robots_index":"","iawp_total_views":0},"product_brand":[368],"product_cat":[274,238],"product_tag":[],"class_list":{"0":"post-29919","1":"product","2":"type-product","3":"status-publish","4":"has-post-thumbnail","6":"product_brand-matrax","7":"product_cat-kucanski-pribor-238","8":"product_cat-sve-za-dom","10":"first","11":"instock","12":"shipping-taxable","13":"purchasable","14":"product-type-simple"},"_links":{"self":[{"href":"https:\/\/singuli.wpress.me\/index.php\/wp-json\/wp\/v2\/product\/29919","targetHints":{"allow":["GET"]}}],"collection":[{"href":"https:\/\/singuli.wpress.me\/index.php\/wp-json\/wp\/v2\/product"}],"about":[{"href":"https:\/\/singuli.wpress.me\/index.php\/wp-json\/wp\/v2\/types\/product"}],"version-history":[{"count":0,"href":"https:\/\/singuli.wpress.me\/index.php\/wp-json\/wp\/v2\/product\/29919\/revisions"}],"wp:featuredmedia":[{"embeddable":true,"href":"https:\/\/singuli.wpress.me\/index.php\/wp-json\/wp\/v2\/media\/29920"}],"wp:attachment":[{"href":"https:\/\/singuli.wpress.me\/index.php\/wp-json\/wp\/v2\/media?parent=29919"}],"wp:term":[{"taxonomy":"product_brand","embeddable":true,"href":"https:\/\/singuli.wpress.me\/index.php\/wp-json\/wp\/v2\/product_brand?post=29919"},{"taxonomy":"product_cat","embeddable":true,"href":"https:\/\/singuli.wpress.me\/index.php\/wp-json\/wp\/v2\/product_cat?post=29919"},{"taxonomy":"product_tag","embeddable":true,"href":"https:\/\/singuli.wpress.me\/index.php\/wp-json\/wp\/v2\/product_tag?post=29919"}],"curies":[{"name":"wp","href":"https:\/\/api.w.org\/{rel}","templated":true}]}}