{"id":29934,"date":"2026-04-17T00:19:40","date_gmt":"2026-04-17T00:19:40","guid":{"rendered":"https:\/\/singuli.wpress.me\/index.php\/proizvod\/di-znas-li-tko-si-drustvena-igra-junior\/"},"modified":"2026-04-20T12:33:00","modified_gmt":"2026-04-20T12:33:00","slug":"di-znas-li-tko-si-drustvena-igra-junior","status":"publish","type":"product","link":"https:\/\/singuli.wpress.me\/index.php\/proizvod\/di-znas-li-tko-si-drustvena-igra-junior\/","title":{"rendered":"DI Zna\u0161 li tko si?, dru\u0161tvena igra, Junior"},"content":{"rendered":"<p><span style=\"font-weight: bold;color: #4472C4\">Dru\u0161tvena igra &#8211; Zna\u0161 li tko si?. <\/span><span style=\"color: #4472C4\"><\/p>\n<p><\/span><span style=\"font-weight: bold;color: #4472C4\">U ovoj igri svi osim tebe znaju tko si!<\/span><span style=\"color: #4472C4\"><\/p>\n<p>Zabavna igra za cijelu obitelj u kojoj nikada ne zna\u0161 \u0161to si ili tko si, sve dok ne zapo\u010dne\u0161 s postavljanjem pravih pitanja. <\/p>\n<p>Igra\u010d poga\u0111a predstavlja li kartica na njegovoj glavi \u017eivotinju, hranu ili ne\u0161to sasvim tre\u0107e. <\/p>\n<p><\/span><span style=\"font-weight: bold;color: #4472C4\">Dob 4+<\/span><\/p>\n","protected":false},"excerpt":{"rendered":"<p>U ovoj igri svi osim tebe znaju tko si<br \/>\nIgra je namijenjena za 2-4 igra\u010da<br \/>\nDob: 4+ god<\/p>\n","protected":false},"featured_media":29935,"template":"","meta":{"_seopress_robots_primary_cat":"","_seopress_titles_title":"","_seopress_titles_desc":"","_seopress_robots_index":"","iawp_total_views":0},"product_brand":[332],"product_cat":[290,221],"product_tag":[],"class_list":{"0":"post-29934","1":"product","2":"type-product","3":"status-publish","4":"has-post-thumbnail","6":"product_brand-di","7":"product_cat-drustvene-igre-221","8":"product_cat-igracke","10":"first","11":"instock","12":"shipping-taxable","13":"purchasable","14":"product-type-simple"},"_links":{"self":[{"href":"https:\/\/singuli.wpress.me\/index.php\/wp-json\/wp\/v2\/product\/29934","targetHints":{"allow":["GET"]}}],"collection":[{"href":"https:\/\/singuli.wpress.me\/index.php\/wp-json\/wp\/v2\/product"}],"about":[{"href":"https:\/\/singuli.wpress.me\/index.php\/wp-json\/wp\/v2\/types\/product"}],"version-history":[{"count":0,"href":"https:\/\/singuli.wpress.me\/index.php\/wp-json\/wp\/v2\/product\/29934\/revisions"}],"wp:featuredmedia":[{"embeddable":true,"href":"https:\/\/singuli.wpress.me\/index.php\/wp-json\/wp\/v2\/media\/29935"}],"wp:attachment":[{"href":"https:\/\/singuli.wpress.me\/index.php\/wp-json\/wp\/v2\/media?parent=29934"}],"wp:term":[{"taxonomy":"product_brand","embeddable":true,"href":"https:\/\/singuli.wpress.me\/index.php\/wp-json\/wp\/v2\/product_brand?post=29934"},{"taxonomy":"product_cat","embeddable":true,"href":"https:\/\/singuli.wpress.me\/index.php\/wp-json\/wp\/v2\/product_cat?post=29934"},{"taxonomy":"product_tag","embeddable":true,"href":"https:\/\/singuli.wpress.me\/index.php\/wp-json\/wp\/v2\/product_tag?post=29934"}],"curies":[{"name":"wp","href":"https:\/\/api.w.org\/{rel}","templated":true}]}}