{"id":29944,"date":"2026-04-17T00:19:45","date_gmt":"2026-04-17T00:19:45","guid":{"rendered":"https:\/\/singuli.wpress.me\/index.php\/proizvod\/hexbug-nano-robot\/"},"modified":"2026-04-20T12:33:00","modified_gmt":"2026-04-20T12:33:00","slug":"hexbug-nano-robot","status":"publish","type":"product","link":"https:\/\/singuli.wpress.me\/index.php\/proizvod\/hexbug-nano-robot\/","title":{"rendered":"HEXBUG Nano, robot"},"content":{"rendered":"<p>HEXBUG Nano je maleno, kolekcionarsko, mikro-robotsko stvorenje koje koristi vibraciju kako bi krenulo naprijed i istra\u017eilo svoj okoli\u0161. <br \/>\nPokre\u0107e ga mali motor i 12 fiksnih nogu pomo\u0107u kojih se ovaj mali robot brzo kre\u0107e i savladava \u010dak i najslo\u017eenije labirinte.<br \/>\nKada do\u0111e u kontakt s preprekom na putu, ovaj energi\u010dni kukac \u0107e promijeniti smjer i odjuriti drugim putem u nove istra\u017eiva\u010dke pohode.<\/p>\n<p>Dob: 3+<\/p>\n","protected":false},"excerpt":{"rendered":"<p>Pokre\u0107e ga mali motor i 12 fiksnih nogu<br \/>\nSavladava \u010dak i najslo\u017eenije labirinte<br \/>\nDob: 3+ god<\/p>\n","protected":false},"featured_media":29945,"template":"","meta":{"_seopress_robots_primary_cat":"","_seopress_titles_title":"","_seopress_titles_desc":"","_seopress_robots_index":"","iawp_total_views":0},"product_brand":[369],"product_cat":[221,291],"product_tag":[],"class_list":{"0":"post-29944","1":"product","2":"type-product","3":"status-publish","4":"has-post-thumbnail","6":"product_brand-hexbug","7":"product_cat-igracke","8":"product_cat-igracke-za-djecu-221","10":"first","11":"outofstock","12":"shipping-taxable","13":"purchasable","14":"product-type-simple"},"_links":{"self":[{"href":"https:\/\/singuli.wpress.me\/index.php\/wp-json\/wp\/v2\/product\/29944","targetHints":{"allow":["GET"]}}],"collection":[{"href":"https:\/\/singuli.wpress.me\/index.php\/wp-json\/wp\/v2\/product"}],"about":[{"href":"https:\/\/singuli.wpress.me\/index.php\/wp-json\/wp\/v2\/types\/product"}],"version-history":[{"count":0,"href":"https:\/\/singuli.wpress.me\/index.php\/wp-json\/wp\/v2\/product\/29944\/revisions"}],"wp:featuredmedia":[{"embeddable":true,"href":"https:\/\/singuli.wpress.me\/index.php\/wp-json\/wp\/v2\/media\/29945"}],"wp:attachment":[{"href":"https:\/\/singuli.wpress.me\/index.php\/wp-json\/wp\/v2\/media?parent=29944"}],"wp:term":[{"taxonomy":"product_brand","embeddable":true,"href":"https:\/\/singuli.wpress.me\/index.php\/wp-json\/wp\/v2\/product_brand?post=29944"},{"taxonomy":"product_cat","embeddable":true,"href":"https:\/\/singuli.wpress.me\/index.php\/wp-json\/wp\/v2\/product_cat?post=29944"},{"taxonomy":"product_tag","embeddable":true,"href":"https:\/\/singuli.wpress.me\/index.php\/wp-json\/wp\/v2\/product_tag?post=29944"}],"curies":[{"name":"wp","href":"https:\/\/api.w.org\/{rel}","templated":true}]}}