{"id":30157,"date":"2026-04-17T00:21:56","date_gmt":"2026-04-17T00:21:56","guid":{"rendered":"https:\/\/singuli.wpress.me\/index.php\/proizvod\/barbie-igracka-jednorog\/"},"modified":"2026-04-20T12:33:01","modified_gmt":"2026-04-20T12:33:01","slug":"barbie-igracka-jednorog","status":"publish","type":"product","link":"https:\/\/singuli.wpress.me\/index.php\/proizvod\/barbie-igracka-jednorog\/","title":{"rendered":"BARBIE, igra\u010dka, Jednorog"},"content":{"rendered":"<p>Neka ma\u0161ta poleti na krilima ovog ru\u017ei\u010dastog Barbie\u00ae jednoroga! Djeca mogu odigrati svoje omiljene scene iz serije Barbie\u00ae A Touch of Magic\u2122 ili osmisliti vlastite fantasti\u010dne avanture. <br \/>\nBarbie\u00ae jednorog ima ru\u017ei\u010dastu grivu i rep, kao i svjetlucava krila u duginim bojama! Njegove svjetlosne i zvu\u010dne predstave aktiviraju se na tri razli\u010dita na\u010dina.<br \/>\nDjeca mogu pritisnuti njezinu ogrlicu ili pomaknuti njegova krila kako bi vidjela dugina svjetla i \u010duli \u010darobne zvukove, uklju\u010duju\u0107i pjesmu Barbie A Touch of Magic\u2122.<br \/>\nUklju\u010deno je deset dodataka: prijatelj \u0161tene s \u010darobnim iznena\u0111enjem s krilima, dvije grickalice, \u010de\u0161alj, pet ukosnica i svjetlucava kutija za pohranjivanje u obliku oblaku.<\/p>\n","protected":false},"excerpt":{"rendered":"<p>Iz serije Barbie\u00ae A Touch of Magic\u2122<br \/>\nSvjetlosne i zvu\u010dne predstave aktiviraju se na tri na\u010dina<br \/>\nUklju\u010deno je deset dodataka<\/p>\n","protected":false},"featured_media":30158,"template":"","meta":{"_seopress_robots_primary_cat":"","_seopress_titles_title":"","_seopress_titles_desc":"","_seopress_robots_index":"","iawp_total_views":0},"product_brand":[324],"product_cat":[274,238],"product_tag":[],"class_list":{"0":"post-30157","1":"product","2":"type-product","3":"status-publish","4":"has-post-thumbnail","6":"product_brand-barbie","7":"product_cat-kucanski-pribor-238","8":"product_cat-sve-za-dom","10":"first","11":"outofstock","12":"shipping-taxable","13":"purchasable","14":"product-type-simple"},"_links":{"self":[{"href":"https:\/\/singuli.wpress.me\/index.php\/wp-json\/wp\/v2\/product\/30157","targetHints":{"allow":["GET"]}}],"collection":[{"href":"https:\/\/singuli.wpress.me\/index.php\/wp-json\/wp\/v2\/product"}],"about":[{"href":"https:\/\/singuli.wpress.me\/index.php\/wp-json\/wp\/v2\/types\/product"}],"version-history":[{"count":0,"href":"https:\/\/singuli.wpress.me\/index.php\/wp-json\/wp\/v2\/product\/30157\/revisions"}],"wp:featuredmedia":[{"embeddable":true,"href":"https:\/\/singuli.wpress.me\/index.php\/wp-json\/wp\/v2\/media\/30158"}],"wp:attachment":[{"href":"https:\/\/singuli.wpress.me\/index.php\/wp-json\/wp\/v2\/media?parent=30157"}],"wp:term":[{"taxonomy":"product_brand","embeddable":true,"href":"https:\/\/singuli.wpress.me\/index.php\/wp-json\/wp\/v2\/product_brand?post=30157"},{"taxonomy":"product_cat","embeddable":true,"href":"https:\/\/singuli.wpress.me\/index.php\/wp-json\/wp\/v2\/product_cat?post=30157"},{"taxonomy":"product_tag","embeddable":true,"href":"https:\/\/singuli.wpress.me\/index.php\/wp-json\/wp\/v2\/product_tag?post=30157"}],"curies":[{"name":"wp","href":"https:\/\/api.w.org\/{rel}","templated":true}]}}