{"id":30176,"date":"2026-04-17T00:22:11","date_gmt":"2026-04-17T00:22:11","guid":{"rendered":"https:\/\/singuli.wpress.me\/index.php\/proizvod\/superthings-spasilacki-kamion-set-za-igru\/"},"modified":"2026-04-20T12:33:01","modified_gmt":"2026-04-20T12:33:01","slug":"superthings-spasilacki-kamion-set-za-igru","status":"publish","type":"product","link":"https:\/\/singuli.wpress.me\/index.php\/proizvod\/superthings-spasilacki-kamion-set-za-igru\/","title":{"rendered":"SUPERTHINGS Spasila\u010dki kamion, set za igru"},"content":{"rendered":"<p>SuperStvari spa\u0161avaju! Uz Rescue Truck, Kazoom Kids i SuperThings mo\u0107i \u0107e odgovoriti na pozive za pomo\u0107 bilo kojeg gra\u0111anina Kaboom Cityja. Zahvaljuju\u0107i svojim ljestvama mo\u0107i \u0107e do\u0107i do svih visokih, nedostupnih mjesta bilo da spa\u0161avaju ma\u010di\u0107a zaglavljenog na drvetu ili prskaju vodu po zgradi koja gori! Ako se trebate popeti jo\u0161 vi\u0161e, otka\u010dite kabinu, ra\u0161irite joj krila &#8230; i poletite! Tako\u0111er \u0107ete mo\u0107i uhvatiti zlikovce zahvaljuju\u0107i njegovoj ogromnoj prednjoj lopatici i samo jednim jednostavnim pokretom sve ih strpati u mobilni zatvor kamiona. Pazite, budite oprezni! Upamtite da zlo\u010desti uvijek imaju plan bijega i ako pritisnu pravo mjesto&#8230; strana \u0107e se otvoriti i oni \u0107e ponovno biti slobodni! Uvedite sve svoje SuperThings unutar vozila dok \u010dekaju da se oporave s Kazoom regeneratorom i pro\u0111ite kroz grad uz zvukove i \u0161arena svjetla. Akcija je zajam\u010dena uz Rescue Truck!<\/p>\n<p><span style=\"font-weight: bold;color: #4472C4\">Sadr\u017eaj:<\/span><span style=\"color: #4472C4\"><br \/>\nKamion<br \/>\nLjestve<br \/>\nKabina<br \/>\n1 ekskluzivni Kazoom Kid<br \/>\n1 ekskluzivan Superthing<\/span><\/p>\n","protected":false},"excerpt":{"rendered":"<p>U pakiranju se nalazi kamion, ljestve, kabina, Kazoom Kid i Superthing<br \/>\nKamion dolazi sa zvu\u010dnim i svjetlosnim efektima<br \/>\nDob: 3+ god<\/p>\n","protected":false},"featured_media":30177,"template":"","meta":{"_seopress_robots_primary_cat":"","_seopress_titles_title":"","_seopress_titles_desc":"","_seopress_robots_index":"","iawp_total_views":0},"product_brand":[383],"product_cat":[221,263],"product_tag":[],"class_list":{"0":"post-30176","1":"product","2":"type-product","3":"status-publish","4":"has-post-thumbnail","6":"product_brand-superthings","7":"product_cat-igracke","8":"product_cat-tematske-igracke-221","10":"first","11":"outofstock","12":"shipping-taxable","13":"purchasable","14":"product-type-simple"},"_links":{"self":[{"href":"https:\/\/singuli.wpress.me\/index.php\/wp-json\/wp\/v2\/product\/30176","targetHints":{"allow":["GET"]}}],"collection":[{"href":"https:\/\/singuli.wpress.me\/index.php\/wp-json\/wp\/v2\/product"}],"about":[{"href":"https:\/\/singuli.wpress.me\/index.php\/wp-json\/wp\/v2\/types\/product"}],"version-history":[{"count":0,"href":"https:\/\/singuli.wpress.me\/index.php\/wp-json\/wp\/v2\/product\/30176\/revisions"}],"wp:featuredmedia":[{"embeddable":true,"href":"https:\/\/singuli.wpress.me\/index.php\/wp-json\/wp\/v2\/media\/30177"}],"wp:attachment":[{"href":"https:\/\/singuli.wpress.me\/index.php\/wp-json\/wp\/v2\/media?parent=30176"}],"wp:term":[{"taxonomy":"product_brand","embeddable":true,"href":"https:\/\/singuli.wpress.me\/index.php\/wp-json\/wp\/v2\/product_brand?post=30176"},{"taxonomy":"product_cat","embeddable":true,"href":"https:\/\/singuli.wpress.me\/index.php\/wp-json\/wp\/v2\/product_cat?post=30176"},{"taxonomy":"product_tag","embeddable":true,"href":"https:\/\/singuli.wpress.me\/index.php\/wp-json\/wp\/v2\/product_tag?post=30176"}],"curies":[{"name":"wp","href":"https:\/\/api.w.org\/{rel}","templated":true}]}}