{"id":30211,"date":"2026-04-17T00:22:36","date_gmt":"2026-04-17T00:22:36","guid":{"rendered":"https:\/\/singuli.wpress.me\/index.php\/proizvod\/superthings-superbot-set-za-igru-mega-k\/"},"modified":"2026-04-21T00:26:31","modified_gmt":"2026-04-21T00:26:31","slug":"superthings-superbot-set-za-igru-mega-k","status":"publish","type":"product","link":"https:\/\/singuli.wpress.me\/index.php\/proizvod\/superthings-superbot-set-za-igru-mega-k\/","title":{"rendered":"SUPERTHINGS Superbot, set za igru, Mega-K"},"content":{"rendered":"<p>Mega-K Superbot je spreman izazvati heroje! Pucaj njegovom rukom napunjenom Kazoom energijom, a ako situacija izgleda lo\u0161e, ra\u0161iri krila da mo\u017ee pobje\u0107i iz svog laboratorija.<br \/>\nMo\u017ee li dobiti bitku protiv Enigmaster Superbota? Ti odlu\u010di!<br \/>\n<span style=\"font-weight: bold;color: #4472C4\"><br \/>\nSadr\u017eaj:<br \/>\n<\/span><span style=\"color: #4472C4\">1 Superbot<br \/>\n1 dodatak<br \/>\n1 ekskluzivni Kazoom Kid<br \/>\n1 Superthing<\/span><\/p>\n","protected":false},"excerpt":{"rendered":"<p>U pakiranju se nalazi Superbot, dodatak, Kazoom Kid i Superthing<br \/>\nSuperbot mo\u017ee ra\u0161iriti krila kako bi porazio neprijatelje<br \/>\nDob: 3+ god<\/p>\n","protected":false},"featured_media":30212,"template":"","meta":{"_seopress_robots_primary_cat":"","_seopress_titles_title":"","_seopress_titles_desc":"","_seopress_robots_index":"","iawp_total_views":0},"product_brand":[383],"product_cat":[221,263],"product_tag":[],"class_list":{"0":"post-30211","1":"product","2":"type-product","3":"status-publish","4":"has-post-thumbnail","6":"product_brand-superthings","7":"product_cat-igracke","8":"product_cat-tematske-igracke-221","10":"first","11":"outofstock","12":"shipping-taxable","13":"purchasable","14":"product-type-simple"},"_links":{"self":[{"href":"https:\/\/singuli.wpress.me\/index.php\/wp-json\/wp\/v2\/product\/30211","targetHints":{"allow":["GET"]}}],"collection":[{"href":"https:\/\/singuli.wpress.me\/index.php\/wp-json\/wp\/v2\/product"}],"about":[{"href":"https:\/\/singuli.wpress.me\/index.php\/wp-json\/wp\/v2\/types\/product"}],"version-history":[{"count":0,"href":"https:\/\/singuli.wpress.me\/index.php\/wp-json\/wp\/v2\/product\/30211\/revisions"}],"wp:featuredmedia":[{"embeddable":true,"href":"https:\/\/singuli.wpress.me\/index.php\/wp-json\/wp\/v2\/media\/30212"}],"wp:attachment":[{"href":"https:\/\/singuli.wpress.me\/index.php\/wp-json\/wp\/v2\/media?parent=30211"}],"wp:term":[{"taxonomy":"product_brand","embeddable":true,"href":"https:\/\/singuli.wpress.me\/index.php\/wp-json\/wp\/v2\/product_brand?post=30211"},{"taxonomy":"product_cat","embeddable":true,"href":"https:\/\/singuli.wpress.me\/index.php\/wp-json\/wp\/v2\/product_cat?post=30211"},{"taxonomy":"product_tag","embeddable":true,"href":"https:\/\/singuli.wpress.me\/index.php\/wp-json\/wp\/v2\/product_tag?post=30211"}],"curies":[{"name":"wp","href":"https:\/\/api.w.org\/{rel}","templated":true}]}}