{"id":30260,"date":"2026-04-17T00:23:12","date_gmt":"2026-04-17T00:23:12","guid":{"rendered":"https:\/\/singuli.wpress.me\/index.php\/proizvod\/hexbug-nano-flash-set-za-igru-orbit-s\/"},"modified":"2026-04-20T12:33:02","modified_gmt":"2026-04-20T12:33:02","slug":"hexbug-nano-flash-set-za-igru-orbit-s","status":"publish","type":"product","link":"https:\/\/singuli.wpress.me\/index.php\/proizvod\/hexbug-nano-flash-set-za-igru-orbit-s\/","title":{"rendered":"HEXBUG Nano Flash, set za igru, Orbit S"},"content":{"rendered":"<p>Zamisli i sastavi! <\/p>\n<p>HEXBUG nano Orbit ima sve \u0161to vam je potrebno za kreiranje originalnog i uvijek druga\u010dijeg nano stani\u0161ta. <br \/>\nBudite kreativni i zabavite se! <br \/>\nOvaj set za igru sadr\u017ei 6 savitljivih zidova, konektore i 2 nano Flash Hex-a! <\/p>\n<p>Gledajte kako integrirana LED svjetla novog nano Flasha sjaje kada se pokrene i juri oko svog stani\u0161ta! <\/p>\n<p>Kada jednom krenu, va\u0161a dva nano robota nikada ne\u0107e stati. Ako udare u zid i prevrnu se, ne bojte se jer \u0107e ih njihove vibracije ponovno okrenuti natrag i jurnjava se nastavlja.<\/p>\n<p>Dob: 3+<\/p>\n","protected":false},"excerpt":{"rendered":"<p>Sadr\u017ei 6 savitljivih zidova, konektore i 2 nano Flash Hex-a<br \/>\nLED svjetla nano Flasha sjaje kada se pokrene<br \/>\nDob: 3+ god<\/p>\n","protected":false},"featured_media":30261,"template":"","meta":{"_seopress_robots_primary_cat":"","_seopress_titles_title":"","_seopress_titles_desc":"","_seopress_robots_index":"","iawp_total_views":0},"product_brand":[369],"product_cat":[221,291],"product_tag":[],"class_list":{"0":"post-30260","1":"product","2":"type-product","3":"status-publish","4":"has-post-thumbnail","6":"product_brand-hexbug","7":"product_cat-igracke","8":"product_cat-igracke-za-djecu-221","10":"first","11":"outofstock","12":"shipping-taxable","13":"purchasable","14":"product-type-simple"},"_links":{"self":[{"href":"https:\/\/singuli.wpress.me\/index.php\/wp-json\/wp\/v2\/product\/30260","targetHints":{"allow":["GET"]}}],"collection":[{"href":"https:\/\/singuli.wpress.me\/index.php\/wp-json\/wp\/v2\/product"}],"about":[{"href":"https:\/\/singuli.wpress.me\/index.php\/wp-json\/wp\/v2\/types\/product"}],"version-history":[{"count":0,"href":"https:\/\/singuli.wpress.me\/index.php\/wp-json\/wp\/v2\/product\/30260\/revisions"}],"wp:featuredmedia":[{"embeddable":true,"href":"https:\/\/singuli.wpress.me\/index.php\/wp-json\/wp\/v2\/media\/30261"}],"wp:attachment":[{"href":"https:\/\/singuli.wpress.me\/index.php\/wp-json\/wp\/v2\/media?parent=30260"}],"wp:term":[{"taxonomy":"product_brand","embeddable":true,"href":"https:\/\/singuli.wpress.me\/index.php\/wp-json\/wp\/v2\/product_brand?post=30260"},{"taxonomy":"product_cat","embeddable":true,"href":"https:\/\/singuli.wpress.me\/index.php\/wp-json\/wp\/v2\/product_cat?post=30260"},{"taxonomy":"product_tag","embeddable":true,"href":"https:\/\/singuli.wpress.me\/index.php\/wp-json\/wp\/v2\/product_tag?post=30260"}],"curies":[{"name":"wp","href":"https:\/\/api.w.org\/{rel}","templated":true}]}}