{"id":30280,"date":"2026-04-17T00:23:28","date_gmt":"2026-04-17T00:23:28","guid":{"rendered":"https:\/\/singuli.wpress.me\/index.php\/proizvod\/iggy-ziggy-interaktivni-volan\/"},"modified":"2026-04-21T00:26:32","modified_gmt":"2026-04-21T00:26:32","slug":"iggy-ziggy-interaktivni-volan","status":"publish","type":"product","link":"https:\/\/singuli.wpress.me\/index.php\/proizvod\/iggy-ziggy-interaktivni-volan\/","title":{"rendered":"IGGY ZIGGY, interaktivni volan"},"content":{"rendered":"<p>Ovaj vi\u0161enamjenski simulacijski pametni upravlja\u010d donosi stvarnu igra\u010dku vo\u017enju u svijet dje\u010dje igre.<\/p>\n<p>S ovim upravlja\u010dem, va\u0161e dijete mo\u017ee okretati volan lijevo i desno, simuliraju\u0107i vo\u017enju vozila. Uz to, igra\u010dka dolazi s uzbudljivim zvu\u010dnim i svjetlosnim efektima koji dodaju dodatnu razinu zabave i realizma u igru.<br \/>\nInteraktivni volan poti\u010de ma\u0161tovitu igru, razvoj motori\u010dkih vje\u0161tina i pru\u017ea osje\u0107aj vo\u017enje. Ova igra\u010dka \u0107e zasigurno zabaviti va\u0161e dijete i pru\u017eiti im nezaboravne trenutke igre.<\/p>\n<p><span style=\"font-weight: bold;color: #4472C4\">Dob: +18mj<\/span><\/p>\n","protected":false},"excerpt":{"rendered":"<p>Igra\u010dka dolazi s uzbudljivim zvu\u010dnim i svjetlosnim efektima<br \/>\nPoti\u010de ma\u0161tovitu igru, razvoj motori\u010dkih vje\u0161tina i pru\u017ea osje\u0107aj vo\u017enje<br \/>\nDob: 18+m<\/p>\n","protected":false},"featured_media":30281,"template":"","meta":{"_seopress_robots_primary_cat":"","_seopress_titles_title":"","_seopress_titles_desc":"","_seopress_robots_index":"","iawp_total_views":0},"product_brand":[358],"product_cat":[221,291],"product_tag":[],"class_list":{"0":"post-30280","1":"product","2":"type-product","3":"status-publish","4":"has-post-thumbnail","6":"product_brand-iggy-ziggy","7":"product_cat-igracke","8":"product_cat-igracke-za-djecu-221","10":"first","11":"outofstock","12":"shipping-taxable","13":"purchasable","14":"product-type-simple"},"_links":{"self":[{"href":"https:\/\/singuli.wpress.me\/index.php\/wp-json\/wp\/v2\/product\/30280","targetHints":{"allow":["GET"]}}],"collection":[{"href":"https:\/\/singuli.wpress.me\/index.php\/wp-json\/wp\/v2\/product"}],"about":[{"href":"https:\/\/singuli.wpress.me\/index.php\/wp-json\/wp\/v2\/types\/product"}],"version-history":[{"count":0,"href":"https:\/\/singuli.wpress.me\/index.php\/wp-json\/wp\/v2\/product\/30280\/revisions"}],"wp:featuredmedia":[{"embeddable":true,"href":"https:\/\/singuli.wpress.me\/index.php\/wp-json\/wp\/v2\/media\/30281"}],"wp:attachment":[{"href":"https:\/\/singuli.wpress.me\/index.php\/wp-json\/wp\/v2\/media?parent=30280"}],"wp:term":[{"taxonomy":"product_brand","embeddable":true,"href":"https:\/\/singuli.wpress.me\/index.php\/wp-json\/wp\/v2\/product_brand?post=30280"},{"taxonomy":"product_cat","embeddable":true,"href":"https:\/\/singuli.wpress.me\/index.php\/wp-json\/wp\/v2\/product_cat?post=30280"},{"taxonomy":"product_tag","embeddable":true,"href":"https:\/\/singuli.wpress.me\/index.php\/wp-json\/wp\/v2\/product_tag?post=30280"}],"curies":[{"name":"wp","href":"https:\/\/api.w.org\/{rel}","templated":true}]}}