{"id":30307,"date":"2026-04-17T00:23:42","date_gmt":"2026-04-17T00:23:42","guid":{"rendered":"https:\/\/singuli.wpress.me\/index.php\/proizvod\/iggy-ziggy-gumene-loptice-za-bebe\/"},"modified":"2026-04-20T12:33:02","modified_gmt":"2026-04-20T12:33:02","slug":"iggy-ziggy-gumene-loptice-za-bebe","status":"publish","type":"product","link":"https:\/\/singuli.wpress.me\/index.php\/proizvod\/iggy-ziggy-gumene-loptice-za-bebe\/","title":{"rendered":"IGGY ZIGGY, gumene loptice, za bebe"},"content":{"rendered":"<p><span style=\"font-weight: bold;color: #4472C4\">Ove Gumene loptice za bebe su pravo blago za najmla\u0111e istra\u017eiva\u010de! <\/span><span style=\"color: #4472C4\"><\/p>\n<p>\u0160arene, mekane i izra\u0111ene od sigurne plastike, ove senzorne loptice pru\u017eaju nevjerojatnu igra\u010dku za va\u0161u bebu. Razli\u010dite veli\u010dine i \u0161arene boje poti\u010du razvoj tjelesnih vje\u0161tina i motorike beba, dok mekani materijal omogu\u0107uje jednostavno hvatanje loptica. Dodatno, ove taktilne loptice nude raznolikost senzacija koje \u0107e potaknuti radoznalost va\u0161eg djeteta.Ono \u0161to je posebno va\u017eno, ove loptice su napravljene od sigurnih materijala, tako da se bebe mogu slobodno igrati i grickati ih bez brige. To \u010dini ove loptice odli\u010dnim izborom za rano u\u010denje i zabavu va\u0161eg mali\u0161ana.<\/p>\n<p><\/span><span style=\"font-weight: bold;color: #4472C4\">Dob: +6mj<\/span><\/p>\n","protected":false},"excerpt":{"rendered":"<p>Poti\u010du razvoj tjelesnih vje\u0161tina i motorike beba<br \/>\nNapravljene su od sigurnih materijala<br \/>\nDob: 6+m<\/p>\n","protected":false},"featured_media":30308,"template":"","meta":{"_seopress_robots_primary_cat":"","_seopress_titles_title":"","_seopress_titles_desc":"","_seopress_robots_index":"","iawp_total_views":0},"product_brand":[358],"product_cat":[221,291],"product_tag":[],"class_list":{"0":"post-30307","1":"product","2":"type-product","3":"status-publish","4":"has-post-thumbnail","6":"product_brand-iggy-ziggy","7":"product_cat-igracke","8":"product_cat-igracke-za-djecu-221","10":"first","11":"outofstock","12":"shipping-taxable","13":"purchasable","14":"product-type-simple"},"_links":{"self":[{"href":"https:\/\/singuli.wpress.me\/index.php\/wp-json\/wp\/v2\/product\/30307","targetHints":{"allow":["GET"]}}],"collection":[{"href":"https:\/\/singuli.wpress.me\/index.php\/wp-json\/wp\/v2\/product"}],"about":[{"href":"https:\/\/singuli.wpress.me\/index.php\/wp-json\/wp\/v2\/types\/product"}],"version-history":[{"count":0,"href":"https:\/\/singuli.wpress.me\/index.php\/wp-json\/wp\/v2\/product\/30307\/revisions"}],"wp:featuredmedia":[{"embeddable":true,"href":"https:\/\/singuli.wpress.me\/index.php\/wp-json\/wp\/v2\/media\/30308"}],"wp:attachment":[{"href":"https:\/\/singuli.wpress.me\/index.php\/wp-json\/wp\/v2\/media?parent=30307"}],"wp:term":[{"taxonomy":"product_brand","embeddable":true,"href":"https:\/\/singuli.wpress.me\/index.php\/wp-json\/wp\/v2\/product_brand?post=30307"},{"taxonomy":"product_cat","embeddable":true,"href":"https:\/\/singuli.wpress.me\/index.php\/wp-json\/wp\/v2\/product_cat?post=30307"},{"taxonomy":"product_tag","embeddable":true,"href":"https:\/\/singuli.wpress.me\/index.php\/wp-json\/wp\/v2\/product_tag?post=30307"}],"curies":[{"name":"wp","href":"https:\/\/api.w.org\/{rel}","templated":true}]}}