{"id":30353,"date":"2026-04-17T00:24:11","date_gmt":"2026-04-17T00:24:11","guid":{"rendered":"https:\/\/singuli.wpress.me\/index.php\/proizvod\/shell-vosak-za-automobile\/"},"modified":"2026-04-20T12:33:02","modified_gmt":"2026-04-20T12:33:02","slug":"shell-vosak-za-automobile","status":"publish","type":"product","link":"https:\/\/singuli.wpress.me\/index.php\/proizvod\/shell-vosak-za-automobile\/","title":{"rendered":"SHELL, vosak za automobile"},"content":{"rendered":"<p>U\u010dinkoviti vosak s trostrukim djelovanjem (3 u 1) za lakirane karoserije, kromirane, plasti\u010dne dijelove kao i preklopne krovove. Osigurava izvrstan sjaj, za\u0161titu i vodoodbojnost. Ne ostavlja tragove niti naslage. <\/p>\n<p><span style=\"font-weight: bold\">Upute za kori\u0161tenje:<\/span> Koristiti na \u010distu i svje\u017eu opranu karoseriju automobila. Poprskati povr\u0161inu s udaljenosti od cca 15 cm. Ne koristiti na staklenim povr\u0161inama. Ostaviti da se osu\u0161i. Nje\u017eno obri\u0161ite krpom od mikrofibre.<\/p>\n","protected":false},"excerpt":{"rendered":"<p>U\u010dinkoviti vosak s trostrukim djelovanjem<br \/>\nOsigurava izvrstan sjaj, za\u0161titu i vodoodbojnost<br \/>\nNe ostavlja tragove niti naslage<\/p>\n","protected":false},"featured_media":30354,"template":"","meta":{"_seopress_robots_primary_cat":"","_seopress_titles_title":"","_seopress_titles_desc":"","_seopress_robots_index":"","iawp_total_views":0},"product_brand":[326],"product_cat":[243,276],"product_tag":[],"class_list":{"0":"post-30353","1":"product","2":"type-product","3":"status-publish","4":"has-post-thumbnail","6":"product_brand-shell","7":"product_cat-automobili-i-motori","8":"product_cat-industrijska-i-specijalna-ulja-243","10":"first","11":"outofstock","12":"shipping-taxable","13":"purchasable","14":"product-type-simple"},"_links":{"self":[{"href":"https:\/\/singuli.wpress.me\/index.php\/wp-json\/wp\/v2\/product\/30353","targetHints":{"allow":["GET"]}}],"collection":[{"href":"https:\/\/singuli.wpress.me\/index.php\/wp-json\/wp\/v2\/product"}],"about":[{"href":"https:\/\/singuli.wpress.me\/index.php\/wp-json\/wp\/v2\/types\/product"}],"version-history":[{"count":0,"href":"https:\/\/singuli.wpress.me\/index.php\/wp-json\/wp\/v2\/product\/30353\/revisions"}],"wp:featuredmedia":[{"embeddable":true,"href":"https:\/\/singuli.wpress.me\/index.php\/wp-json\/wp\/v2\/media\/30354"}],"wp:attachment":[{"href":"https:\/\/singuli.wpress.me\/index.php\/wp-json\/wp\/v2\/media?parent=30353"}],"wp:term":[{"taxonomy":"product_brand","embeddable":true,"href":"https:\/\/singuli.wpress.me\/index.php\/wp-json\/wp\/v2\/product_brand?post=30353"},{"taxonomy":"product_cat","embeddable":true,"href":"https:\/\/singuli.wpress.me\/index.php\/wp-json\/wp\/v2\/product_cat?post=30353"},{"taxonomy":"product_tag","embeddable":true,"href":"https:\/\/singuli.wpress.me\/index.php\/wp-json\/wp\/v2\/product_tag?post=30353"}],"curies":[{"name":"wp","href":"https:\/\/api.w.org\/{rel}","templated":true}]}}