{"id":30421,"date":"2026-04-17T00:24:59","date_gmt":"2026-04-17T00:24:59","guid":{"rendered":"https:\/\/singuli.wpress.me\/index.php\/proizvod\/domo-aparat-za-kavu-s-putnom-salicom-1-25-l\/"},"modified":"2026-04-20T12:33:02","modified_gmt":"2026-04-20T12:33:02","slug":"domo-aparat-za-kavu-s-putnom-salicom-1-25-l","status":"publish","type":"product","link":"https:\/\/singuli.wpress.me\/index.php\/proizvod\/domo-aparat-za-kavu-s-putnom-salicom-1-25-l\/","title":{"rendered":"DOMO, aparat za kavu, s putnom \u0161alicom 1.25 l"},"content":{"rendered":"<p>\u2022 Zapremina: <br \/>\n\t\u2022 Vr\u010d: 1,25 l \u2013 10 \u0161alica<br \/>\n\t\u2022 \u0160alica: 400 ml \u2013 4 \u0161alice<br \/>\n\u2022 Sadr\u017ei funkciju ledene kave<br \/>\n\u2022 Upravlja\u010dka plo\u010da s tipkama na dodir i LED zaslonom<br \/>\n\u2022 Podesiva ja\u010dina kave (blaga, srednja, jaka)<br \/>\n\u2022 Prilagodljiva koli\u010dina (4, 6, 8 ili 10 \u0161alica)<br \/>\n\u2022 Zaustavljanje kapanja<br \/>\n\u2022 Timer do 24 sata<br \/>\n\u2022 Visokokvalitetni stakleni vr\u010d otporan na toplinu<br \/>\n\u2022 Prijenosna izolacijska \u0161alica s dvostrukom stijenkom i poklopcem za pi\u0107e koji se mo\u017ee zatvoriti, savr\u0161eno pristaje u dr\u017ea\u010d za \u0161alice u automobilu<br \/>\n\u2022 Automatska \u0161alica otkrivanje ispravnog sadr\u017eaja<br \/>\n\u2022 Funkcija odr\u017eavanja topline do 40 min.<br \/>\n\u2022 Za\u0161tita od kuhanja<br \/>\n\u2022 Uklju\u010duje: \u017elicu i trajni filter<\/p>\n","protected":false},"excerpt":{"rendered":"<p>Sadr\u017ei funkciju ledene kave<br \/>\nFunkcija odr\u017eavanja topline do 40 min<br \/>\nPodesiva ja\u010dina kave<\/p>\n","protected":false},"featured_media":30422,"template":"","meta":{"_seopress_robots_primary_cat":"","_seopress_titles_title":"","_seopress_titles_desc":"","_seopress_robots_index":"","iawp_total_views":0},"product_brand":[255],"product_cat":[266,265,160],"product_tag":[],"class_list":{"0":"post-30421","1":"product","2":"type-product","3":"status-publish","4":"has-post-thumbnail","6":"product_brand-domo","7":"product_cat-aparati-za-kuhanje-265","8":"product_cat-kuhinjski-aparati-160","9":"product_cat-mali-kucanski-aparati","11":"first","12":"instock","13":"shipping-taxable","14":"purchasable","15":"product-type-simple"},"_links":{"self":[{"href":"https:\/\/singuli.wpress.me\/index.php\/wp-json\/wp\/v2\/product\/30421","targetHints":{"allow":["GET"]}}],"collection":[{"href":"https:\/\/singuli.wpress.me\/index.php\/wp-json\/wp\/v2\/product"}],"about":[{"href":"https:\/\/singuli.wpress.me\/index.php\/wp-json\/wp\/v2\/types\/product"}],"version-history":[{"count":0,"href":"https:\/\/singuli.wpress.me\/index.php\/wp-json\/wp\/v2\/product\/30421\/revisions"}],"wp:featuredmedia":[{"embeddable":true,"href":"https:\/\/singuli.wpress.me\/index.php\/wp-json\/wp\/v2\/media\/30422"}],"wp:attachment":[{"href":"https:\/\/singuli.wpress.me\/index.php\/wp-json\/wp\/v2\/media?parent=30421"}],"wp:term":[{"taxonomy":"product_brand","embeddable":true,"href":"https:\/\/singuli.wpress.me\/index.php\/wp-json\/wp\/v2\/product_brand?post=30421"},{"taxonomy":"product_cat","embeddable":true,"href":"https:\/\/singuli.wpress.me\/index.php\/wp-json\/wp\/v2\/product_cat?post=30421"},{"taxonomy":"product_tag","embeddable":true,"href":"https:\/\/singuli.wpress.me\/index.php\/wp-json\/wp\/v2\/product_tag?post=30421"}],"curies":[{"name":"wp","href":"https:\/\/api.w.org\/{rel}","templated":true}]}}