{"id":30471,"date":"2026-04-17T00:25:22","date_gmt":"2026-04-17T00:25:22","guid":{"rendered":"https:\/\/singuli.wpress.me\/index.php\/proizvod\/samsonite-upscape-spinner-55-20-kofer-zelena\/"},"modified":"2026-04-21T00:26:32","modified_gmt":"2026-04-21T00:26:32","slug":"samsonite-upscape-spinner-55-20-kofer-zelena","status":"publish","type":"product","link":"https:\/\/singuli.wpress.me\/index.php\/proizvod\/samsonite-upscape-spinner-55-20-kofer-zelena\/","title":{"rendered":"SAMSONITE Upscape Spinner 55\/20, kofer, zelena"},"content":{"rendered":"<p>Samsoniteova posljednja kolekcija <span style=\"font-weight: bold\">PP Upscape<\/span> lagana je, suvremena i odr\u017eivo proizvedena kolekcija. Kolekcija dolazi s vrhunskim zna\u010dajkama kao \u0161to su kota\u010di koji apsorbiraju udarce, TSA brava i dvosmjerni patentni zatvara\u010d za dodatnu sigurnost, prostrana unutra\u0161njost s unutarnjom podstavom koja se mo\u017ee ukloniti i prati. Kolekcija Upscape nudi udobnost i bezbri\u017eno putovanje.<\/p>\n<p>Karakteristike:<br \/>\n&#8211; USB A &amp; C priklju\u010dak<br \/>\n&#8211; Powerbank torbica (Powerbank nije uklju\u010den)<br \/>\n&#8211; Integrirana ID oznaka<br \/>\n&#8211; Lagan<br \/>\n&#8211; Ekspander<br \/>\n&#8211; Kompresijske trake<br \/>\n&#8211; Dvostruka ru\u010dka za povla\u010denje cijevi<br \/>\n&#8211; Reciklirana rPET podstava<br \/>\n&#8211; Uklonjiva i periva unutra\u0161njost<br \/>\n&#8211; Kota\u010di koji apsorbiraju udarce<br \/>\n&#8211; Sna\u017ean i robustan dizajn<br \/>\n&#8211; Jastu\u010di\u0107 s pregradom s d\u017eepom<br \/>\n&#8211; Materijal: HS POLIPROPILEN (INJ)<br \/>\n&#8211; Dimenzije: 55 x 40 x 20 cm<br \/>\n&#8211; Pro\u0161irivo: 23,0 cm<br \/>\n&#8211; Zapremina: 39L \/ 45L<br \/>\n&#8211; Te\u017eina: 2,3 kg<\/p>\n","protected":false},"excerpt":{"rendered":"<p>Lagana, suvremena i odr\u017eivo proizvedena kolekcija<br \/>\nKota\u010di koji apsorbiraju udarce<br \/>\nDimenzije: 20 x 55 x 40 cm<\/p>\n","protected":false},"featured_media":30473,"template":"","meta":{"_seopress_robots_primary_cat":"","_seopress_titles_title":"","_seopress_titles_desc":"","_seopress_robots_index":"","iawp_total_views":0},"product_brand":[401],"product_cat":[290,221],"product_tag":[],"class_list":{"0":"post-30471","1":"product","2":"type-product","3":"status-publish","4":"has-post-thumbnail","6":"product_brand-samsonite","7":"product_cat-drustvene-igre-221","8":"product_cat-igracke","10":"first","11":"outofstock","12":"shipping-taxable","13":"purchasable","14":"product-type-simple"},"_links":{"self":[{"href":"https:\/\/singuli.wpress.me\/index.php\/wp-json\/wp\/v2\/product\/30471","targetHints":{"allow":["GET"]}}],"collection":[{"href":"https:\/\/singuli.wpress.me\/index.php\/wp-json\/wp\/v2\/product"}],"about":[{"href":"https:\/\/singuli.wpress.me\/index.php\/wp-json\/wp\/v2\/types\/product"}],"version-history":[{"count":0,"href":"https:\/\/singuli.wpress.me\/index.php\/wp-json\/wp\/v2\/product\/30471\/revisions"}],"wp:featuredmedia":[{"embeddable":true,"href":"https:\/\/singuli.wpress.me\/index.php\/wp-json\/wp\/v2\/media\/30473"}],"wp:attachment":[{"href":"https:\/\/singuli.wpress.me\/index.php\/wp-json\/wp\/v2\/media?parent=30471"}],"wp:term":[{"taxonomy":"product_brand","embeddable":true,"href":"https:\/\/singuli.wpress.me\/index.php\/wp-json\/wp\/v2\/product_brand?post=30471"},{"taxonomy":"product_cat","embeddable":true,"href":"https:\/\/singuli.wpress.me\/index.php\/wp-json\/wp\/v2\/product_cat?post=30471"},{"taxonomy":"product_tag","embeddable":true,"href":"https:\/\/singuli.wpress.me\/index.php\/wp-json\/wp\/v2\/product_tag?post=30471"}],"curies":[{"name":"wp","href":"https:\/\/api.w.org\/{rel}","templated":true}]}}