{"id":30585,"date":"2026-04-17T00:25:55","date_gmt":"2026-04-17T00:25:55","guid":{"rendered":"https:\/\/singuli.wpress.me\/index.php\/proizvod\/hexbug-robot-pauk\/"},"modified":"2026-04-20T12:33:02","modified_gmt":"2026-04-20T12:33:02","slug":"hexbug-robot-pauk","status":"publish","type":"product","link":"https:\/\/singuli.wpress.me\/index.php\/proizvod\/hexbug-robot-pauk\/","title":{"rendered":"HEXBUG, robot, pauk"},"content":{"rendered":"<p>Uzmite daljinski u ruke i upravljajte ovim, pomalo jezivim, roboti\u010dkim paukom! <br \/>\nPomo\u0107u ovog nano robota ne\u0107ete samo nau\u010diti o osnovnoj robotici, ve\u0107 svog pauka mo\u017eete nositi svuda sa sobom. <br \/>\nPauk ima 6 robotskih nogu i glavu koja se mo\u017ee rotirati za 360 stupnjeva! <br \/>\nDok se kre\u0107e, mo\u017eete vidjeti slo\u017eenost njegovih unutarnjih mehanizama. <br \/>\nRoboti\u010dki pauk ima LED oko koje svijetli. <br \/>\nDolaze\u0107i s jednostavnim dvokanalnim infracrvenim daljinskim upravlja\u010dem, ova igra\u010dka garantira sjajnu zabavu!<\/p>\n<p>Dob: 8+<\/p>\n","protected":false},"excerpt":{"rendered":"<p>Ima 6 robotskih nogu i glavu koja se mo\u017ee rotirati za 360 stupnjeva<br \/>\nRoboti\u010dki pauk ima LED oko koje svijetli<br \/>\nDob: 8+ god<\/p>\n","protected":false},"featured_media":30587,"template":"","meta":{"_seopress_robots_primary_cat":"","_seopress_titles_title":"","_seopress_titles_desc":"","_seopress_robots_index":"","iawp_total_views":0},"product_brand":[369],"product_cat":[221,291],"product_tag":[],"class_list":{"0":"post-30585","1":"product","2":"type-product","3":"status-publish","4":"has-post-thumbnail","6":"product_brand-hexbug","7":"product_cat-igracke","8":"product_cat-igracke-za-djecu-221","10":"first","11":"outofstock","12":"shipping-taxable","13":"purchasable","14":"product-type-simple"},"_links":{"self":[{"href":"https:\/\/singuli.wpress.me\/index.php\/wp-json\/wp\/v2\/product\/30585","targetHints":{"allow":["GET"]}}],"collection":[{"href":"https:\/\/singuli.wpress.me\/index.php\/wp-json\/wp\/v2\/product"}],"about":[{"href":"https:\/\/singuli.wpress.me\/index.php\/wp-json\/wp\/v2\/types\/product"}],"version-history":[{"count":0,"href":"https:\/\/singuli.wpress.me\/index.php\/wp-json\/wp\/v2\/product\/30585\/revisions"}],"wp:featuredmedia":[{"embeddable":true,"href":"https:\/\/singuli.wpress.me\/index.php\/wp-json\/wp\/v2\/media\/30587"}],"wp:attachment":[{"href":"https:\/\/singuli.wpress.me\/index.php\/wp-json\/wp\/v2\/media?parent=30585"}],"wp:term":[{"taxonomy":"product_brand","embeddable":true,"href":"https:\/\/singuli.wpress.me\/index.php\/wp-json\/wp\/v2\/product_brand?post=30585"},{"taxonomy":"product_cat","embeddable":true,"href":"https:\/\/singuli.wpress.me\/index.php\/wp-json\/wp\/v2\/product_cat?post=30585"},{"taxonomy":"product_tag","embeddable":true,"href":"https:\/\/singuli.wpress.me\/index.php\/wp-json\/wp\/v2\/product_tag?post=30585"}],"curies":[{"name":"wp","href":"https:\/\/api.w.org\/{rel}","templated":true}]}}