{"id":30614,"date":"2026-04-17T00:26:05","date_gmt":"2026-04-17T00:26:05","guid":{"rendered":"https:\/\/singuli.wpress.me\/index.php\/proizvod\/trax-zeljeznica-set-za-igru-rio-grande\/"},"modified":"2026-04-20T12:33:03","modified_gmt":"2026-04-20T12:33:03","slug":"trax-zeljeznica-set-za-igru-rio-grande","status":"publish","type":"product","link":"https:\/\/singuli.wpress.me\/index.php\/proizvod\/trax-zeljeznica-set-za-igru-rio-grande\/","title":{"rendered":"TRAX \u017eeljeznica, set za igru, Rio Grande"},"content":{"rendered":"<p>Predstavljamo vam set Trax \u017deljeznicu Rio Grande &#8211; Klasi\u010dni komplet! Ovaj set donosi klasi\u010dno \u017eeljezni\u010dko iskustvo s modernim dodacima. Ovaj vlak pokre\u0107u dvije AA 1,5V baterije i dolazi s realisti\u010dnim zvukom vlaka i svjetlosnim efektima koji bljeskaju. To \u0107e pru\u017eiti dodatnu zabavu i pru\u017eiti autenti\u010dnost igri. Va\u017eno je napomenuti da baterije nisu uklju\u010dene u proizvod, pa \u0107e ih biti potrebno nabaviti posebno kako biste koristili ovaj set. Ovaj klasi\u010dni set Trax \u017deljeznica Rio Grande donosi kombinaciju tradicionalnog igra\u010dkarskog iskustva s modernim elementima kako bi va\u0161a \u017eeljeznica bila \u0161to realnija i zabavnija.<br \/>\nDob 3+<\/p>\n","protected":false},"excerpt":{"rendered":"<p>Dolazi s realisti\u010dnim zvukom vlaka i svjetlosnim efektima koji bljeskaju<br \/>\nBaterije nisu uklju\u010dene u proizvod<br \/>\nDob: 3+ god<\/p>\n","protected":false},"featured_media":30616,"template":"","meta":{"_seopress_robots_primary_cat":"","_seopress_titles_title":"","_seopress_titles_desc":"","_seopress_robots_index":"","iawp_total_views":0},"product_brand":[407],"product_cat":[221,291],"product_tag":[],"class_list":{"0":"post-30614","1":"product","2":"type-product","3":"status-publish","4":"has-post-thumbnail","6":"product_brand-trax","7":"product_cat-igracke","8":"product_cat-igracke-za-djecu-221","10":"first","11":"instock","12":"shipping-taxable","13":"purchasable","14":"product-type-simple"},"_links":{"self":[{"href":"https:\/\/singuli.wpress.me\/index.php\/wp-json\/wp\/v2\/product\/30614","targetHints":{"allow":["GET"]}}],"collection":[{"href":"https:\/\/singuli.wpress.me\/index.php\/wp-json\/wp\/v2\/product"}],"about":[{"href":"https:\/\/singuli.wpress.me\/index.php\/wp-json\/wp\/v2\/types\/product"}],"version-history":[{"count":0,"href":"https:\/\/singuli.wpress.me\/index.php\/wp-json\/wp\/v2\/product\/30614\/revisions"}],"wp:featuredmedia":[{"embeddable":true,"href":"https:\/\/singuli.wpress.me\/index.php\/wp-json\/wp\/v2\/media\/30616"}],"wp:attachment":[{"href":"https:\/\/singuli.wpress.me\/index.php\/wp-json\/wp\/v2\/media?parent=30614"}],"wp:term":[{"taxonomy":"product_brand","embeddable":true,"href":"https:\/\/singuli.wpress.me\/index.php\/wp-json\/wp\/v2\/product_brand?post=30614"},{"taxonomy":"product_cat","embeddable":true,"href":"https:\/\/singuli.wpress.me\/index.php\/wp-json\/wp\/v2\/product_cat?post=30614"},{"taxonomy":"product_tag","embeddable":true,"href":"https:\/\/singuli.wpress.me\/index.php\/wp-json\/wp\/v2\/product_tag?post=30614"}],"curies":[{"name":"wp","href":"https:\/\/api.w.org\/{rel}","templated":true}]}}