{"id":30631,"date":"2026-04-17T00:26:12","date_gmt":"2026-04-17T00:26:12","guid":{"rendered":"https:\/\/singuli.wpress.me\/index.php\/proizvod\/glade-osvjezivac-zraka-tresnja-i-bozur-komplet-269-ml\/"},"modified":"2026-04-20T12:33:03","modified_gmt":"2026-04-20T12:33:03","slug":"glade-osvjezivac-zraka-tresnja-i-bozur-komplet-269-ml","status":"publish","type":"product","link":"https:\/\/singuli.wpress.me\/index.php\/proizvod\/glade-osvjezivac-zraka-tresnja-i-bozur-komplet-269-ml\/","title":{"rendered":"GLADE, osvje\u017eiva\u010d zraka, tre\u0161nja i bo\u017eur, komplet, 269\u00a0ml"},"content":{"rendered":"<p>Automatski osvje\u017eiva\u010d zraka Glade\u00ae s dekorativnim dizajnom osigurava pouzdanu svje\u017einu u svakoj prostoriji do 60 dana. <\/p>\n<p>Neutralizira neugodne mirise i automatski ispu\u0161ta ugodan miris svakih 9, 18 ili 36 minuta.<\/p>\n<p>Paket sadr\u017ei:<br \/>\n1 x automatski osvje\u017eiva\u010d zraka,<br \/>\n2 x AA baterije,<br \/>\n1 x punjenje<\/p>\n<p>Upute za kori\u0161tenje:<br \/>\nPostavke mjera\u010da vremena: Odaberite jednu od tri vremenske postavke odabirom u\u010destalosti emitiranja mirisa: svakih 9, 18, 36 minuta.<br \/>\n1. Pritisnite tipku na pole\u0111ini za prskanje svje\u017eine.<br \/>\n2. Prskanjem svakih 36 minuta miris traje do 60 dana.<br \/>\n3. Ispravno umetnite baterije (+\/-). Koristite samo AA baterije.<br \/>\n4. Osvje\u017eiva\u010d uvijek otvarajte dalje od lica.<\/p>\n","protected":false},"excerpt":{"rendered":"<p>Paket sadr\u017ei bazu i punjenje osvje\u017eiva\u010da zraka<br \/>\nNeutralizira neugodne mirise<br \/>\nIspu\u0161ta ugodan miris svakih 9, 18 ili 36 minuta<\/p>\n","protected":false},"featured_media":30632,"template":"","meta":{"_seopress_robots_primary_cat":"","_seopress_titles_title":"","_seopress_titles_desc":"","_seopress_robots_index":"","iawp_total_views":0},"product_brand":[405],"product_cat":[243,272],"product_tag":[],"class_list":{"0":"post-30631","1":"product","2":"type-product","3":"status-publish","4":"has-post-thumbnail","6":"product_brand-glade","7":"product_cat-automobili-i-motori","8":"product_cat-motorna-ulja-243","10":"first","11":"instock","12":"shipping-taxable","13":"purchasable","14":"product-type-simple"},"_links":{"self":[{"href":"https:\/\/singuli.wpress.me\/index.php\/wp-json\/wp\/v2\/product\/30631","targetHints":{"allow":["GET"]}}],"collection":[{"href":"https:\/\/singuli.wpress.me\/index.php\/wp-json\/wp\/v2\/product"}],"about":[{"href":"https:\/\/singuli.wpress.me\/index.php\/wp-json\/wp\/v2\/types\/product"}],"version-history":[{"count":0,"href":"https:\/\/singuli.wpress.me\/index.php\/wp-json\/wp\/v2\/product\/30631\/revisions"}],"wp:featuredmedia":[{"embeddable":true,"href":"https:\/\/singuli.wpress.me\/index.php\/wp-json\/wp\/v2\/media\/30632"}],"wp:attachment":[{"href":"https:\/\/singuli.wpress.me\/index.php\/wp-json\/wp\/v2\/media?parent=30631"}],"wp:term":[{"taxonomy":"product_brand","embeddable":true,"href":"https:\/\/singuli.wpress.me\/index.php\/wp-json\/wp\/v2\/product_brand?post=30631"},{"taxonomy":"product_cat","embeddable":true,"href":"https:\/\/singuli.wpress.me\/index.php\/wp-json\/wp\/v2\/product_cat?post=30631"},{"taxonomy":"product_tag","embeddable":true,"href":"https:\/\/singuli.wpress.me\/index.php\/wp-json\/wp\/v2\/product_tag?post=30631"}],"curies":[{"name":"wp","href":"https:\/\/api.w.org\/{rel}","templated":true}]}}