{"id":30768,"date":"2026-04-17T00:28:02","date_gmt":"2026-04-17T00:28:02","guid":{"rendered":"https:\/\/singuli.wpress.me\/index.php\/proizvod\/oral-b-eb-60-4-pro-sensitive-clean-zamjenske-glave-za-cetkicu-4-kom\/"},"modified":"2026-04-20T12:33:03","modified_gmt":"2026-04-20T12:33:03","slug":"oral-b-eb-60-4-pro-sensitive-clean-zamjenske-glave-za-cetkicu-4-kom","status":"publish","type":"product","link":"https:\/\/singuli.wpress.me\/index.php\/proizvod\/oral-b-eb-60-4-pro-sensitive-clean-zamjenske-glave-za-cetkicu-4-kom\/","title":{"rendered":"ORAL-B EB 60-4 Pro Sensitive Clean, zamjenske glave za \u010detkicu, 4\u00a0kom"},"content":{"rendered":"<p><span style=\"font-weight: bold\">Oral-B Pro Sensitive Clean<\/span> ima iznimno nje\u017ena vlakna koja su nje\u017ena prema desnima u kombinaciji s obi\u010dnim vlaknima koja su vrlo u\u010dinkovita za zubne naslage. Originalne glave zubne \u010detkice Oral-B imaju novi raspored vlakana u obliku slova X \u0161to im omogu\u0107uje da \u010diste podru\u010dja do kojih kru\u017eno raspore\u0111ena vlakna ne mogu dosegnuti. <\/p>\n<p>Oral-B je marka zubnih \u010detkica br. 1, koju upotrebljava najvi\u0161e stomatologa diljem svijeta i koja pru\u017ea klini\u010dki dokazane rezultate.<\/p>\n<p>\u2022 Indikator kori\u0161tenja glave zubne \u010detkice promjenom boje vlakana iz zelene u \u017eutu boju podsje\u0107a da zamijenite glavu \u010detkice kad za to do\u0111e trenutak, a sve kako biste zadr\u017eali 100% u\u010dinkovitost \u010di\u0161\u0107enja. <br \/>\n\u2022 Ove su glave zajam\u010deno kompatibilne s dr\u0161kama punjivih elektri\u010dnih zubnih \u010detkica Oral-B, osim dr\u0161ki zubnih \u010detkica Pulsonic i iO.<br \/>\n\u2022 Uklanja do 100% vi\u0161e bakterijskih zubnih naslaga u usporedbi s klasi\u010dnom zubnom \u010detkicom, za \u010di\u0161\u0107e zube i zdravije desni\t<br \/>\n\u2022 Zubna \u010detkica Oral-B Sensitive Clean ima vrlo gusta i iznimno nje\u017ena vlakna za nje\u017eno i u\u010dinkovito \u010di\u0161\u0107enje\t<br \/>\n\u2022 Zajam\u010dena kompatibilnost s dr\u0161kama punjivih elektri\u010dnih zubnih \u010detkica Oral-B, osim dr\u0161ki zubnih \u010detkica Pulsonic i iO<\/p>\n","protected":false},"excerpt":{"rendered":"<p>Oral-B je marka zubnih \u010detkica br. 1<br \/>\nUklanja do 100% vi\u0161e bakterijskih zubnih naslaga<br \/>\nVrlo gusta i iznimno nje\u017ena vlakna za nje\u017eno i u\u010dinkovito \u010di\u0161\u0107enje<\/p>\n","protected":false},"featured_media":30770,"template":"","meta":{"_seopress_robots_primary_cat":"","_seopress_titles_title":"","_seopress_titles_desc":"","_seopress_robots_index":"","iawp_total_views":0},"product_brand":[423],"product_cat":[192,207,209],"product_tag":[],"class_list":{"0":"post-30768","1":"product","2":"type-product","3":"status-publish","4":"has-post-thumbnail","6":"product_brand-oral-b-2","7":"product_cat-aparati-za-osobnu-njegu","8":"product_cat-oralna-higijena","9":"product_cat-zamjenske-glave","11":"first","12":"instock","13":"shipping-taxable","14":"purchasable","15":"product-type-simple"},"_links":{"self":[{"href":"https:\/\/singuli.wpress.me\/index.php\/wp-json\/wp\/v2\/product\/30768","targetHints":{"allow":["GET"]}}],"collection":[{"href":"https:\/\/singuli.wpress.me\/index.php\/wp-json\/wp\/v2\/product"}],"about":[{"href":"https:\/\/singuli.wpress.me\/index.php\/wp-json\/wp\/v2\/types\/product"}],"version-history":[{"count":0,"href":"https:\/\/singuli.wpress.me\/index.php\/wp-json\/wp\/v2\/product\/30768\/revisions"}],"wp:featuredmedia":[{"embeddable":true,"href":"https:\/\/singuli.wpress.me\/index.php\/wp-json\/wp\/v2\/media\/30770"}],"wp:attachment":[{"href":"https:\/\/singuli.wpress.me\/index.php\/wp-json\/wp\/v2\/media?parent=30768"}],"wp:term":[{"taxonomy":"product_brand","embeddable":true,"href":"https:\/\/singuli.wpress.me\/index.php\/wp-json\/wp\/v2\/product_brand?post=30768"},{"taxonomy":"product_cat","embeddable":true,"href":"https:\/\/singuli.wpress.me\/index.php\/wp-json\/wp\/v2\/product_cat?post=30768"},{"taxonomy":"product_tag","embeddable":true,"href":"https:\/\/singuli.wpress.me\/index.php\/wp-json\/wp\/v2\/product_tag?post=30768"}],"curies":[{"name":"wp","href":"https:\/\/api.w.org\/{rel}","templated":true}]}}