{"id":30837,"date":"2026-04-17T00:28:44","date_gmt":"2026-04-17T00:28:44","guid":{"rendered":"https:\/\/singuli.wpress.me\/index.php\/proizvod\/braun-nazalni-aspirator-bna100\/"},"modified":"2026-04-21T00:26:33","modified_gmt":"2026-04-21T00:26:33","slug":"braun-nazalni-aspirator-bna100","status":"publish","type":"product","link":"https:\/\/singuli.wpress.me\/index.php\/proizvod\/braun-nazalni-aspirator-bna100\/","title":{"rendered":"BRAUN, nazalni aspirator, BNA100"},"content":{"rendered":"<p>Brzo i nje\u017eno uklanja vi\u0161ak sluzi iz nosne \u0161upljine.<br \/>\nOlak\u0161ava simptome infekcije gornjih di\u0161nih puteva.<br \/>\nHigijenski postupak \u010di\u0161\u0107enja.<\/p>\n<p>Na\u010din upotrebe: Detaljno je opisan u uputama koje se nalaze uz medicinski proizvod<br \/>\nNa\u010din \u010duvanja: Na suhom mjestu na sobnoj temperaturi, za\u0161ti\u0107en od direktne sun\u010deve svjetlosti i pra\u0161ine.<br \/>\nBroj serije: Otisnut na originalnoj ambala\u017ei <\/p>\n","protected":false},"excerpt":{"rendered":"<p>Brzo i nje\u017eno uklanja vi\u0161ak sluzi iz nosne \u0161upljine<br \/>\nHigijenski postupak \u010di\u0161\u0107enja<br \/>\nOlak\u0161ava simptome infekcije gornjih di\u0161nih puteva<\/p>\n","protected":false},"featured_media":30838,"template":"","meta":{"_seopress_robots_primary_cat":"","_seopress_titles_title":"","_seopress_titles_desc":"","_seopress_robots_index":"","iawp_total_views":0},"product_brand":[144],"product_cat":[160,271],"product_tag":[],"class_list":{"0":"post-30837","1":"product","2":"type-product","3":"status-publish","4":"has-post-thumbnail","6":"product_brand-braun","7":"product_cat-mali-kucanski-aparati","8":"product_cat-usisavaci-i-ciscenje-160","10":"first","11":"instock","12":"shipping-taxable","13":"purchasable","14":"product-type-simple"},"_links":{"self":[{"href":"https:\/\/singuli.wpress.me\/index.php\/wp-json\/wp\/v2\/product\/30837","targetHints":{"allow":["GET"]}}],"collection":[{"href":"https:\/\/singuli.wpress.me\/index.php\/wp-json\/wp\/v2\/product"}],"about":[{"href":"https:\/\/singuli.wpress.me\/index.php\/wp-json\/wp\/v2\/types\/product"}],"version-history":[{"count":0,"href":"https:\/\/singuli.wpress.me\/index.php\/wp-json\/wp\/v2\/product\/30837\/revisions"}],"wp:featuredmedia":[{"embeddable":true,"href":"https:\/\/singuli.wpress.me\/index.php\/wp-json\/wp\/v2\/media\/30838"}],"wp:attachment":[{"href":"https:\/\/singuli.wpress.me\/index.php\/wp-json\/wp\/v2\/media?parent=30837"}],"wp:term":[{"taxonomy":"product_brand","embeddable":true,"href":"https:\/\/singuli.wpress.me\/index.php\/wp-json\/wp\/v2\/product_brand?post=30837"},{"taxonomy":"product_cat","embeddable":true,"href":"https:\/\/singuli.wpress.me\/index.php\/wp-json\/wp\/v2\/product_cat?post=30837"},{"taxonomy":"product_tag","embeddable":true,"href":"https:\/\/singuli.wpress.me\/index.php\/wp-json\/wp\/v2\/product_tag?post=30837"}],"curies":[{"name":"wp","href":"https:\/\/api.w.org\/{rel}","templated":true}]}}