{"id":30856,"date":"2026-04-17T00:28:49","date_gmt":"2026-04-17T00:28:49","guid":{"rendered":"https:\/\/singuli.wpress.me\/index.php\/proizvod\/shell-cistac-motora-0-5-l-2\/"},"modified":"2026-04-17T00:28:49","modified_gmt":"2026-04-17T00:28:49","slug":"shell-cistac-motora-0-5-l-2","status":"publish","type":"product","link":"https:\/\/singuli.wpress.me\/index.php\/proizvod\/shell-cistac-motora-0-5-l-2\/","title":{"rendered":"SHELL, \u010dista\u010d motora, 0.5\u00a0l"},"content":{"rendered":"<p>Trenuta\u010dno prodire u te\u0161ko dostupna mjesta i uklanja tvrdokornu prljav\u0161tinu, masno\u0107u i ulje. Djeluje brzo i u\u010dinkovito. Prikladan i za \u010di\u0161\u0107enje alata i mehani\u010dkih dijelova ure\u0111aja. Sigurno za gumene brtve, plastiku i elektri\u010dne \u017eice. U\u010dinkovit i jednostavan za kori\u0161tenje. <\/p>\n<p><span style=\"font-weight: bold\">Upute za kori\u0161tenje:<\/span> uvijek slijedite preporuke proizvo\u0111a\u010da automobila. Koristite proizvod s isklju\u010denim kontaktom, dok je motor hladan. Osigurajte \u017eice i druge komponente elektri\u010dnog sustava. Protresite posudu, poprskajte povr\u0161inu i ostavite 1-2 minute. Nemojte dopustiti da se sredstvo za \u010di\u0161\u0107enje osu\u0161i. Temeljito isprati vodom. Ne koristiti na obojenim povr\u0161inama.<\/p>\n","protected":false},"excerpt":{"rendered":"<p>Trenuta\u010dno prodire u te\u0161ko dostupna mjesta i uklanja tvrdokornu prljav\u0161tinu, masno\u0107u i ulje<br \/>\nDjeluje brzo i u\u010dinkovito<br \/>\nNe koristiti na obojenim povr\u0161inama<\/p>\n","protected":false},"featured_media":30858,"template":"","meta":{"_seopress_robots_primary_cat":"","_seopress_titles_title":"","_seopress_titles_desc":"","_seopress_robots_index":"","iawp_total_views":0},"product_brand":[326],"product_cat":[243,273],"product_tag":[],"class_list":{"0":"post-30856","1":"product","2":"type-product","3":"status-publish","4":"has-post-thumbnail","6":"product_brand-shell","7":"product_cat-automobili-i-motori","8":"product_cat-njega-vozila-243","10":"first","11":"instock","12":"shipping-taxable","13":"purchasable","14":"product-type-simple"},"_links":{"self":[{"href":"https:\/\/singuli.wpress.me\/index.php\/wp-json\/wp\/v2\/product\/30856","targetHints":{"allow":["GET"]}}],"collection":[{"href":"https:\/\/singuli.wpress.me\/index.php\/wp-json\/wp\/v2\/product"}],"about":[{"href":"https:\/\/singuli.wpress.me\/index.php\/wp-json\/wp\/v2\/types\/product"}],"version-history":[{"count":0,"href":"https:\/\/singuli.wpress.me\/index.php\/wp-json\/wp\/v2\/product\/30856\/revisions"}],"wp:featuredmedia":[{"embeddable":true,"href":"https:\/\/singuli.wpress.me\/index.php\/wp-json\/wp\/v2\/media\/30858"}],"wp:attachment":[{"href":"https:\/\/singuli.wpress.me\/index.php\/wp-json\/wp\/v2\/media?parent=30856"}],"wp:term":[{"taxonomy":"product_brand","embeddable":true,"href":"https:\/\/singuli.wpress.me\/index.php\/wp-json\/wp\/v2\/product_brand?post=30856"},{"taxonomy":"product_cat","embeddable":true,"href":"https:\/\/singuli.wpress.me\/index.php\/wp-json\/wp\/v2\/product_cat?post=30856"},{"taxonomy":"product_tag","embeddable":true,"href":"https:\/\/singuli.wpress.me\/index.php\/wp-json\/wp\/v2\/product_tag?post=30856"}],"curies":[{"name":"wp","href":"https:\/\/api.w.org\/{rel}","templated":true}]}}