{"id":30891,"date":"2026-04-17T00:29:14","date_gmt":"2026-04-17T00:29:14","guid":{"rendered":"https:\/\/singuli.wpress.me\/index.php\/proizvod\/monster-high-lutka\/"},"modified":"2026-04-23T00:27:21","modified_gmt":"2026-04-23T00:27:21","slug":"monster-high-lutka","status":"publish","type":"product","link":"https:\/\/singuli.wpress.me\/proizvod\/monster-high-lutka\/","title":{"rendered":"MONSTER HIGH, lutka"},"content":{"rendered":"<p><span style=\"font-weight: bold\">Monster High\u2122<\/span> se vra\u0107a s jezivo-fantasti\u010dnim lutkama kao \u0161to su bile prvog dana \u0161kole! Draculaura lutka je totalno odu\u0161evila u svojoj prepoznatljivoj odje\u0107i, kao i Clawdeen te Frankie. Njihove raznobojne i moderne frizure nagla\u0161avanju njihovu ljepotu. Svaka dolazi s parom otka\u010denih cipela ili \u010dizama te torbicama koje definitivno privla\u010de pa\u017enju. Njihovi ubojiti dodaci poput nau\u0161nica, ogrlice te trake za kosu upotpunjuju krvolo\u010dan izgled, dok vampirski detalji slave njihovu jedinstveni ljepotu. Uz postolje za lutku i fleksibilnost u laktovima, zape\u0161\u0107ima i koljenima, obo\u017eavatelji mogu snimiti ove kolekcionarske Monster High\u2122 lutke u jezivim pozama za igru ili izlaganje! Lutka ne mo\u017ee stajati sama. Boje i ukrasi mogu varirati. Igra\u010dka dolazi u vi\u0161e razli\u010ditih modela, a isporuka ovisi o njihovoj trenutnoj raspolo\u017eivosti. <\/p>\n","protected":false},"excerpt":{"rendered":"<p>Raznobojne i moderne frizure nagla\u0161avanju njihovu ljepotu<br \/>\nIgra\u010dka dolazi u vi\u0161e razli\u010ditih modela<br \/>\nIsporuka ovisi o njihovoj trenutnoj raspolo\u017eivosti.<\/p>\n","protected":false},"featured_media":30892,"template":"","meta":{"_seopress_robots_primary_cat":"","_seopress_titles_title":"","_seopress_titles_desc":"","_seopress_robots_index":"","iawp_total_views":0},"product_brand":[430],"product_cat":[221,291],"product_tag":[],"class_list":{"0":"post-30891","1":"product","2":"type-product","3":"status-publish","4":"has-post-thumbnail","6":"product_brand-monster-high","7":"product_cat-igracke","8":"product_cat-igracke-za-djecu-221","10":"first","11":"instock","12":"shipping-taxable","13":"purchasable","14":"product-type-simple"},"_links":{"self":[{"href":"https:\/\/singuli.wpress.me\/wp-json\/wp\/v2\/product\/30891","targetHints":{"allow":["GET"]}}],"collection":[{"href":"https:\/\/singuli.wpress.me\/wp-json\/wp\/v2\/product"}],"about":[{"href":"https:\/\/singuli.wpress.me\/wp-json\/wp\/v2\/types\/product"}],"version-history":[{"count":0,"href":"https:\/\/singuli.wpress.me\/wp-json\/wp\/v2\/product\/30891\/revisions"}],"wp:featuredmedia":[{"embeddable":true,"href":"https:\/\/singuli.wpress.me\/wp-json\/wp\/v2\/media\/30892"}],"wp:attachment":[{"href":"https:\/\/singuli.wpress.me\/wp-json\/wp\/v2\/media?parent=30891"}],"wp:term":[{"taxonomy":"product_brand","embeddable":true,"href":"https:\/\/singuli.wpress.me\/wp-json\/wp\/v2\/product_brand?post=30891"},{"taxonomy":"product_cat","embeddable":true,"href":"https:\/\/singuli.wpress.me\/wp-json\/wp\/v2\/product_cat?post=30891"},{"taxonomy":"product_tag","embeddable":true,"href":"https:\/\/singuli.wpress.me\/wp-json\/wp\/v2\/product_tag?post=30891"}],"curies":[{"name":"wp","href":"https:\/\/api.w.org\/{rel}","templated":true}]}}