{"id":30920,"date":"2026-04-17T00:29:30","date_gmt":"2026-04-17T00:29:30","guid":{"rendered":"https:\/\/singuli.wpress.me\/index.php\/proizvod\/games-drustvena-igra-uno-no-mercy\/"},"modified":"2026-04-21T00:26:33","modified_gmt":"2026-04-21T00:26:33","slug":"games-drustvena-igra-uno-no-mercy","status":"publish","type":"product","link":"https:\/\/singuli.wpress.me\/index.php\/proizvod\/games-drustvena-igra-uno-no-mercy\/","title":{"rendered":"GAMES, dru\u0161tvena igra, Uno No Mercy"},"content":{"rendered":"<p><span style=\"font-weight: bold\">UNO Show &#8217;em No Mercy<\/span> na\u0161a je najbrutalnija UNO igra dosad! Sadr\u017ei 168 karata \u0161to je 1.5 standardnog \u0161pila UNO karata. Ima gomilu karata s PUNO stro\u017eim kaznama (je li netko izvukao 10 karata?) i novim pravilima prema kojima \u0107e igra\u010di slagati, mijenjati i izvla\u010diti vi\u0161e karata nego ikad prije! A postoji \u010dak i Pravilo milosr\u0111a (da, shva\u0107amo ironiju) ako stvari postanu pregrube. Postoje dva na\u010dina za pobjedu u ovoj nemilosrdnoj verziji klasi\u010dne igre: rije\u0161ite se svih karata ILI izbacite sve ostale igra\u010de iz igre! Oh, i ako uspijete do\u0107i do jedne karte, ne zaboravite viknuti &#8216;UNO!&#8217;<\/p>\n","protected":false},"excerpt":{"rendered":"<p>Najbrutalnija UNO igra dosad<br \/>\nSadr\u017ei 168 karata \u0161to je 1.5 standardnog \u0161pila UNO karata<br \/>\nNova stro\u017ea, ali zabavnija pravila<\/p>\n","protected":false},"featured_media":30921,"template":"","meta":{"_seopress_robots_primary_cat":"","_seopress_titles_title":"","_seopress_titles_desc":"","_seopress_robots_index":"","iawp_total_views":0},"product_brand":[390],"product_cat":[290,221],"product_tag":[],"class_list":{"0":"post-30920","1":"product","2":"type-product","3":"status-publish","4":"has-post-thumbnail","6":"product_brand-games","7":"product_cat-drustvene-igre-221","8":"product_cat-igracke","10":"first","11":"instock","12":"shipping-taxable","13":"purchasable","14":"product-type-simple"},"_links":{"self":[{"href":"https:\/\/singuli.wpress.me\/index.php\/wp-json\/wp\/v2\/product\/30920","targetHints":{"allow":["GET"]}}],"collection":[{"href":"https:\/\/singuli.wpress.me\/index.php\/wp-json\/wp\/v2\/product"}],"about":[{"href":"https:\/\/singuli.wpress.me\/index.php\/wp-json\/wp\/v2\/types\/product"}],"version-history":[{"count":0,"href":"https:\/\/singuli.wpress.me\/index.php\/wp-json\/wp\/v2\/product\/30920\/revisions"}],"wp:featuredmedia":[{"embeddable":true,"href":"https:\/\/singuli.wpress.me\/index.php\/wp-json\/wp\/v2\/media\/30921"}],"wp:attachment":[{"href":"https:\/\/singuli.wpress.me\/index.php\/wp-json\/wp\/v2\/media?parent=30920"}],"wp:term":[{"taxonomy":"product_brand","embeddable":true,"href":"https:\/\/singuli.wpress.me\/index.php\/wp-json\/wp\/v2\/product_brand?post=30920"},{"taxonomy":"product_cat","embeddable":true,"href":"https:\/\/singuli.wpress.me\/index.php\/wp-json\/wp\/v2\/product_cat?post=30920"},{"taxonomy":"product_tag","embeddable":true,"href":"https:\/\/singuli.wpress.me\/index.php\/wp-json\/wp\/v2\/product_tag?post=30920"}],"curies":[{"name":"wp","href":"https:\/\/api.w.org\/{rel}","templated":true}]}}