{"id":31094,"date":"2026-04-17T00:30:54","date_gmt":"2026-04-17T00:30:54","guid":{"rendered":"https:\/\/singuli.wpress.me\/index.php\/proizvod\/gillette-venus-comfortglide-spa-breeze-zamjenske-britvice-10-kom\/"},"modified":"2026-04-20T12:33:04","modified_gmt":"2026-04-20T12:33:04","slug":"gillette-venus-comfortglide-spa-breeze-zamjenske-britvice-10-kom","status":"publish","type":"product","link":"https:\/\/singuli.wpress.me\/index.php\/proizvod\/gillette-venus-comfortglide-spa-breeze-zamjenske-britvice-10-kom\/","title":{"rendered":"GILLETTE Venus ComfortGlide Spa Breeze, zamjenske britvice, 10\u00a0kom"},"content":{"rendered":"<p>\u017denske britvice Gillette Venus napravljene su imaju\u0107i na umu \u017eensko tijelo. <br \/>\n\u017denske britve Gillette Venus ComfortGlide Spa Breeze imaju 3 o\u0161trice za glatko brijanje. <br \/>\nRezervne o\u0161trice brija\u010da imaju gel trake za klizanje i udobnost koje osloba\u0111aju maslac za tijelo s mirisom bijelog \u010daja.<br \/>\nS rotiraju\u0107im dizajnom koji se prilago\u0111ava konturama va\u0161eg tijela. Sve Venus zamjenske o\u0161trice odgovaraju svim Venus ru\u010dkama brija\u010da (osim Gillette Simply Venus i Gillette Venus Pubic Hair and skin). <br \/>\nZAMJENSKE O\u0160TRICE: 10 ComfortGlide Spa Breeze \u017eenskih zamjenskih o\u0161trica za brijanje, svaka s 3 ugra\u0111ene o\u0161trice za glatko, dugotrajno brijanje. <br \/>\nGLATKO KLIZANJE: gel trake na svakoj rezervnoj o\u0161trici se aktiviraju vodom, osiguravaju\u0107i glatko klizanje sa svakim potezom. <br \/>\nPRILAGODLJIV OBLIK: Dizajn okretne glave koji se prilago\u0111ava konturama va\u0161eg tijela. Ne morate nespretno okretati brija\u010d. <br \/>\nZA\u0160TITA KO\u017dE: gel trake za brijanje ispu\u0161taju bogatu pjenu od maslaca za tijelo od bijelog \u010daja, \u0161tite\u0107i ko\u017eu od ogrebotina, posjekotina i iritacija. Sve Venus zamjenske o\u0161trice odgovaraju svim Venus ru\u010dkama brija\u010da (osim Gillette Simply Venus i Gillette Venus Pubic Hair and Skin).<\/p>\n","protected":false},"excerpt":{"rendered":"<p>4 visokokvalitetne o\u0161trice<br \/>\nTemeljito brijanje uz ko\u017eu<br \/>\nZadr\u017eite ru\u010dku, zamijenite samo o\u0161trice<\/p>\n","protected":false},"featured_media":31095,"template":"","meta":{"_seopress_robots_primary_cat":"","_seopress_titles_title":"","_seopress_titles_desc":"","_seopress_robots_index":"","iawp_total_views":0},"product_brand":[323],"product_cat":[266,265,160],"product_tag":[],"class_list":{"0":"post-31094","1":"product","2":"type-product","3":"status-publish","4":"has-post-thumbnail","6":"product_brand-gillette","7":"product_cat-aparati-za-kuhanje-265","8":"product_cat-kuhinjski-aparati-160","9":"product_cat-mali-kucanski-aparati","11":"first","12":"outofstock","13":"shipping-taxable","14":"purchasable","15":"product-type-simple"},"_links":{"self":[{"href":"https:\/\/singuli.wpress.me\/index.php\/wp-json\/wp\/v2\/product\/31094","targetHints":{"allow":["GET"]}}],"collection":[{"href":"https:\/\/singuli.wpress.me\/index.php\/wp-json\/wp\/v2\/product"}],"about":[{"href":"https:\/\/singuli.wpress.me\/index.php\/wp-json\/wp\/v2\/types\/product"}],"version-history":[{"count":0,"href":"https:\/\/singuli.wpress.me\/index.php\/wp-json\/wp\/v2\/product\/31094\/revisions"}],"wp:featuredmedia":[{"embeddable":true,"href":"https:\/\/singuli.wpress.me\/index.php\/wp-json\/wp\/v2\/media\/31095"}],"wp:attachment":[{"href":"https:\/\/singuli.wpress.me\/index.php\/wp-json\/wp\/v2\/media?parent=31094"}],"wp:term":[{"taxonomy":"product_brand","embeddable":true,"href":"https:\/\/singuli.wpress.me\/index.php\/wp-json\/wp\/v2\/product_brand?post=31094"},{"taxonomy":"product_cat","embeddable":true,"href":"https:\/\/singuli.wpress.me\/index.php\/wp-json\/wp\/v2\/product_cat?post=31094"},{"taxonomy":"product_tag","embeddable":true,"href":"https:\/\/singuli.wpress.me\/index.php\/wp-json\/wp\/v2\/product_tag?post=31094"}],"curies":[{"name":"wp","href":"https:\/\/api.w.org\/{rel}","templated":true}]}}