{"id":31140,"date":"2026-04-17T00:31:19","date_gmt":"2026-04-17T00:31:19","guid":{"rendered":"https:\/\/singuli.wpress.me\/index.php\/proizvod\/gillette-king-c-losion-poslije-brijanja-100-ml\/"},"modified":"2026-04-20T12:33:04","modified_gmt":"2026-04-20T12:33:04","slug":"gillette-king-c-losion-poslije-brijanja-100-ml","status":"publish","type":"product","link":"https:\/\/singuli.wpress.me\/index.php\/proizvod\/gillette-king-c-losion-poslije-brijanja-100-ml\/","title":{"rendered":"GILLETTE King C., losion poslije brijanja, 100\u00a0ml"},"content":{"rendered":"<p>Kako bi va\u0161a brada izgledala \u0161to bolje, treba dobru dozu hidratacije. Gillette King C. Face &amp; Stubble Moisturizer krema za lice i bradu je posebno razvijena za mu\u0161karce koji \u017eele odr\u017eati svoje lice i bradu u savr\u0161enom stanju. Poma\u017ee u odr\u017eavanju prirodne hidratacije lica koje navla\u017euje i osim toga ubla\u017eava znakove suho\u0107e i nadra\u017eenosti. Zahvaljuju\u0107i ovoj njezi koja \u010dini bradu mek\u0161om, lak\u0161e \u0107ete ju obrijati i oblikovati.\u00a0<\/p>\n","protected":false},"excerpt":{"rendered":"<p>zadr\u017eava prirodnu vla\u017enost ko\u017ee<br \/>\numiruje lice i ubla\u017eava znakove suho\u0107e i nadra\u017eenosti<br \/>\nbrzo se upija i ne ostavlja masni film<\/p>\n","protected":false},"featured_media":31141,"template":"","meta":{"_seopress_robots_primary_cat":"","_seopress_titles_title":"","_seopress_titles_desc":"","_seopress_robots_index":"","iawp_total_views":0},"product_brand":[323],"product_cat":[268,278],"product_tag":[],"class_list":{"0":"post-31140","1":"product","2":"type-product","3":"status-publish","4":"has-post-thumbnail","6":"product_brand-gillette","7":"product_cat-kozmetika-2","8":"product_cat-njega-tijela-268","10":"first","11":"outofstock","12":"shipping-taxable","13":"purchasable","14":"product-type-simple"},"_links":{"self":[{"href":"https:\/\/singuli.wpress.me\/index.php\/wp-json\/wp\/v2\/product\/31140","targetHints":{"allow":["GET"]}}],"collection":[{"href":"https:\/\/singuli.wpress.me\/index.php\/wp-json\/wp\/v2\/product"}],"about":[{"href":"https:\/\/singuli.wpress.me\/index.php\/wp-json\/wp\/v2\/types\/product"}],"version-history":[{"count":0,"href":"https:\/\/singuli.wpress.me\/index.php\/wp-json\/wp\/v2\/product\/31140\/revisions"}],"wp:featuredmedia":[{"embeddable":true,"href":"https:\/\/singuli.wpress.me\/index.php\/wp-json\/wp\/v2\/media\/31141"}],"wp:attachment":[{"href":"https:\/\/singuli.wpress.me\/index.php\/wp-json\/wp\/v2\/media?parent=31140"}],"wp:term":[{"taxonomy":"product_brand","embeddable":true,"href":"https:\/\/singuli.wpress.me\/index.php\/wp-json\/wp\/v2\/product_brand?post=31140"},{"taxonomy":"product_cat","embeddable":true,"href":"https:\/\/singuli.wpress.me\/index.php\/wp-json\/wp\/v2\/product_cat?post=31140"},{"taxonomy":"product_tag","embeddable":true,"href":"https:\/\/singuli.wpress.me\/index.php\/wp-json\/wp\/v2\/product_tag?post=31140"}],"curies":[{"name":"wp","href":"https:\/\/api.w.org\/{rel}","templated":true}]}}