{"id":31149,"date":"2026-04-17T00:31:24","date_gmt":"2026-04-17T00:31:24","guid":{"rendered":"https:\/\/singuli.wpress.me\/index.php\/proizvod\/headshoulders-classic-clean-sampon-protiv-peruti-800-ml\/"},"modified":"2026-04-20T12:33:04","modified_gmt":"2026-04-20T12:33:04","slug":"headshoulders-classic-clean-sampon-protiv-peruti-800-ml","status":"publish","type":"product","link":"https:\/\/singuli.wpress.me\/index.php\/proizvod\/headshoulders-classic-clean-sampon-protiv-peruti-800-ml\/","title":{"rendered":"HEAD&amp;SHOULDERS Classic Clean, \u0161ampon protiv peruti, 800\u00a0ml"},"content":{"rendered":"<p>Uklonite do 100 % peruti* i sprije\u010dite njezino pojavljivanje uz \u0161ampon head&amp;shoulders Classic Clean. Njegova napredna formula Derma&amp;Pure u\u010dinkovito se bori protiv masnog i suhog vlasi\u0161ta koje svrbi pa tako zaustavlja perut i prije nego \u0161to se pojavi. Formula je dermatolo\u0161ki testirana i pH uravnote\u017eena, osna\u017eena antioksidansima te prikladna za svakodnevnu upotrebu i sve tipove kose. Va\u0161 saveznik u borbi protiv peruti, head&amp;shoulders.<br \/>\n*vidljive ljuskice uz redovitu upotrebu<\/p>\n","protected":false},"excerpt":{"rendered":"<p>\u0160ampon protiv peruti za kosu i vlasi\u0161te do 100 % bez peruti (vidljive ljuskice, uz redovitu upotrebu)<br \/>\nPoma\u017ee sprije\u010diti vidljivu perut uz redovitu upotrebu<br \/>\nFormula Microbiome Balance ciljano djeluje na glavni uzrok peruti i odr\u017eava ravnote\u017eu mikrobioma vlasi\u0161ta<\/p>\n","protected":false},"featured_media":0,"template":"","meta":{"_seopress_robots_primary_cat":"","_seopress_titles_title":"","_seopress_titles_desc":"","_seopress_robots_index":"","iawp_total_views":0},"product_brand":[443],"product_cat":[268,300],"product_tag":[],"class_list":{"0":"post-31149","1":"product","2":"type-product","3":"status-publish","5":"product_brand-headshoulders","6":"product_cat-kozmetika-2","7":"product_cat-njega-kose-268","9":"first","10":"instock","11":"shipping-taxable","12":"purchasable","13":"product-type-simple"},"_links":{"self":[{"href":"https:\/\/singuli.wpress.me\/index.php\/wp-json\/wp\/v2\/product\/31149","targetHints":{"allow":["GET"]}}],"collection":[{"href":"https:\/\/singuli.wpress.me\/index.php\/wp-json\/wp\/v2\/product"}],"about":[{"href":"https:\/\/singuli.wpress.me\/index.php\/wp-json\/wp\/v2\/types\/product"}],"version-history":[{"count":0,"href":"https:\/\/singuli.wpress.me\/index.php\/wp-json\/wp\/v2\/product\/31149\/revisions"}],"wp:attachment":[{"href":"https:\/\/singuli.wpress.me\/index.php\/wp-json\/wp\/v2\/media?parent=31149"}],"wp:term":[{"taxonomy":"product_brand","embeddable":true,"href":"https:\/\/singuli.wpress.me\/index.php\/wp-json\/wp\/v2\/product_brand?post=31149"},{"taxonomy":"product_cat","embeddable":true,"href":"https:\/\/singuli.wpress.me\/index.php\/wp-json\/wp\/v2\/product_cat?post=31149"},{"taxonomy":"product_tag","embeddable":true,"href":"https:\/\/singuli.wpress.me\/index.php\/wp-json\/wp\/v2\/product_tag?post=31149"}],"curies":[{"name":"wp","href":"https:\/\/api.w.org\/{rel}","templated":true}]}}