{"id":31170,"date":"2026-04-17T00:31:37","date_gmt":"2026-04-17T00:31:37","guid":{"rendered":"https:\/\/singuli.wpress.me\/index.php\/proizvod\/erdut-eti-set-rose-rose-vino-0-75l-tutku-keksi-kakao-krema\/"},"modified":"2026-04-20T12:33:04","modified_gmt":"2026-04-20T12:33:04","slug":"erdut-eti-set-rose-rose-vino-0-75l-tutku-keksi-kakao-krema","status":"publish","type":"product","link":"https:\/\/singuli.wpress.me\/index.php\/proizvod\/erdut-eti-set-rose-rose-vino-0-75l-tutku-keksi-kakao-krema\/","title":{"rendered":"ERDUT &amp; ETI, set, Rose rose vino 0.75l &amp; Tutku keksi kakao krema"},"content":{"rendered":"<p><span style=\"font-weight: bold\">Erdut Rose vino<\/span> osebujnog mirisa i mu\u0161katne arome. Osun\u010dane dunavske padine ovom vinu daju specifi\u010dan pe\u010dat podneblja. Servirati ohla\u0111eno na temperaturi od 10 \u2013 12 \u00b0C.<\/p>\n<p><span style=\"font-weight: bold\">Eti Tutku keks<\/span> s mozaik uzorkom punjen ukusnom \u010dokoladnom kremom (30%). Keks izvrsnog okusa, stvoren za u\u017eivanje u sharing pakiranju<\/p>\n","protected":false},"excerpt":{"rendered":"<p>Vino proizvedeno u vlastitom vinogradu<br \/>\nSadr\u017ei 12 % alkohola<br \/>\nKeksi punjeni ukusnom \u010dokoladnom kremom<\/p>\n","protected":false},"featured_media":31172,"template":"","meta":{"_seopress_robots_primary_cat":"","_seopress_titles_title":"","_seopress_titles_desc":"","_seopress_robots_index":"","iawp_total_views":0},"product_brand":[451],"product_cat":[298,261,277],"product_tag":[],"class_list":{"0":"post-31170","1":"product","2":"type-product","3":"status-publish","4":"has-post-thumbnail","6":"product_brand-erdut-eti","7":"product_cat-alkoholna-pica-261","8":"product_cat-hrana-i-pice","9":"product_cat-slatkisi-i-grickalice-261","11":"first","12":"outofstock","13":"shipping-taxable","14":"purchasable","15":"product-type-simple"},"_links":{"self":[{"href":"https:\/\/singuli.wpress.me\/index.php\/wp-json\/wp\/v2\/product\/31170","targetHints":{"allow":["GET"]}}],"collection":[{"href":"https:\/\/singuli.wpress.me\/index.php\/wp-json\/wp\/v2\/product"}],"about":[{"href":"https:\/\/singuli.wpress.me\/index.php\/wp-json\/wp\/v2\/types\/product"}],"version-history":[{"count":0,"href":"https:\/\/singuli.wpress.me\/index.php\/wp-json\/wp\/v2\/product\/31170\/revisions"}],"wp:featuredmedia":[{"embeddable":true,"href":"https:\/\/singuli.wpress.me\/index.php\/wp-json\/wp\/v2\/media\/31172"}],"wp:attachment":[{"href":"https:\/\/singuli.wpress.me\/index.php\/wp-json\/wp\/v2\/media?parent=31170"}],"wp:term":[{"taxonomy":"product_brand","embeddable":true,"href":"https:\/\/singuli.wpress.me\/index.php\/wp-json\/wp\/v2\/product_brand?post=31170"},{"taxonomy":"product_cat","embeddable":true,"href":"https:\/\/singuli.wpress.me\/index.php\/wp-json\/wp\/v2\/product_cat?post=31170"},{"taxonomy":"product_tag","embeddable":true,"href":"https:\/\/singuli.wpress.me\/index.php\/wp-json\/wp\/v2\/product_tag?post=31170"}],"curies":[{"name":"wp","href":"https:\/\/api.w.org\/{rel}","templated":true}]}}