{"id":31189,"date":"2026-04-17T00:31:50","date_gmt":"2026-04-17T00:31:50","guid":{"rendered":"https:\/\/singuli.wpress.me\/index.php\/proizvod\/lavazza-tierra-selection-espresso-kava-u-zrnu-1-kg\/"},"modified":"2026-04-20T12:33:04","modified_gmt":"2026-04-20T12:33:04","slug":"lavazza-tierra-selection-espresso-kava-u-zrnu-1-kg","status":"publish","type":"product","link":"https:\/\/singuli.wpress.me\/index.php\/proizvod\/lavazza-tierra-selection-espresso-kava-u-zrnu-1-kg\/","title":{"rendered":"LAVAZZA Tierra Selection Espresso, kava u zrnu, 1\u00a0kg"},"content":{"rendered":"<p>Lavazza Tierra Selection Espresso je savr\u0161eno uravnote\u017eena mje\u0161avina vrhunske 100% arabica kave, pa\u017eljivo odabrane iz odr\u017eivih planta\u017ea Latinske Amerike. Ova premium kava isti\u010de se bogatim, zaokru\u017eenim okusom s blagim notama \u010dokolade i su\u0161enog vo\u0107a, \u0161to je \u010dini idealnom za pripremu savr\u0161enog espressa. S intenzitetom 6 od 10, Tierra Selection pru\u017ea ugodnu aromu, srednje tijelo i dugotrajan, kremasti aftertaste. Ovaj blend nije samo sinonim za vrhunsku kvalitetu, ve\u0107 i za odgovornu proizvodnju, podr\u017eavaju\u0107i lokalne zajednice i okoli\u0161.<\/p>\n<p>Sastav kave:100% oprana Arabica<br \/>\nAroma: badem, \u010dokolada, jasmin<br \/>\nIntenzitet: 6\/10<\/p>\n","protected":false},"excerpt":{"rendered":"<p>100% Arabica<br \/>\nIntenzitet: 6\/10<br \/>\nAroma: badem, \u010dokolada, jasmin<\/p>\n","protected":false},"featured_media":31190,"template":"","meta":{"_seopress_robots_primary_cat":"","_seopress_titles_title":"","_seopress_titles_desc":"","_seopress_robots_index":"","iawp_total_views":0},"product_brand":[393],"product_cat":[261,275],"product_tag":[],"class_list":{"0":"post-31189","1":"product","2":"type-product","3":"status-publish","4":"has-post-thumbnail","6":"product_brand-lavazza","7":"product_cat-hrana-i-pice","8":"product_cat-kava-i-cajevi-261","10":"first","11":"instock","12":"shipping-taxable","13":"purchasable","14":"product-type-simple"},"_links":{"self":[{"href":"https:\/\/singuli.wpress.me\/index.php\/wp-json\/wp\/v2\/product\/31189","targetHints":{"allow":["GET"]}}],"collection":[{"href":"https:\/\/singuli.wpress.me\/index.php\/wp-json\/wp\/v2\/product"}],"about":[{"href":"https:\/\/singuli.wpress.me\/index.php\/wp-json\/wp\/v2\/types\/product"}],"version-history":[{"count":0,"href":"https:\/\/singuli.wpress.me\/index.php\/wp-json\/wp\/v2\/product\/31189\/revisions"}],"wp:featuredmedia":[{"embeddable":true,"href":"https:\/\/singuli.wpress.me\/index.php\/wp-json\/wp\/v2\/media\/31190"}],"wp:attachment":[{"href":"https:\/\/singuli.wpress.me\/index.php\/wp-json\/wp\/v2\/media?parent=31189"}],"wp:term":[{"taxonomy":"product_brand","embeddable":true,"href":"https:\/\/singuli.wpress.me\/index.php\/wp-json\/wp\/v2\/product_brand?post=31189"},{"taxonomy":"product_cat","embeddable":true,"href":"https:\/\/singuli.wpress.me\/index.php\/wp-json\/wp\/v2\/product_cat?post=31189"},{"taxonomy":"product_tag","embeddable":true,"href":"https:\/\/singuli.wpress.me\/index.php\/wp-json\/wp\/v2\/product_tag?post=31189"}],"curies":[{"name":"wp","href":"https:\/\/api.w.org\/{rel}","templated":true}]}}