{"id":31194,"date":"2026-04-17T00:31:53","date_gmt":"2026-04-17T00:31:53","guid":{"rendered":"https:\/\/singuli.wpress.me\/index.php\/proizvod\/jar-platinum-plus-all-in-one-kapsule-za-strojno-pranje-posuda-lemon-105-kom\/"},"modified":"2026-04-20T12:33:04","modified_gmt":"2026-04-20T12:33:04","slug":"jar-platinum-plus-all-in-one-kapsule-za-strojno-pranje-posuda-lemon-105-kom","status":"publish","type":"product","link":"https:\/\/singuli.wpress.me\/index.php\/proizvod\/jar-platinum-plus-all-in-one-kapsule-za-strojno-pranje-posuda-lemon-105-kom\/","title":{"rendered":"JAR Platinum Plus All In One, kapsule za strojno pranje posu\u0111a, Lemon, 105\u00a0kom"},"content":{"rendered":"<p>Kapsule za perilicu posu\u0111a Jar Platinum Plus All in One pru\u017eaju najbolje Jarovo \u010di\u0161\u0107enje tvrdokornih ostataka hrane, za posu\u0111e \u010disto kao novo. Jar Platinum Plus jam\u010di izvanredno \u010di\u0161\u0107enje, uklanjaju\u0107i tvrdokorne ostatke hrane \u010dak i pri zahtjevnom testiranju na kratkim programima pranja. Dakle, ako nemate vremena, ne brinite. Perite na kratkom programu. Jar kombinira teku\u0107inu i pra\u0161ak u jednoj mo\u0107noj kapsuli. Izuzetno topiva vre\u0107ica brzo se rastapa, a deterd\u017eent je djelotvoran i na kratkim programima pranja jer odmah po\u010dinje \u010distiti. Ove je kapsule tako jednostavno koristiti. Ne treba im skidati omot, samo ih stavite u pretinac za deterd\u017eent. Perite na kratkom programu te u\u0161tedite vrijeme, energiju i vodu u usporedbi s uobi\u010dajenim, standardnim programom pranja.<\/p>\n","protected":false},"excerpt":{"rendered":"<p>Posu\u0111e blista kao da je novo<br \/>\nU\u010dinkovite \u010dak i na kratkim programima pranja<br \/>\nPerite na kratkom programu te u\u0161tedite vrijeme, energiju i vodu u usporedbi s uobi\u010dajenim programima pranja<\/p>\n","protected":false},"featured_media":31196,"template":"","meta":{"_seopress_robots_primary_cat":"","_seopress_titles_title":"","_seopress_titles_desc":"","_seopress_robots_index":"","iawp_total_views":0},"product_brand":[454],"product_cat":[314,238],"product_tag":[],"class_list":{"0":"post-31194","1":"product","2":"type-product","3":"status-publish","4":"has-post-thumbnail","6":"product_brand-jar","7":"product_cat-pranje-posuda-238","8":"product_cat-sve-za-dom","10":"first","11":"outofstock","12":"shipping-taxable","13":"purchasable","14":"product-type-simple"},"_links":{"self":[{"href":"https:\/\/singuli.wpress.me\/index.php\/wp-json\/wp\/v2\/product\/31194","targetHints":{"allow":["GET"]}}],"collection":[{"href":"https:\/\/singuli.wpress.me\/index.php\/wp-json\/wp\/v2\/product"}],"about":[{"href":"https:\/\/singuli.wpress.me\/index.php\/wp-json\/wp\/v2\/types\/product"}],"version-history":[{"count":0,"href":"https:\/\/singuli.wpress.me\/index.php\/wp-json\/wp\/v2\/product\/31194\/revisions"}],"wp:featuredmedia":[{"embeddable":true,"href":"https:\/\/singuli.wpress.me\/index.php\/wp-json\/wp\/v2\/media\/31196"}],"wp:attachment":[{"href":"https:\/\/singuli.wpress.me\/index.php\/wp-json\/wp\/v2\/media?parent=31194"}],"wp:term":[{"taxonomy":"product_brand","embeddable":true,"href":"https:\/\/singuli.wpress.me\/index.php\/wp-json\/wp\/v2\/product_brand?post=31194"},{"taxonomy":"product_cat","embeddable":true,"href":"https:\/\/singuli.wpress.me\/index.php\/wp-json\/wp\/v2\/product_cat?post=31194"},{"taxonomy":"product_tag","embeddable":true,"href":"https:\/\/singuli.wpress.me\/index.php\/wp-json\/wp\/v2\/product_tag?post=31194"}],"curies":[{"name":"wp","href":"https:\/\/api.w.org\/{rel}","templated":true}]}}