{"id":31198,"date":"2026-04-17T00:31:55","date_gmt":"2026-04-17T00:31:55","guid":{"rendered":"https:\/\/singuli.wpress.me\/index.php\/proizvod\/neutro-roberts-manneti-delicate-deo-roll-on-powder-fresh-50-ml\/"},"modified":"2026-04-21T00:26:34","modified_gmt":"2026-04-21T00:26:34","slug":"neutro-roberts-manneti-delicate-deo-roll-on-powder-fresh-50-ml","status":"publish","type":"product","link":"https:\/\/singuli.wpress.me\/index.php\/proizvod\/neutro-roberts-manneti-delicate-deo-roll-on-powder-fresh-50-ml\/","title":{"rendered":"NEUTRO ROBERTS Manneti Delicate, deo roll-on, Powder Fresh, 50\u00a0ml"},"content":{"rendered":"<p><span style=\"font-weight: bold\">Neutro Roberts deo roll-on Powder Fresh<\/span> je u\u010dinkovito rje\u0161enje za osvje\u017eavaju\u0107u njegu ko\u017ee, za\u0161titu od znojenja i neugodnih mirisa. <br \/>\nPru\u017ea va\u0161em tijelu 48 sati aktivne za\u0161tite od znojenja i neugodnih mirisa. <br \/>\nNe sadr\u017ei alkohol i pogodan je za kori\u0161tenje na razli\u010ditim tipovima ko\u017ee.<\/p>\n","protected":false},"excerpt":{"rendered":"<p>Napredna formula \u0161titi ko\u017eu od znojenja<br \/>\nSprje\u010dava nastanak neugodnih mirisa<br \/>\nOsigurava ugodnu svje\u017einu tijekom cijelog dana<\/p>\n","protected":false},"featured_media":31200,"template":"","meta":{"_seopress_robots_primary_cat":"","_seopress_titles_title":"","_seopress_titles_desc":"","_seopress_robots_index":"","iawp_total_views":0},"product_brand":[412],"product_cat":[285,268],"product_tag":[],"class_list":{"0":"post-31198","1":"product","2":"type-product","3":"status-publish","4":"has-post-thumbnail","6":"product_brand-neutro-roberts","7":"product_cat-dezodoransi-268","8":"product_cat-kozmetika-2","10":"first","11":"instock","12":"shipping-taxable","13":"purchasable","14":"product-type-simple"},"_links":{"self":[{"href":"https:\/\/singuli.wpress.me\/index.php\/wp-json\/wp\/v2\/product\/31198","targetHints":{"allow":["GET"]}}],"collection":[{"href":"https:\/\/singuli.wpress.me\/index.php\/wp-json\/wp\/v2\/product"}],"about":[{"href":"https:\/\/singuli.wpress.me\/index.php\/wp-json\/wp\/v2\/types\/product"}],"version-history":[{"count":0,"href":"https:\/\/singuli.wpress.me\/index.php\/wp-json\/wp\/v2\/product\/31198\/revisions"}],"wp:featuredmedia":[{"embeddable":true,"href":"https:\/\/singuli.wpress.me\/index.php\/wp-json\/wp\/v2\/media\/31200"}],"wp:attachment":[{"href":"https:\/\/singuli.wpress.me\/index.php\/wp-json\/wp\/v2\/media?parent=31198"}],"wp:term":[{"taxonomy":"product_brand","embeddable":true,"href":"https:\/\/singuli.wpress.me\/index.php\/wp-json\/wp\/v2\/product_brand?post=31198"},{"taxonomy":"product_cat","embeddable":true,"href":"https:\/\/singuli.wpress.me\/index.php\/wp-json\/wp\/v2\/product_cat?post=31198"},{"taxonomy":"product_tag","embeddable":true,"href":"https:\/\/singuli.wpress.me\/index.php\/wp-json\/wp\/v2\/product_tag?post=31198"}],"curies":[{"name":"wp","href":"https:\/\/api.w.org\/{rel}","templated":true}]}}