{"id":31218,"date":"2026-04-17T00:32:03","date_gmt":"2026-04-17T00:32:03","guid":{"rendered":"https:\/\/singuli.wpress.me\/index.php\/proizvod\/old-spice-bearglove-dezodorans-u-sticku-50-ml\/"},"modified":"2026-04-20T12:33:04","modified_gmt":"2026-04-20T12:33:04","slug":"old-spice-bearglove-dezodorans-u-sticku-50-ml","status":"publish","type":"product","link":"https:\/\/singuli.wpress.me\/index.php\/proizvod\/old-spice-bearglove-dezodorans-u-sticku-50-ml\/","title":{"rendered":"OLD SPICE Bearglove, dezodorans u sticku, 50\u00a0ml"},"content":{"rendered":"<p>Mo\u017ee\u0161 li zamisliti sna\u017enog, stra\u0161nog grizlija koji zna popravljati helikoptere, ali i raspravljati o politi\u010dkoj situaciji u svijetu na najvi\u0161em nivou? Da? Onda je ovo miris za tebe. Old Spice Bearglove je inspiriran naj\u010di\u0161\u0107im sastojcima, za mu\u017eevne, zavodljive i opasne mu\u0161karce. Ovaj dezodorans u stiku Old Spice ja\u010da tvoju mu\u017eevnu mo\u0107. Stvoren je za samouvjerene mu\u0161karce, sna\u017ene osobnosti, koji znaju kako mirisati dobro. Old Spice nudi \u0161iroku paletu dezodoransa za mu\u0161karce koji \u017eive dinami\u010dnim i nekonvencionalnim \u017eivotom. Upe\u010datljivi mu\u0161ki mirisi koji osna\u017euju i osvje\u017eavaju. Za mu\u0161karca koji osvaja.<\/p>\n","protected":false},"excerpt":{"rendered":"<p>\u010cini te nezaboravnim tako \u0161to te stavlja u samo sredi\u0161te svemira<br \/>\nDjeluje kao za\u0161tita od bijelih i \u017eutih mrlja<br \/>\nDugotrajna svje\u017eina koju svi \u017eele<\/p>\n","protected":false},"featured_media":31219,"template":"","meta":{"_seopress_robots_primary_cat":"","_seopress_titles_title":"","_seopress_titles_desc":"","_seopress_robots_index":"","iawp_total_views":0},"product_brand":[448],"product_cat":[285,268],"product_tag":[],"class_list":{"0":"post-31218","1":"product","2":"type-product","3":"status-publish","4":"has-post-thumbnail","6":"product_brand-old-spice","7":"product_cat-dezodoransi-268","8":"product_cat-kozmetika-2","10":"first","11":"outofstock","12":"shipping-taxable","13":"purchasable","14":"product-type-simple"},"_links":{"self":[{"href":"https:\/\/singuli.wpress.me\/index.php\/wp-json\/wp\/v2\/product\/31218","targetHints":{"allow":["GET"]}}],"collection":[{"href":"https:\/\/singuli.wpress.me\/index.php\/wp-json\/wp\/v2\/product"}],"about":[{"href":"https:\/\/singuli.wpress.me\/index.php\/wp-json\/wp\/v2\/types\/product"}],"version-history":[{"count":0,"href":"https:\/\/singuli.wpress.me\/index.php\/wp-json\/wp\/v2\/product\/31218\/revisions"}],"wp:featuredmedia":[{"embeddable":true,"href":"https:\/\/singuli.wpress.me\/index.php\/wp-json\/wp\/v2\/media\/31219"}],"wp:attachment":[{"href":"https:\/\/singuli.wpress.me\/index.php\/wp-json\/wp\/v2\/media?parent=31218"}],"wp:term":[{"taxonomy":"product_brand","embeddable":true,"href":"https:\/\/singuli.wpress.me\/index.php\/wp-json\/wp\/v2\/product_brand?post=31218"},{"taxonomy":"product_cat","embeddable":true,"href":"https:\/\/singuli.wpress.me\/index.php\/wp-json\/wp\/v2\/product_cat?post=31218"},{"taxonomy":"product_tag","embeddable":true,"href":"https:\/\/singuli.wpress.me\/index.php\/wp-json\/wp\/v2\/product_tag?post=31218"}],"curies":[{"name":"wp","href":"https:\/\/api.w.org\/{rel}","templated":true}]}}