{"id":31221,"date":"2026-04-17T00:32:05","date_gmt":"2026-04-17T00:32:05","guid":{"rendered":"https:\/\/singuli.wpress.me\/index.php\/proizvod\/lenor-orchid-vanilla-omeksivac-96-pranja-2x1200ml-2-4-l\/"},"modified":"2026-04-21T00:26:34","modified_gmt":"2026-04-21T00:26:34","slug":"lenor-orchid-vanilla-omeksivac-96-pranja-2x1200ml-2-4-l","status":"publish","type":"product","link":"https:\/\/singuli.wpress.me\/index.php\/proizvod\/lenor-orchid-vanilla-omeksivac-96-pranja-2x1200ml-2-4-l\/","title":{"rendered":"LENOR Orchid &amp; Vanilla, omek\u0161iva\u010d, 96 pranja, 2x1200ml, 2.4\u00a0l"},"content":{"rendered":"<p>Lenor omek\u0161iva\u010d rublja Lenor Orchid &amp; Vanilla pru\u017ea do tri puta dugotrajniju svje\u017einu (u odnosu na Lenor Sensitive) zahvaljuju\u0107i tehnologiji parfemskih ulja. Zatvorite o\u010di i opustite se. Dragocjeni akordi orhideje savr\u0161eno se stapaju s gurmanskim notama vanilije i stvaraju toplu mirisnu kombinaciju koja vam mo\u017ee pomo\u0107i da se osje\u0107ate opu\u0161teno.<\/p>\n","protected":false},"excerpt":{"rendered":"<p>3 puta dugotrajnija svje\u017eina (u odnosu na Lenor Sensitive)<br \/>\nOmek\u0161iva\u010d rublja s tehnologijom parfemskih ulja<br \/>\nS biljnim sastojcima za meko\u0107u (85% sastojaka koji pridonose Lenorovoj meko\u0107i biljnog su porijekla i \u010dine mali dio formule)<\/p>\n","protected":false},"featured_media":31222,"template":"","meta":{"_seopress_robots_primary_cat":"","_seopress_titles_title":"","_seopress_titles_desc":"","_seopress_robots_index":"","iawp_total_views":0},"product_brand":[446],"product_cat":[283,238],"product_tag":[],"class_list":{"0":"post-31221","1":"product","2":"type-product","3":"status-publish","4":"has-post-thumbnail","6":"product_brand-lenor","7":"product_cat-pranje-rublja-238","8":"product_cat-sve-za-dom","10":"first","11":"instock","12":"shipping-taxable","13":"purchasable","14":"product-type-simple"},"_links":{"self":[{"href":"https:\/\/singuli.wpress.me\/index.php\/wp-json\/wp\/v2\/product\/31221","targetHints":{"allow":["GET"]}}],"collection":[{"href":"https:\/\/singuli.wpress.me\/index.php\/wp-json\/wp\/v2\/product"}],"about":[{"href":"https:\/\/singuli.wpress.me\/index.php\/wp-json\/wp\/v2\/types\/product"}],"version-history":[{"count":0,"href":"https:\/\/singuli.wpress.me\/index.php\/wp-json\/wp\/v2\/product\/31221\/revisions"}],"wp:featuredmedia":[{"embeddable":true,"href":"https:\/\/singuli.wpress.me\/index.php\/wp-json\/wp\/v2\/media\/31222"}],"wp:attachment":[{"href":"https:\/\/singuli.wpress.me\/index.php\/wp-json\/wp\/v2\/media?parent=31221"}],"wp:term":[{"taxonomy":"product_brand","embeddable":true,"href":"https:\/\/singuli.wpress.me\/index.php\/wp-json\/wp\/v2\/product_brand?post=31221"},{"taxonomy":"product_cat","embeddable":true,"href":"https:\/\/singuli.wpress.me\/index.php\/wp-json\/wp\/v2\/product_cat?post=31221"},{"taxonomy":"product_tag","embeddable":true,"href":"https:\/\/singuli.wpress.me\/index.php\/wp-json\/wp\/v2\/product_tag?post=31221"}],"curies":[{"name":"wp","href":"https:\/\/api.w.org\/{rel}","templated":true}]}}