{"id":31278,"date":"2026-04-17T00:32:36","date_gmt":"2026-04-17T00:32:36","guid":{"rendered":"https:\/\/singuli.wpress.me\/index.php\/proizvod\/vitae-fervita-kapsule-20-kom-2\/"},"modified":"2026-04-17T00:32:36","modified_gmt":"2026-04-17T00:32:36","slug":"vitae-fervita-kapsule-20-kom-2","status":"publish","type":"product","link":"https:\/\/singuli.wpress.me\/index.php\/proizvod\/vitae-fervita-kapsule-20-kom-2\/","title":{"rendered":"VITAE \u00aeFerVita, kapsule, 20\u00a0kom"},"content":{"rendered":"<p><span style=\"font-weight: bold\">Fervita<\/span> je posebno formuliran dodatak prehrani koji sadr\u017ei 6 razli\u010ditih izvora \u017eeljeza (bisglicinat, pidolat, citrat, glukonat, pirofosfat, laktat), folnu kiselinu i spirulinu kako bi osigurao maksimalnu apsorpciju i visoku bioraspolo\u017eivost \u017eeljeza.<br \/>\nOva napredna formula osigurava visoku apsorpciju i sadr\u017ei 6 soli visoke bioraspolo\u017eivosti sa zna\u010dajnom koli\u010dinom \u017eeljeza. Uz to, Fervita je oboga\u0107ena folnom kiselinom i spirulinom te sadr\u017ei soli prirodnog porijekla, \u0161to ju \u010dini idealnim izborom za razli\u010dite potrebe.<br \/>\nFerVita se preporu\u010duje kod anemije uzrokovane nedostatkom \u017eeljeza, kod smanjene podno\u0161ljivosti na preparate \u017eeljeza, kod osoba koje imaju pove\u0107anu potrebu za \u017eeljezom kao \u0161to su sporta\u0161i i trudnice, te kod poja\u010danog krvarenja tijekom menstrualnog ciklusa. Tako\u0111er, preporu\u010duje se kod dijeta s niskim unosom \u017eeljeza te kod osoba koje slabo apsorbiraju \u017eeljezo.<\/p>\n<p><span style=\"font-weight: bold\">Na\u010din primjene:<\/span> Popiti 2 kapsule dnevno s velikom \u010dasom vode<\/p>\n<p>Koli\u010dina u dnevnoj dozi:<br \/>\nSpirulina- 400mg                                                                      <br \/>\n\u017deljezo 14mg    (100% PU*)                                                                    <br \/>\nFolna kiselina 200 \u03bcg  (100% PU*)<br \/>\nPU*- preporu\u010deni dnevni unos<\/p>\n","protected":false},"excerpt":{"rendered":"<p>Dodatak prehrani sa spirulinom, \u017eeljezom i folnom kiselinom<br \/>\nSadr\u017ei 6 razli\u010ditih izvora \u017eeljeza<br \/>\nNapredna formula osigurava visoku apsorpciju<\/p>\n","protected":false},"featured_media":31279,"template":"","meta":{"_seopress_robots_primary_cat":"","_seopress_titles_title":"","_seopress_titles_desc":"","_seopress_robots_index":"","iawp_total_views":0},"product_brand":[459],"product_cat":[211,289],"product_tag":[],"class_list":{"0":"post-31278","1":"product","2":"type-product","3":"status-publish","4":"has-post-thumbnail","6":"product_brand-vitae","7":"product_cat-njega-majke-i-djeteta","8":"product_cat-trudnoca-i-vitamini-211","10":"first","11":"outofstock","12":"shipping-taxable","13":"purchasable","14":"product-type-simple"},"_links":{"self":[{"href":"https:\/\/singuli.wpress.me\/index.php\/wp-json\/wp\/v2\/product\/31278","targetHints":{"allow":["GET"]}}],"collection":[{"href":"https:\/\/singuli.wpress.me\/index.php\/wp-json\/wp\/v2\/product"}],"about":[{"href":"https:\/\/singuli.wpress.me\/index.php\/wp-json\/wp\/v2\/types\/product"}],"version-history":[{"count":0,"href":"https:\/\/singuli.wpress.me\/index.php\/wp-json\/wp\/v2\/product\/31278\/revisions"}],"wp:featuredmedia":[{"embeddable":true,"href":"https:\/\/singuli.wpress.me\/index.php\/wp-json\/wp\/v2\/media\/31279"}],"wp:attachment":[{"href":"https:\/\/singuli.wpress.me\/index.php\/wp-json\/wp\/v2\/media?parent=31278"}],"wp:term":[{"taxonomy":"product_brand","embeddable":true,"href":"https:\/\/singuli.wpress.me\/index.php\/wp-json\/wp\/v2\/product_brand?post=31278"},{"taxonomy":"product_cat","embeddable":true,"href":"https:\/\/singuli.wpress.me\/index.php\/wp-json\/wp\/v2\/product_cat?post=31278"},{"taxonomy":"product_tag","embeddable":true,"href":"https:\/\/singuli.wpress.me\/index.php\/wp-json\/wp\/v2\/product_tag?post=31278"}],"curies":[{"name":"wp","href":"https:\/\/api.w.org\/{rel}","templated":true}]}}