{"id":31300,"date":"2026-04-17T00:32:37","date_gmt":"2026-04-17T00:32:37","guid":{"rendered":"https:\/\/singuli.wpress.me\/index.php\/proizvod\/corena-s2-p-68-ulje-za-klipne-zracne-kompresore-20-l-2\/"},"modified":"2026-04-17T00:32:38","modified_gmt":"2026-04-17T00:32:38","slug":"corena-s2-p-68-ulje-za-klipne-zracne-kompresore-20-l-2","status":"publish","type":"product","link":"https:\/\/singuli.wpress.me\/index.php\/proizvod\/corena-s2-p-68-ulje-za-klipne-zracne-kompresore-20-l-2\/","title":{"rendered":"CORENA S2 P 68, ulje za klipne zra\u010dne kompresore, 20\u00a0l"},"content":{"rendered":"<p>Shell Corena S2 P su vrhunska ulja namijenjena za podmazivanje zra\u010dnih kompresora, posebno u\u010dinkovita pri visokim tlakovima u klipnim kompresorima. Dizajnirana su kako bi osigurala kvalitetno i pouzdano podmazivanje \u010dak i pri ekstremnim uvjetima. Ova ulja su prikladna za ve\u0107inu klipnih zra\u010dnih kompresora kod kojih temperature ispuha dose\u017eu do 220 \u00b0C, osiguravaju\u0107i za\u0161titu i dugotrajne performanse.<\/p>\n","protected":false},"excerpt":{"rendered":"<p>Namijenjeno za visokokvalitetno podmazivanje klipnih zra\u010dnih kompresora<br \/>\nFormulirano za optimalan rad u zahtjevnim uvjetima i pod velikim optere\u0107enjima<br \/>\nPogodno za kompresore s temperaturama ispuha do 220 \u00b0C.<\/p>\n","protected":false},"featured_media":31302,"template":"","meta":{"_seopress_robots_primary_cat":"","_seopress_titles_title":"","_seopress_titles_desc":"","_seopress_robots_index":"","iawp_total_views":0},"product_brand":[461],"product_cat":[243,276],"product_tag":[],"class_list":{"0":"post-31300","1":"product","2":"type-product","3":"status-publish","4":"has-post-thumbnail","6":"product_brand-corena","7":"product_cat-automobili-i-motori","8":"product_cat-industrijska-i-specijalna-ulja-243","10":"first","11":"outofstock","12":"shipping-taxable","13":"purchasable","14":"product-type-simple"},"_links":{"self":[{"href":"https:\/\/singuli.wpress.me\/index.php\/wp-json\/wp\/v2\/product\/31300","targetHints":{"allow":["GET"]}}],"collection":[{"href":"https:\/\/singuli.wpress.me\/index.php\/wp-json\/wp\/v2\/product"}],"about":[{"href":"https:\/\/singuli.wpress.me\/index.php\/wp-json\/wp\/v2\/types\/product"}],"version-history":[{"count":0,"href":"https:\/\/singuli.wpress.me\/index.php\/wp-json\/wp\/v2\/product\/31300\/revisions"}],"wp:featuredmedia":[{"embeddable":true,"href":"https:\/\/singuli.wpress.me\/index.php\/wp-json\/wp\/v2\/media\/31302"}],"wp:attachment":[{"href":"https:\/\/singuli.wpress.me\/index.php\/wp-json\/wp\/v2\/media?parent=31300"}],"wp:term":[{"taxonomy":"product_brand","embeddable":true,"href":"https:\/\/singuli.wpress.me\/index.php\/wp-json\/wp\/v2\/product_brand?post=31300"},{"taxonomy":"product_cat","embeddable":true,"href":"https:\/\/singuli.wpress.me\/index.php\/wp-json\/wp\/v2\/product_cat?post=31300"},{"taxonomy":"product_tag","embeddable":true,"href":"https:\/\/singuli.wpress.me\/index.php\/wp-json\/wp\/v2\/product_tag?post=31300"}],"curies":[{"name":"wp","href":"https:\/\/api.w.org\/{rel}","templated":true}]}}