{"id":31442,"date":"2026-04-17T00:33:46","date_gmt":"2026-04-17T00:33:46","guid":{"rendered":"https:\/\/singuli.wpress.me\/index.php\/proizvod\/ariel-all-in-1-kapsule-za-pranje-rublja-20-kom\/"},"modified":"2026-04-21T00:26:35","modified_gmt":"2026-04-21T00:26:35","slug":"ariel-all-in-1-kapsule-za-pranje-rublja-20-kom","status":"publish","type":"product","link":"https:\/\/singuli.wpress.me\/index.php\/proizvod\/ariel-all-in-1-kapsule-za-pranje-rublja-20-kom\/","title":{"rendered":"ARIEL All-in-1, kapsule za pranje rublja, 20\u00a0kom"},"content":{"rendered":"<p>Ariel, brend koji preporu\u010duju Whirlpool, Electrolux, Candy i Beko, predstavlja <span style=\"font-weight: bold\">kapsule teku\u0107eg deterd\u017eenta za pranje rublja Ariel All-in-1 PODS +Touch of Lenor Fresh Air<\/span>! Dolaze s dodatnom plavom komorom, pru\u017eaju dugotrajnu svje\u017einu do 2 tjedna (u ormaru). Usto, Arielove kapsule za pranje rublja mogu pridonijeti i smanjenju plasti\u010dnog otpada zahvaljuju\u0107i kartonskoj kutiji ECOCLIC koja se mo\u017ee reciklirati! Sadr\u017ei maksimalno samo 5% plastike i osmi\u0161ljena je za o\u010duvanje kapsula PODS.kapsule za pranje rublja Ariel Osmi\u0161ljene su za kori\u0161tenje u hladnoj vodi s jedinstvenim tehnologijama poput tehnologije COOL CLEAN. U dodiru s vodom omot se rastapa i osloba\u0111a sna\u017ene tehnologije za uklanjanje mrlja, za dubinsko i sna\u017eno \u010di\u0161\u0107enje kapsulama Ariel All-in-1 PODS +Touch of Lenor Fresh Air. Upozorenje: proizvod mo\u017ee biti \u0161tetan i mo\u017ee prouzro\u010diti te\u0161ku ozljedu. Kapsule za pranje rublja Ariel All-in-1 PODS obavezno \u010duvajte izvan dohvata djece. Za vi\u0161e informacija posjetite keepcapsfromkids.eu.<\/p>\n","protected":false},"excerpt":{"rendered":"<p>Dolaze s dodatnom plavom komorom i pru\u017eaju dugotrajnu svje\u017einu do 2 tjedna (u ormaru)<br \/>\nUklanjaju mrlje, donose blistavost, osvje\u017eavaju te \u0161tite boju, \u010diste i osvje\u017eavaju<br \/>\nOsmi\u0161ljene za pranje na niskim temperaturama koriste\u0107i tehnologiju Cool Clean<\/p>\n","protected":false},"featured_media":31443,"template":"","meta":{"_seopress_robots_primary_cat":"","_seopress_titles_title":"","_seopress_titles_desc":"","_seopress_robots_index":"","iawp_total_views":0},"product_brand":[427],"product_cat":[283,238],"product_tag":[],"class_list":{"0":"post-31442","1":"product","2":"type-product","3":"status-publish","4":"has-post-thumbnail","6":"product_brand-ariel","7":"product_cat-pranje-rublja-238","8":"product_cat-sve-za-dom","10":"first","11":"outofstock","12":"shipping-taxable","13":"purchasable","14":"product-type-simple"},"_links":{"self":[{"href":"https:\/\/singuli.wpress.me\/index.php\/wp-json\/wp\/v2\/product\/31442","targetHints":{"allow":["GET"]}}],"collection":[{"href":"https:\/\/singuli.wpress.me\/index.php\/wp-json\/wp\/v2\/product"}],"about":[{"href":"https:\/\/singuli.wpress.me\/index.php\/wp-json\/wp\/v2\/types\/product"}],"version-history":[{"count":0,"href":"https:\/\/singuli.wpress.me\/index.php\/wp-json\/wp\/v2\/product\/31442\/revisions"}],"wp:featuredmedia":[{"embeddable":true,"href":"https:\/\/singuli.wpress.me\/index.php\/wp-json\/wp\/v2\/media\/31443"}],"wp:attachment":[{"href":"https:\/\/singuli.wpress.me\/index.php\/wp-json\/wp\/v2\/media?parent=31442"}],"wp:term":[{"taxonomy":"product_brand","embeddable":true,"href":"https:\/\/singuli.wpress.me\/index.php\/wp-json\/wp\/v2\/product_brand?post=31442"},{"taxonomy":"product_cat","embeddable":true,"href":"https:\/\/singuli.wpress.me\/index.php\/wp-json\/wp\/v2\/product_cat?post=31442"},{"taxonomy":"product_tag","embeddable":true,"href":"https:\/\/singuli.wpress.me\/index.php\/wp-json\/wp\/v2\/product_tag?post=31442"}],"curies":[{"name":"wp","href":"https:\/\/api.w.org\/{rel}","templated":true}]}}