{"id":31445,"date":"2026-04-17T00:33:47","date_gmt":"2026-04-17T00:33:47","guid":{"rendered":"https:\/\/singuli.wpress.me\/index.php\/proizvod\/lenor-sensitive-omeksivac-2-46-l\/"},"modified":"2026-04-20T12:33:05","modified_gmt":"2026-04-20T12:33:05","slug":"lenor-sensitive-omeksivac-2-46-l","status":"publish","type":"product","link":"https:\/\/singuli.wpress.me\/index.php\/proizvod\/lenor-sensitive-omeksivac-2-46-l\/","title":{"rendered":"LENOR Sensitive, omek\u0161iva\u010d, 2.46\u00a0l"},"content":{"rendered":"<p>Lenor hipoalergeni omek\u0161iva\u010d rublja Sensitive pru\u017ea dugotrajnu svje\u017einu. U\u017eivajte u bo\u017eanstvenoj meko\u0107i i nje\u017enom mirisu osmi\u0161ljenom za osjetljivu ko\u017eu, s certifikatom Europske zaklade za istra\u017eivanje alergija (ECARF).<\/p>\n","protected":false},"excerpt":{"rendered":"<p>Hipoalergeni omek\u0161iva\u010d rublja s certifikatom Europske zaklade za istra\u017eivanje alergija (ECARF)<br \/>\nU\u017eivajte u bo\u017eanstvenoj meko\u0107i i nje\u017enom mirisu osmi\u0161ljenom za osjetljivu ko\u017eu, s certifikatom Europske zaklade za istra\u017eivanje alergija (ECARF)<br \/>\nS biljnim sastojcima za meko\u0107u (85% sastojaka koji pridonose Lenorovoj meko\u0107i biljnog su porijekla i \u010dine mali dio formule)<\/p>\n","protected":false},"featured_media":31447,"template":"","meta":{"_seopress_robots_primary_cat":"","_seopress_titles_title":"","_seopress_titles_desc":"","_seopress_robots_index":"","iawp_total_views":0},"product_brand":[446],"product_cat":[283,238],"product_tag":[],"class_list":{"0":"post-31445","1":"product","2":"type-product","3":"status-publish","4":"has-post-thumbnail","6":"product_brand-lenor","7":"product_cat-pranje-rublja-238","8":"product_cat-sve-za-dom","10":"first","11":"outofstock","12":"shipping-taxable","13":"purchasable","14":"product-type-simple"},"_links":{"self":[{"href":"https:\/\/singuli.wpress.me\/index.php\/wp-json\/wp\/v2\/product\/31445","targetHints":{"allow":["GET"]}}],"collection":[{"href":"https:\/\/singuli.wpress.me\/index.php\/wp-json\/wp\/v2\/product"}],"about":[{"href":"https:\/\/singuli.wpress.me\/index.php\/wp-json\/wp\/v2\/types\/product"}],"version-history":[{"count":0,"href":"https:\/\/singuli.wpress.me\/index.php\/wp-json\/wp\/v2\/product\/31445\/revisions"}],"wp:featuredmedia":[{"embeddable":true,"href":"https:\/\/singuli.wpress.me\/index.php\/wp-json\/wp\/v2\/media\/31447"}],"wp:attachment":[{"href":"https:\/\/singuli.wpress.me\/index.php\/wp-json\/wp\/v2\/media?parent=31445"}],"wp:term":[{"taxonomy":"product_brand","embeddable":true,"href":"https:\/\/singuli.wpress.me\/index.php\/wp-json\/wp\/v2\/product_brand?post=31445"},{"taxonomy":"product_cat","embeddable":true,"href":"https:\/\/singuli.wpress.me\/index.php\/wp-json\/wp\/v2\/product_cat?post=31445"},{"taxonomy":"product_tag","embeddable":true,"href":"https:\/\/singuli.wpress.me\/index.php\/wp-json\/wp\/v2\/product_tag?post=31445"}],"curies":[{"name":"wp","href":"https:\/\/api.w.org\/{rel}","templated":true}]}}