{"id":31474,"date":"2026-04-17T00:34:02","date_gmt":"2026-04-17T00:34:02","guid":{"rendered":"https:\/\/singuli.wpress.me\/index.php\/proizvod\/lavazza-mljevena-kava-crema-e-gusto-dolce-4x250g\/"},"modified":"2026-04-20T12:33:05","modified_gmt":"2026-04-20T12:33:05","slug":"lavazza-mljevena-kava-crema-e-gusto-dolce-4x250g","status":"publish","type":"product","link":"https:\/\/singuli.wpress.me\/index.php\/proizvod\/lavazza-mljevena-kava-crema-e-gusto-dolce-4x250g\/","title":{"rendered":"LAVAZZA, mljevena kava, Crema e Gusto Dolce, 4x250g"},"content":{"rendered":"<p><span style=\"font-weight: bold\">Lavazza Crema e Gusto Dolce<\/span> je pa\u017eljivo izabrana mje\u0161avina kave koja pru\u017ea jedinstveno iskustvo okusa i arome. Ova mljevena kava predstavlja spoj vrhunskih zrna Arabice i Robuste, pa\u017eljivo pr\u017eenih kako bi se postigao bogat, uravnote\u017een okus.<\/p>\n<p>Karakteristi\u010dna meko\u0107a ove kave dodatno je nagla\u0161ena u nazivu &quot;Dolce&quot;, \u0161to na talijanskom zna\u010di &quot;slatko&quot;. U\u017eivajte u nje\u017enom, slatkom okusu koji karakterizira ovu kavu, istovremeno osje\u0107aju\u0107i puno\u0107u i intenzitet koji pru\u017ea mje\u0161avina Robuste.<\/p>\n<p>Lavazza, poznat po dugoj tradiciji pr\u017eenja kave, jam\u010di kvalitetu svakog zrna. Crema e Gusto Dolce mljevena kava stvara kremastu povr\u0161inu na va\u0161em espresso napitku, \u0161to dodatno pobolj\u0161ava vizualno iskustvo.<\/p>\n<p>Ova kava je savr\u0161en izbor za ljubitelje kave koji tra\u017ee kombinaciju fine arome, meko\u0107e i uravnote\u017eenog okusa. Bilo da je pijete crnu ili koristite kao osnovu za razli\u010dite kavne napitke, Lavazza Crema e Gusto Dolce pru\u017ea jedinstvenu kavu koja \u0107e zadovoljiti va\u0161e nepce.<\/p>\n<p>Idealna za moku\/kafetijeru I za ku\u0107ne espresso aparate.<\/p>\n","protected":false},"excerpt":{"rendered":"<p>Arabica i Robusta<br \/>\nIntenzitet 5\/10<br \/>\nSrednje pr\u017eena s aromom suhog vo\u0107a I badema<\/p>\n","protected":false},"featured_media":31476,"template":"","meta":{"_seopress_robots_primary_cat":"","_seopress_titles_title":"","_seopress_titles_desc":"","_seopress_robots_index":"","iawp_total_views":0},"product_brand":[393],"product_cat":[261,275],"product_tag":[],"class_list":{"0":"post-31474","1":"product","2":"type-product","3":"status-publish","4":"has-post-thumbnail","6":"product_brand-lavazza","7":"product_cat-hrana-i-pice","8":"product_cat-kava-i-cajevi-261","10":"first","11":"instock","12":"shipping-taxable","13":"purchasable","14":"product-type-simple"},"_links":{"self":[{"href":"https:\/\/singuli.wpress.me\/index.php\/wp-json\/wp\/v2\/product\/31474","targetHints":{"allow":["GET"]}}],"collection":[{"href":"https:\/\/singuli.wpress.me\/index.php\/wp-json\/wp\/v2\/product"}],"about":[{"href":"https:\/\/singuli.wpress.me\/index.php\/wp-json\/wp\/v2\/types\/product"}],"version-history":[{"count":0,"href":"https:\/\/singuli.wpress.me\/index.php\/wp-json\/wp\/v2\/product\/31474\/revisions"}],"wp:featuredmedia":[{"embeddable":true,"href":"https:\/\/singuli.wpress.me\/index.php\/wp-json\/wp\/v2\/media\/31476"}],"wp:attachment":[{"href":"https:\/\/singuli.wpress.me\/index.php\/wp-json\/wp\/v2\/media?parent=31474"}],"wp:term":[{"taxonomy":"product_brand","embeddable":true,"href":"https:\/\/singuli.wpress.me\/index.php\/wp-json\/wp\/v2\/product_brand?post=31474"},{"taxonomy":"product_cat","embeddable":true,"href":"https:\/\/singuli.wpress.me\/index.php\/wp-json\/wp\/v2\/product_cat?post=31474"},{"taxonomy":"product_tag","embeddable":true,"href":"https:\/\/singuli.wpress.me\/index.php\/wp-json\/wp\/v2\/product_tag?post=31474"}],"curies":[{"name":"wp","href":"https:\/\/api.w.org\/{rel}","templated":true}]}}