{"id":31488,"date":"2026-04-17T00:34:11","date_gmt":"2026-04-17T00:34:11","guid":{"rendered":"https:\/\/singuli.wpress.me\/index.php\/proizvod\/jar-professional-platinum-tekuci-deterdzent-za-pranje-suda-4-l\/"},"modified":"2026-04-20T12:33:05","modified_gmt":"2026-04-20T12:33:05","slug":"jar-professional-platinum-tekuci-deterdzent-za-pranje-suda-4-l","status":"publish","type":"product","link":"https:\/\/singuli.wpress.me\/index.php\/proizvod\/jar-professional-platinum-tekuci-deterdzent-za-pranje-suda-4-l\/","title":{"rendered":"JAR PROFESSIONAL Platinum, teku\u0107i deterd\u017eent za pranje su\u0111a, 4\u00a0l"},"content":{"rendered":"<p>Sredstvo za ru\u010dno pranje posu\u0111a koje razgra\u0111uje masno\u0107u 33% br\u017ee. Boca od 5 l mo\u017ee oprati do 250 profesionalnih sudopera.<\/p>\n<p>Teku\u0107i deterd\u017eent Jar Professional Fairy Platinum koncentrirani je deterd\u017eent za namakanje i pranje posu\u0111a, lonaca i tava, pribora za jelo i drugih povr\u0161ina. Dugotrajno i u\u010dinkovito rje\u0161enje za pranje posu\u0111a.<\/p>\n","protected":false},"excerpt":{"rendered":"<p>Razgra\u0111uje masno\u0107u 33% br\u017ee<br \/>\nDeterd\u017eent za namakanje i pranje posu\u0111a<br \/>\nDugotrajno i u\u010dinkovito rje\u0161enje za pranje posu\u0111a<\/p>\n","protected":false},"featured_media":31489,"template":"","meta":{"_seopress_robots_primary_cat":"","_seopress_titles_title":"","_seopress_titles_desc":"","_seopress_robots_index":"","iawp_total_views":0},"product_brand":[467],"product_cat":[314,238],"product_tag":[],"class_list":{"0":"post-31488","1":"product","2":"type-product","3":"status-publish","4":"has-post-thumbnail","6":"product_brand-jar-professional","7":"product_cat-pranje-posuda-238","8":"product_cat-sve-za-dom","10":"first","11":"outofstock","12":"shipping-taxable","13":"purchasable","14":"product-type-simple"},"_links":{"self":[{"href":"https:\/\/singuli.wpress.me\/index.php\/wp-json\/wp\/v2\/product\/31488","targetHints":{"allow":["GET"]}}],"collection":[{"href":"https:\/\/singuli.wpress.me\/index.php\/wp-json\/wp\/v2\/product"}],"about":[{"href":"https:\/\/singuli.wpress.me\/index.php\/wp-json\/wp\/v2\/types\/product"}],"version-history":[{"count":0,"href":"https:\/\/singuli.wpress.me\/index.php\/wp-json\/wp\/v2\/product\/31488\/revisions"}],"wp:featuredmedia":[{"embeddable":true,"href":"https:\/\/singuli.wpress.me\/index.php\/wp-json\/wp\/v2\/media\/31489"}],"wp:attachment":[{"href":"https:\/\/singuli.wpress.me\/index.php\/wp-json\/wp\/v2\/media?parent=31488"}],"wp:term":[{"taxonomy":"product_brand","embeddable":true,"href":"https:\/\/singuli.wpress.me\/index.php\/wp-json\/wp\/v2\/product_brand?post=31488"},{"taxonomy":"product_cat","embeddable":true,"href":"https:\/\/singuli.wpress.me\/index.php\/wp-json\/wp\/v2\/product_cat?post=31488"},{"taxonomy":"product_tag","embeddable":true,"href":"https:\/\/singuli.wpress.me\/index.php\/wp-json\/wp\/v2\/product_tag?post=31488"}],"curies":[{"name":"wp","href":"https:\/\/api.w.org\/{rel}","templated":true}]}}