{"id":31505,"date":"2026-04-17T00:34:22","date_gmt":"2026-04-17T00:34:22","guid":{"rendered":"https:\/\/singuli.wpress.me\/index.php\/proizvod\/rimula-r7-plus-ai-0w-20-motorno-ulje-za-gospodarska-vozila-209-l\/"},"modified":"2026-04-20T12:33:05","modified_gmt":"2026-04-20T12:33:05","slug":"rimula-r7-plus-ai-0w-20-motorno-ulje-za-gospodarska-vozila-209-l","status":"publish","type":"product","link":"https:\/\/singuli.wpress.me\/index.php\/proizvod\/rimula-r7-plus-ai-0w-20-motorno-ulje-za-gospodarska-vozila-209-l\/","title":{"rendered":"RIMULA R7 Plus AI 0W-20, motorno ulje za gospodarska vozila, 209\u00a0l"},"content":{"rendered":"<p><span style=\"font-weight: bold\">Shell Rimula R7 AI 0W-20<\/span> je potpuno sinteti\u010dko motorno ulje za te\u0161ko optere\u0107ene dizel motore.<br \/>\nSadr\u017ei Low-SAPS tehnologiju aditiva koja osigurava u\u0161tedu u potro\u0161nji goriva kao i manju emisiju \u0161tetnih plinova.<br \/>\nSnaga za\u0161tite dodatno je poja\u010dana upotrebom sinteti\u010dkih baznih ulja \u0161to zna\u010dajno doprinosi smanjenju trenja motora te omogu\u0107uje produ\u017eeni interval izmjene ulja i u\u0161tedu pri odr\u017eavanju. <br \/>\nPrikladno za Euro 6 motore najnovije tehnologije. <br \/>\nProizvod ispunjava najnoviju IVECO specifikaciju, ne mo\u017ee se upotrebljavati u starijim motorima.<br \/>\n<span style=\"font-weight: bold\"><br \/>\nSpecifikacije: <\/span>Iveco 18-1804 TLV LS<br \/>\nZa potpunu listu specifikacija kontaktirajte tehni\u010dkog predstavnika.<\/p>\n","protected":false},"excerpt":{"rendered":"<p>Potpuno sinteti\u010dko motorno ulje za te\u0161ko optere\u0107ene dizel motore<br \/>\nSadr\u017ei Low-SAPS tehnologiju aditiva<br \/>\nPrikladno za Euro 6 motore najnovije tehnologije<\/p>\n","protected":false},"featured_media":31507,"template":"","meta":{"_seopress_robots_primary_cat":"","_seopress_titles_title":"","_seopress_titles_desc":"","_seopress_robots_index":"","iawp_total_views":0},"product_brand":[469],"product_cat":[243,276,272],"product_tag":[],"class_list":{"0":"post-31505","1":"product","2":"type-product","3":"status-publish","4":"has-post-thumbnail","6":"product_brand-rimula","7":"product_cat-automobili-i-motori","8":"product_cat-industrijska-i-specijalna-ulja-243","9":"product_cat-motorna-ulja-243","11":"first","12":"instock","13":"shipping-taxable","14":"purchasable","15":"product-type-simple"},"_links":{"self":[{"href":"https:\/\/singuli.wpress.me\/index.php\/wp-json\/wp\/v2\/product\/31505","targetHints":{"allow":["GET"]}}],"collection":[{"href":"https:\/\/singuli.wpress.me\/index.php\/wp-json\/wp\/v2\/product"}],"about":[{"href":"https:\/\/singuli.wpress.me\/index.php\/wp-json\/wp\/v2\/types\/product"}],"version-history":[{"count":0,"href":"https:\/\/singuli.wpress.me\/index.php\/wp-json\/wp\/v2\/product\/31505\/revisions"}],"wp:featuredmedia":[{"embeddable":true,"href":"https:\/\/singuli.wpress.me\/index.php\/wp-json\/wp\/v2\/media\/31507"}],"wp:attachment":[{"href":"https:\/\/singuli.wpress.me\/index.php\/wp-json\/wp\/v2\/media?parent=31505"}],"wp:term":[{"taxonomy":"product_brand","embeddable":true,"href":"https:\/\/singuli.wpress.me\/index.php\/wp-json\/wp\/v2\/product_brand?post=31505"},{"taxonomy":"product_cat","embeddable":true,"href":"https:\/\/singuli.wpress.me\/index.php\/wp-json\/wp\/v2\/product_cat?post=31505"},{"taxonomy":"product_tag","embeddable":true,"href":"https:\/\/singuli.wpress.me\/index.php\/wp-json\/wp\/v2\/product_tag?post=31505"}],"curies":[{"name":"wp","href":"https:\/\/api.w.org\/{rel}","templated":true}]}}