{"id":31521,"date":"2026-04-17T00:34:28","date_gmt":"2026-04-17T00:34:28","guid":{"rendered":"https:\/\/singuli.wpress.me\/index.php\/proizvod\/intimea-hygieia-tekuci-sapun-ansei-hygieia-200-ml-intimea-jasmine-200-ml\/"},"modified":"2026-04-20T12:33:05","modified_gmt":"2026-04-20T12:33:05","slug":"intimea-hygieia-tekuci-sapun-ansei-hygieia-200-ml-intimea-jasmine-200-ml","status":"publish","type":"product","link":"https:\/\/singuli.wpress.me\/index.php\/proizvod\/intimea-hygieia-tekuci-sapun-ansei-hygieia-200-ml-intimea-jasmine-200-ml\/","title":{"rendered":"INTIMEA HYGIEIA, teku\u0107i sapun, Ansei Hygieia 200 ml + Intimea Jasmine 200 ml"},"content":{"rendered":"<p><span style=\"font-weight: bold\">Ansei<\/span>, nje\u017eni kremasti teku\u0107i sapun za perianalno podru\u010dje. Izra\u0111en je od specijalnih sastojaka i ekstrakta hrastove kore s prilago\u0111enim pH 4.4, ne isu\u0161uje sluznicu i ko\u017eu te osigurava adekvatnu higijenu ovog delikatnog podru\u010dja.  Ne sadr\u017ei  umjetne boje i parfeme. U lije\u010denju hemoroida, odgovaraju\u0107a briga za analnu higijenu je vrlo va\u017ena jer lo\u0161a higijena mo\u017ee uzrokovati dodatne probleme. Pranje s klasi\u010dnim sapunima mo\u017ee jo\u0161 vi\u0161e isu\u0161iti i iritirati ko\u017eu i sluznicu u analnom podru\u010dju, \u0161to dodatno pove\u0107ava nelagodu.  Pravilna njega i higijena ne lije\u010de probleme s hemoroidima ili drugim bolestima analnog podru\u010dja, ve\u0107 ubla\u017eavaju simptome kao \u0161to su iritacija i svrbe\u017e, \u010dime se pobolj\u0161ava op\u0107e stanje bolesnika s tim problemima. <\/p>\n<p><span style=\"font-weight: bold\">Na\u010din primjene:<\/span> Nanesite malu koli\u010dinu sapuna na perianalno podru\u010dje, zapjenite i isperite. Samo za vanjsku upotrebu. Pravilna njega i higijena ne lije\u010de probleme s hemoroidima ili drugim bolestima analnog podru\u010dja, ve\u0107 ubla\u017eavaju simptome kao \u0161to su iritacija i svrbe\u017e, \u010dime se pobolj\u0161ava op\u0107e stanje bolesnika s tim problemima.<\/p>\n<p><span style=\"font-family: Roboto;font-size: 15px\"><span style=\"font-weight: bold\">Intimea Jasmine<\/span> nje\u017eni teku\u0107i sapun za intimnu njegu, kremaste strukture i blagog ugodnog mirisa jasmina. Sapun pru\u017ea osobnu svje\u017einu tijekom cijelog dana, ne nadra\u017euje intimno podru\u010dje.<\/span><br style=\"font-family: Roboto;font-size: 15px\"><span style=\"font-family: Roboto;font-size: 15px\">Bez dodanih mirisa, s ekstraktom kadulje, maslinovim uljem i mlije\u010dnom kiselinom i mirisom jasmina iz kojeg su uklonjeni alergeni.<\/span><br style=\"font-family: Roboto;font-size: 15px\"><span style=\"font-family: Roboto;font-size: 15px\">pH = 4,0 odr\u017eava prirodnu ravnote\u017eu vaginalne flore.<\/span><\/p>\n<p>\n<span style=\"font-weight: bold\">Na\u010din primjene:<\/span> Nanesite malu koli\u010dinu sapuna na intimne dijelove, zapijenite i isperte. Samo za vanjsku upotrebu.<\/p>\n","protected":false},"excerpt":{"rendered":"<p>Ansei, nje\u017eni kremasti teku\u0107i sapun za perianalno podru\u010dje. Izra\u0111en je od specijalnih sastojaka i ekstrakta hrastove kore s prilago\u0111enim pH 4.4.<br \/>\nNe isu\u0161uje sluznicu i ko\u017eu te osigurava adekvatnu higijenu ovog delikatnog podru\u010dja<br \/>\nIntimea Classic nje\u017ean je teku\u0107i sapun<\/p>\n","protected":false},"featured_media":31523,"template":"","meta":{"_seopress_robots_primary_cat":"","_seopress_titles_title":"","_seopress_titles_desc":"","_seopress_robots_index":"","iawp_total_views":0},"product_brand":[417],"product_cat":[268,278],"product_tag":[],"class_list":{"0":"post-31521","1":"product","2":"type-product","3":"status-publish","4":"has-post-thumbnail","6":"product_brand-intimea-hygieia","7":"product_cat-kozmetika-2","8":"product_cat-njega-tijela-268","10":"first","11":"outofstock","12":"shipping-taxable","13":"purchasable","14":"product-type-simple"},"_links":{"self":[{"href":"https:\/\/singuli.wpress.me\/index.php\/wp-json\/wp\/v2\/product\/31521","targetHints":{"allow":["GET"]}}],"collection":[{"href":"https:\/\/singuli.wpress.me\/index.php\/wp-json\/wp\/v2\/product"}],"about":[{"href":"https:\/\/singuli.wpress.me\/index.php\/wp-json\/wp\/v2\/types\/product"}],"version-history":[{"count":0,"href":"https:\/\/singuli.wpress.me\/index.php\/wp-json\/wp\/v2\/product\/31521\/revisions"}],"wp:featuredmedia":[{"embeddable":true,"href":"https:\/\/singuli.wpress.me\/index.php\/wp-json\/wp\/v2\/media\/31523"}],"wp:attachment":[{"href":"https:\/\/singuli.wpress.me\/index.php\/wp-json\/wp\/v2\/media?parent=31521"}],"wp:term":[{"taxonomy":"product_brand","embeddable":true,"href":"https:\/\/singuli.wpress.me\/index.php\/wp-json\/wp\/v2\/product_brand?post=31521"},{"taxonomy":"product_cat","embeddable":true,"href":"https:\/\/singuli.wpress.me\/index.php\/wp-json\/wp\/v2\/product_cat?post=31521"},{"taxonomy":"product_tag","embeddable":true,"href":"https:\/\/singuli.wpress.me\/index.php\/wp-json\/wp\/v2\/product_tag?post=31521"}],"curies":[{"name":"wp","href":"https:\/\/api.w.org\/{rel}","templated":true}]}}