{"id":31596,"date":"2026-04-17T00:35:07","date_gmt":"2026-04-17T00:35:07","guid":{"rendered":"https:\/\/singuli.wpress.me\/index.php\/proizvod\/iggy-ziggy-daljinski-upravljac-za-bebe\/"},"modified":"2026-04-20T12:33:06","modified_gmt":"2026-04-20T12:33:06","slug":"iggy-ziggy-daljinski-upravljac-za-bebe","status":"publish","type":"product","link":"https:\/\/singuli.wpress.me\/index.php\/proizvod\/iggy-ziggy-daljinski-upravljac-za-bebe\/","title":{"rendered":"IGGY ZIGGY, daljinski upravlja\u010d, za bebe"},"content":{"rendered":"<p>Ova inovativna igra\u010dka pru\u017ea nevjerojatno stimulativno iskustvo za najmla\u0111e. Raznolike funkcije i zvu\u010dni efekti na svakom gumbu poti\u010du razvoj djetetovih osjetila, dok svjetlucave boje stvaraju \u010daroban vizualni dojam. Uz ove zabavne zna\u010dajke, igra\u010dka je savr\u0161ena za poticanje igre, istra\u017eivanja i razvoja kod najmla\u0111ih korisnika.<br \/>\nDob +6mj<\/p>\n","protected":false},"excerpt":{"rendered":"<p>Pru\u017ea nevjerojatno stimulativno iskustvo za najmla\u0111e<br \/>\nRaznolike funkcije i zvu\u010dni efekti na svakom gumbu poti\u010du razvoj djetetovih osjetila<br \/>\nDob: 6+m<\/p>\n","protected":false},"featured_media":31597,"template":"","meta":{"_seopress_robots_primary_cat":"","_seopress_titles_title":"","_seopress_titles_desc":"","_seopress_robots_index":"","iawp_total_views":0},"product_brand":[358],"product_cat":[221,291],"product_tag":[],"class_list":{"0":"post-31596","1":"product","2":"type-product","3":"status-publish","4":"has-post-thumbnail","6":"product_brand-iggy-ziggy","7":"product_cat-igracke","8":"product_cat-igracke-za-djecu-221","10":"first","11":"outofstock","12":"shipping-taxable","13":"purchasable","14":"product-type-simple"},"_links":{"self":[{"href":"https:\/\/singuli.wpress.me\/index.php\/wp-json\/wp\/v2\/product\/31596","targetHints":{"allow":["GET"]}}],"collection":[{"href":"https:\/\/singuli.wpress.me\/index.php\/wp-json\/wp\/v2\/product"}],"about":[{"href":"https:\/\/singuli.wpress.me\/index.php\/wp-json\/wp\/v2\/types\/product"}],"version-history":[{"count":0,"href":"https:\/\/singuli.wpress.me\/index.php\/wp-json\/wp\/v2\/product\/31596\/revisions"}],"wp:featuredmedia":[{"embeddable":true,"href":"https:\/\/singuli.wpress.me\/index.php\/wp-json\/wp\/v2\/media\/31597"}],"wp:attachment":[{"href":"https:\/\/singuli.wpress.me\/index.php\/wp-json\/wp\/v2\/media?parent=31596"}],"wp:term":[{"taxonomy":"product_brand","embeddable":true,"href":"https:\/\/singuli.wpress.me\/index.php\/wp-json\/wp\/v2\/product_brand?post=31596"},{"taxonomy":"product_cat","embeddable":true,"href":"https:\/\/singuli.wpress.me\/index.php\/wp-json\/wp\/v2\/product_cat?post=31596"},{"taxonomy":"product_tag","embeddable":true,"href":"https:\/\/singuli.wpress.me\/index.php\/wp-json\/wp\/v2\/product_tag?post=31596"}],"curies":[{"name":"wp","href":"https:\/\/api.w.org\/{rel}","templated":true}]}}