{"id":31724,"date":"2026-04-17T00:36:07","date_gmt":"2026-04-17T00:36:07","guid":{"rendered":"https:\/\/singuli.wpress.me\/index.php\/proizvod\/air-clay-set-dino-prijatelji\/"},"modified":"2026-04-20T12:33:06","modified_gmt":"2026-04-20T12:33:06","slug":"air-clay-set-dino-prijatelji","status":"publish","type":"product","link":"https:\/\/singuli.wpress.me\/index.php\/proizvod\/air-clay-set-dino-prijatelji\/","title":{"rendered":"AIR CLAY, set, Dino prijatelji"},"content":{"rendered":"<p>Kreirajte svoje vlastite dinosaure s Play-Doh Air Clay setom za oblikovanje, gdje se svaka kreacija pretvara u nezaboravnu avanturu!<br \/>\nKoriste\u0107i razli\u010dite boje gline djeca mogu stvoriti svoje vlastite dinosaure. Kada se osu\u0161e, ova \u010dudesna stvorenja postaju spremna za nezaboravne igre ili izlo\u017ebu u dje\u010djoj sobi.<br \/>\nOvaj komplet dolazi s dva pakiranja boje zra\u010dne gline, setom \u0161arenih o\u010diju i okvirom fosila dinosaura, pru\u017eaju\u0107i djeci mogu\u0107nost da razvijaju svoje motori\u010dke vje\u0161tine stvaranjem i oblikovanjem svojih unikatnih kreacija. Mo\u017eete pokriti okvir dinosaura u potpunosti ili ostaviti kosti izlo\u017eene, stvaraju\u0107i tako jedinstvenu verziju ovih stvorenja.<br \/>\nKada se su\u0161e 24 sata, ovi dinosauri o\u017eivljavaju u epskim avanturama igre, \u010dekaju\u0107i da djeca istra\u017ee svijet s njima. Kalupi za dinosaure Play-Doh Air Clay dostupni su u 3 razli\u010dita dinosaura, \u010dime poti\u010du sakupljanje i stvaranje vlastite zbirke.<\/p>\n<p>Dob: 4+ god<\/p>\n","protected":false},"excerpt":{"rendered":"<p>Kreirajte vlastitih dinosaure<br \/>\nRazli\u010dite boje gline<br \/>\nDob: 4+ god<\/p>\n","protected":false},"featured_media":31725,"template":"","meta":{"_seopress_robots_primary_cat":"","_seopress_titles_title":"","_seopress_titles_desc":"","_seopress_robots_index":"","iawp_total_views":0},"product_brand":[480],"product_cat":[221,291],"product_tag":[],"class_list":{"0":"post-31724","1":"product","2":"type-product","3":"status-publish","4":"has-post-thumbnail","6":"product_brand-air-clay","7":"product_cat-igracke","8":"product_cat-igracke-za-djecu-221","10":"first","11":"instock","12":"shipping-taxable","13":"purchasable","14":"product-type-simple"},"_links":{"self":[{"href":"https:\/\/singuli.wpress.me\/index.php\/wp-json\/wp\/v2\/product\/31724","targetHints":{"allow":["GET"]}}],"collection":[{"href":"https:\/\/singuli.wpress.me\/index.php\/wp-json\/wp\/v2\/product"}],"about":[{"href":"https:\/\/singuli.wpress.me\/index.php\/wp-json\/wp\/v2\/types\/product"}],"version-history":[{"count":0,"href":"https:\/\/singuli.wpress.me\/index.php\/wp-json\/wp\/v2\/product\/31724\/revisions"}],"wp:featuredmedia":[{"embeddable":true,"href":"https:\/\/singuli.wpress.me\/index.php\/wp-json\/wp\/v2\/media\/31725"}],"wp:attachment":[{"href":"https:\/\/singuli.wpress.me\/index.php\/wp-json\/wp\/v2\/media?parent=31724"}],"wp:term":[{"taxonomy":"product_brand","embeddable":true,"href":"https:\/\/singuli.wpress.me\/index.php\/wp-json\/wp\/v2\/product_brand?post=31724"},{"taxonomy":"product_cat","embeddable":true,"href":"https:\/\/singuli.wpress.me\/index.php\/wp-json\/wp\/v2\/product_cat?post=31724"},{"taxonomy":"product_tag","embeddable":true,"href":"https:\/\/singuli.wpress.me\/index.php\/wp-json\/wp\/v2\/product_tag?post=31724"}],"curies":[{"name":"wp","href":"https:\/\/api.w.org\/{rel}","templated":true}]}}