{"id":31769,"date":"2026-04-17T00:36:23","date_gmt":"2026-04-17T00:36:23","guid":{"rendered":"https:\/\/singuli.wpress.me\/index.php\/proizvod\/heinz-umak-za-tjesteninu-bosiljak-i-cesnjak-500-g\/"},"modified":"2026-04-20T12:33:06","modified_gmt":"2026-04-20T12:33:06","slug":"heinz-umak-za-tjesteninu-bosiljak-i-cesnjak-500-g","status":"publish","type":"product","link":"https:\/\/singuli.wpress.me\/index.php\/proizvod\/heinz-umak-za-tjesteninu-bosiljak-i-cesnjak-500-g\/","title":{"rendered":"HEINZ, umak za tjesteninu, bosiljak i \u010de\u0161njak, 500\u00a0g"},"content":{"rendered":"<p><span style=\"font-weight: bold\">Heinz umak od bosiljka i \u010de\u0161njaka<\/span> je popularan proizvod koji se koristi \u0161irom svijeta. Heinz je poznati brend koji proizvodi razne prehrambene proizvode, a umak od bosiljka i \u010de\u0161njaka je jedan od njih.<\/p>\n<p>Ukusan umak s izra\u017eenim okusom bosiljka i arome \u010de\u0161njaka. Izra\u0111en je od pa\u017eljivo odabranih sastojaka, uklju\u010duju\u0107i svje\u017ei bosiljak, \u010de\u0161njak, za\u010dine, biljke i druge aromati\u010dne sastojke. Ovaj umak dodaje izvanredan okus jelima kojima se dodaje.<\/p>\n<p>Umak od bosiljka i \u010de\u0161njaka se \u010desto koristi kao preljev za tjesteninu, pizza, sendvi\u010de i druge vrste peciva. Tako\u0111er se mo\u017ee koristiti kao umak za umakanje ili dodatak jelima kako bi se postigao bogatiji okus. Aroma bosiljka i \u010de\u0161njaka daju umaku karakteristi\u010dnu notu svje\u017eine.<\/p>\n<p>Dolazi u prakti\u010dnim bo\u010dicama koje su jednostavne za upotrebu i \u010duvanje. Mo\u017ee se lako dozirati i dodavati jelima prema \u017eeljenom okusu.<\/p>\n<p>Kao i ostali proizvodi Heinz, umak od bosiljka i \u010de\u0161njaka se proizvodi s visokim standardima kvalitete i sigurnosti hrane. Brend Heinz je poznat po svom dugogodi\u0161njem iskustvu i predanosti u proizvodnji vrhunskih prehrambenih proizvoda.<\/p>\n<p>Ukratko, Heinz umak od bosiljka i \u010de\u0161njaka je popularan proizvod koji nudi izvanredan okus i miris bosiljka i \u010de\u0161njaka. Njegova raznolika upotreba \u010dini ga omiljenim dodatkom u mnogim jelima i pecivima, dodaju\u0107i im svje\u017einu i aromu.<\/p>\n","protected":false},"excerpt":{"rendered":"<p>Ukusan umak s izra\u017eenim okusom bosiljka i arome \u010de\u0161njaka<br \/>\nIstek roka: 08.05.2024.<br \/>\nZa ovaj artikl je isklju\u010deno pravo na povrat zbog blizine isteka roka<\/p>\n","protected":false},"featured_media":31771,"template":"","meta":{"_seopress_robots_primary_cat":"","_seopress_titles_title":"","_seopress_titles_desc":"","_seopress_robots_index":"","iawp_total_views":0},"product_brand":[395],"product_cat":[261,299],"product_tag":[],"class_list":{"0":"post-31769","1":"product","2":"type-product","3":"status-publish","4":"has-post-thumbnail","6":"product_brand-heinz","7":"product_cat-hrana-i-pice","8":"product_cat-konzervirana-i-gotova-hrana-261","10":"first","11":"outofstock","12":"shipping-taxable","13":"purchasable","14":"product-type-simple"},"_links":{"self":[{"href":"https:\/\/singuli.wpress.me\/index.php\/wp-json\/wp\/v2\/product\/31769","targetHints":{"allow":["GET"]}}],"collection":[{"href":"https:\/\/singuli.wpress.me\/index.php\/wp-json\/wp\/v2\/product"}],"about":[{"href":"https:\/\/singuli.wpress.me\/index.php\/wp-json\/wp\/v2\/types\/product"}],"version-history":[{"count":0,"href":"https:\/\/singuli.wpress.me\/index.php\/wp-json\/wp\/v2\/product\/31769\/revisions"}],"wp:featuredmedia":[{"embeddable":true,"href":"https:\/\/singuli.wpress.me\/index.php\/wp-json\/wp\/v2\/media\/31771"}],"wp:attachment":[{"href":"https:\/\/singuli.wpress.me\/index.php\/wp-json\/wp\/v2\/media?parent=31769"}],"wp:term":[{"taxonomy":"product_brand","embeddable":true,"href":"https:\/\/singuli.wpress.me\/index.php\/wp-json\/wp\/v2\/product_brand?post=31769"},{"taxonomy":"product_cat","embeddable":true,"href":"https:\/\/singuli.wpress.me\/index.php\/wp-json\/wp\/v2\/product_cat?post=31769"},{"taxonomy":"product_tag","embeddable":true,"href":"https:\/\/singuli.wpress.me\/index.php\/wp-json\/wp\/v2\/product_tag?post=31769"}],"curies":[{"name":"wp","href":"https:\/\/api.w.org\/{rel}","templated":true}]}}