{"id":31777,"date":"2026-04-17T00:36:30","date_gmt":"2026-04-17T00:36:30","guid":{"rendered":"https:\/\/singuli.wpress.me\/index.php\/proizvod\/air-clay-set-zabavni-zivotinjski-privjesak\/"},"modified":"2026-04-20T12:33:06","modified_gmt":"2026-04-20T12:33:06","slug":"air-clay-set-zabavni-zivotinjski-privjesak","status":"publish","type":"product","link":"https:\/\/singuli.wpress.me\/index.php\/proizvod\/air-clay-set-zabavni-zivotinjski-privjesak\/","title":{"rendered":"AIR CLAY, set, zabavni \u017eivotinjski privjesak"},"content":{"rendered":"<p><span style=\"font-weight: bold\">Play-Doh Air Clay set<\/span> poma\u017ee vam u stvaranju cijelog niza zabavnih \u017eivotinjskih predmeta! <\/p>\n<p>Pretvorite svaki plastelin u privjesak za klju\u010deve, vrh olovke ili ukras u tren oka, savr\u0161eno za jedinstvenu i \u0161arenu personalizaciju. Set ima \u0161est Air Clay boja, uklju\u010duju\u0107i crvenu, \u017eutu, plavu, ljubi\u010dastu, bijelu i crnu, zajedno s alatom za modeliranje koje nudi pregr\u0161t mogu\u0107nosti. <\/p>\n<p>Stvorite minijature svojih omiljenih \u017eivotinja \u2013 od \u017eirafe do pingvina! <br \/>\nDjeca \u0107e razviti svoje motori\u010dke vje\u0161tine dok stiskaju, valjaju i oblikuju meku glinu u svoje nevjerojatne dizajne. Glina koja se su\u0161i na zraku ne\u0107e trebati pe\u0107nicu za izradu glinenih kreacija &#8211; samo ostavite svoj oblikovani plastelin vani 24 sata i imate svoju posebnu kreaciju!<\/p>\n<p>Dob: 3+<\/p>\n","protected":false},"excerpt":{"rendered":"<p>Poma\u017ee u stvaranju cijelog niza zabavnih \u017eivotinjskih predmeta<br \/>\nDjeca razvijaju svoje motori\u010dke vje\u0161tine<br \/>\nDob: 3+ god<\/p>\n","protected":false},"featured_media":31779,"template":"","meta":{"_seopress_robots_primary_cat":"","_seopress_titles_title":"","_seopress_titles_desc":"","_seopress_robots_index":"","iawp_total_views":0},"product_brand":[480],"product_cat":[221,291],"product_tag":[],"class_list":{"0":"post-31777","1":"product","2":"type-product","3":"status-publish","4":"has-post-thumbnail","6":"product_brand-air-clay","7":"product_cat-igracke","8":"product_cat-igracke-za-djecu-221","10":"first","11":"instock","12":"shipping-taxable","13":"purchasable","14":"product-type-simple"},"_links":{"self":[{"href":"https:\/\/singuli.wpress.me\/index.php\/wp-json\/wp\/v2\/product\/31777","targetHints":{"allow":["GET"]}}],"collection":[{"href":"https:\/\/singuli.wpress.me\/index.php\/wp-json\/wp\/v2\/product"}],"about":[{"href":"https:\/\/singuli.wpress.me\/index.php\/wp-json\/wp\/v2\/types\/product"}],"version-history":[{"count":0,"href":"https:\/\/singuli.wpress.me\/index.php\/wp-json\/wp\/v2\/product\/31777\/revisions"}],"wp:featuredmedia":[{"embeddable":true,"href":"https:\/\/singuli.wpress.me\/index.php\/wp-json\/wp\/v2\/media\/31779"}],"wp:attachment":[{"href":"https:\/\/singuli.wpress.me\/index.php\/wp-json\/wp\/v2\/media?parent=31777"}],"wp:term":[{"taxonomy":"product_brand","embeddable":true,"href":"https:\/\/singuli.wpress.me\/index.php\/wp-json\/wp\/v2\/product_brand?post=31777"},{"taxonomy":"product_cat","embeddable":true,"href":"https:\/\/singuli.wpress.me\/index.php\/wp-json\/wp\/v2\/product_cat?post=31777"},{"taxonomy":"product_tag","embeddable":true,"href":"https:\/\/singuli.wpress.me\/index.php\/wp-json\/wp\/v2\/product_tag?post=31777"}],"curies":[{"name":"wp","href":"https:\/\/api.w.org\/{rel}","templated":true}]}}