{"id":31829,"date":"2026-04-17T00:36:47","date_gmt":"2026-04-17T00:36:47","guid":{"rendered":"https:\/\/singuli.wpress.me\/index.php\/proizvod\/gillette-king-c-trimer-za-bradu\/"},"modified":"2026-04-21T00:26:36","modified_gmt":"2026-04-21T00:26:36","slug":"gillette-king-c-trimer-za-bradu","status":"publish","type":"product","link":"https:\/\/singuli.wpress.me\/index.php\/proizvod\/gillette-king-c-trimer-za-bradu\/","title":{"rendered":"GILLETTE King C., trimer za bradu"},"content":{"rendered":"<p>Uz vi\u0161e od 100 godina iskustva, imamo sve alate za lice i bradu koji \u0107e vam pomo\u0107i da savladate svoj stil. <br \/>\n&#8211; Osje\u0107ajte se i budite najbolji svaki dan, stvaraju\u0107i stil koji vam odgovara. <br \/>\n&#8211; S 3 \u010de\u0161lja <br \/>\n&#8211; Vodootporna glava za jednostavno ispiranje <br \/>\n&#8211; Dugotrajne o\u0161trice <br \/>\n&#8211; Be\u017ei\u010dni stroj s punjivom baterijom  <br \/>\nUPOTREBA <br \/>\n1. Postavite ispravan \u010de\u0161alj za \u017eeljeni stil <br \/>\n2. Odaberite \u017eeljenu duljinu. Ako niste sigurni, prvo po\u010dnite s najdu\u017eom du\u017einom <br \/>\n3. Koristite bez \u010de\u0161lja za oblikovanje rubova brade<\/p>\n","protected":false},"excerpt":{"rendered":"<p>Vodootporna glava za jednostavno ispiranje<br \/>\nDugotrajne o\u0161trice<br \/>\nBe\u017ei\u010dni stroj s punjivom baterijom<\/p>\n","protected":false},"featured_media":31831,"template":"","meta":{"_seopress_robots_primary_cat":"","_seopress_titles_title":"","_seopress_titles_desc":"","_seopress_robots_index":"","iawp_total_views":0},"product_brand":[323],"product_cat":[280,192,279],"product_tag":[],"class_list":{"0":"post-31829","1":"product","2":"type-product","3":"status-publish","4":"has-post-thumbnail","6":"product_brand-gillette","7":"product_cat-aparati-za-muskarce-279","8":"product_cat-aparati-za-osobnu-njegu","9":"product_cat-brijanje-i-sisanje-192","11":"first","12":"outofstock","13":"shipping-taxable","14":"purchasable","15":"product-type-simple"},"_links":{"self":[{"href":"https:\/\/singuli.wpress.me\/index.php\/wp-json\/wp\/v2\/product\/31829","targetHints":{"allow":["GET"]}}],"collection":[{"href":"https:\/\/singuli.wpress.me\/index.php\/wp-json\/wp\/v2\/product"}],"about":[{"href":"https:\/\/singuli.wpress.me\/index.php\/wp-json\/wp\/v2\/types\/product"}],"version-history":[{"count":0,"href":"https:\/\/singuli.wpress.me\/index.php\/wp-json\/wp\/v2\/product\/31829\/revisions"}],"wp:featuredmedia":[{"embeddable":true,"href":"https:\/\/singuli.wpress.me\/index.php\/wp-json\/wp\/v2\/media\/31831"}],"wp:attachment":[{"href":"https:\/\/singuli.wpress.me\/index.php\/wp-json\/wp\/v2\/media?parent=31829"}],"wp:term":[{"taxonomy":"product_brand","embeddable":true,"href":"https:\/\/singuli.wpress.me\/index.php\/wp-json\/wp\/v2\/product_brand?post=31829"},{"taxonomy":"product_cat","embeddable":true,"href":"https:\/\/singuli.wpress.me\/index.php\/wp-json\/wp\/v2\/product_cat?post=31829"},{"taxonomy":"product_tag","embeddable":true,"href":"https:\/\/singuli.wpress.me\/index.php\/wp-json\/wp\/v2\/product_tag?post=31829"}],"curies":[{"name":"wp","href":"https:\/\/api.w.org\/{rel}","templated":true}]}}